{"id":34012,"date":"2023-02-17T00:42:06","date_gmt":"2023-02-17T00:42:06","guid":{"rendered":"https:\/\/gifex.com\/fr\/?post_type=ficha&#038;p=34012"},"modified":"2023-02-17T00:42:06","modified_gmt":"2023-02-17T00:42:06","slug":"carte-de-la-delegation-de-djedeida","status":"publish","type":"ficha","link":"https:\/\/gifex.com\/fr\/fichier\/carte-de-la-delegation-de-djedeida\/","title":{"rendered":"Carte de la d\u00e9l\u00e9gation de Djedeida"},"content":{"rendered":"<p>Carte de la d\u00e9l\u00e9gation de Djedeida situ\u00e9e au Nord-Est du gouvernorat de Manouba. Elle est d\u00e9limit\u00e9e par :<\/p>\n<ul>\n<li>le gouvernorat de Bizerte au Nord,<\/li>\n<li>le gouvernorat d\u2019Ariana et la d\u00e9l\u00e9gation d\u2019Oued Ellil \u00e0 l\u2019Est,<\/li>\n<li>les d\u00e9l\u00e9gations de Mornaguia et Borj El Amri au Sud,<\/li>\n<li>les d\u00e9l\u00e9gations de Tebourba et Battan \u00e0 l\u2019Ouest.<\/li>\n<\/ul>\n<p>La d\u00e9l\u00e9gation couvre 19 076 Ha et regroupe les secteurs de Djedeida, Djedeida Hached, Chaouatt, Zahira, Habibia et Mansoura.<\/p>\n<p>En 2004, elle compte 40 327 habitants dont 20 611 hommes et 19 716 femmes r\u00e9partis dans 8 334 m\u00e9nages et 8 727 logements.<\/p>\n<figure id=\"attachment_34015\" aria-describedby=\"caption-attachment-34015\" style=\"width: 400px\" class=\"wp-caption aligncenter\"><a href=\"https:\/\/gifex.com\/fr\/wp-content\/uploads\/34012\/Carte-d-occupation-du-sol-de-la-delegation-de-Djedeida.jpg\" target=\"_blank\" rel=\"noopener\"><img fetchpriority=\"high\" decoding=\"async\" class=\"wp-image-34015\" title=\"Carte d'occupation du sol de la d\u00e9l\u00e9gation de Djedeida.\" src=\"https:\/\/gifex.com\/fr\/wp-content\/uploads\/34012\/Carte-d-occupation-du-sol-de-la-delegation-de-Djedeida-217x300.jpg\" alt=\"Carte d'occupation du sol de la d\u00e9l\u00e9gation de Djedeida.\" width=\"400\" height=\"553\" srcset=\"https:\/\/gifex.com\/fr\/wp-content\/uploads\/34012\/Carte-d-occupation-du-sol-de-la-delegation-de-Djedeida-217x300.jpg 217w, https:\/\/gifex.com\/fr\/wp-content\/uploads\/34012\/Carte-d-occupation-du-sol-de-la-delegation-de-Djedeida-740x1024.jpg 740w, https:\/\/gifex.com\/fr\/wp-content\/uploads\/34012\/Carte-d-occupation-du-sol-de-la-delegation-de-Djedeida-768x1062.jpg 768w, https:\/\/gifex.com\/fr\/wp-content\/uploads\/34012\/Carte-d-occupation-du-sol-de-la-delegation-de-Djedeida-1110x1536.jpg 1110w, https:\/\/gifex.com\/fr\/wp-content\/uploads\/34012\/Carte-d-occupation-du-sol-de-la-delegation-de-Djedeida-1480x2048.jpg 1480w, https:\/\/gifex.com\/fr\/wp-content\/uploads\/34012\/Carte-d-occupation-du-sol-de-la-delegation-de-Djedeida-300x415.jpg 300w, https:\/\/gifex.com\/fr\/wp-content\/uploads\/34012\/Carte-d-occupation-du-sol-de-la-delegation-de-Djedeida-1157x1600.jpg 1157w\" sizes=\"(max-width: 400px) 100vw, 400px\" \/><\/a><figcaption id=\"caption-attachment-34015\" class=\"wp-caption-text\"><label style=\"font-size: 15px;\">Carte d&#8217;occupation du sol de la d\u00e9l\u00e9gation de Djedeida.<\/label><\/figcaption><\/figure>\n","protected":false},"excerpt":{"rendered":"<p>Carte de la d\u00e9l\u00e9gation de Djedeida situ\u00e9e au Nord-Est du gouvernorat de Manouba. Elle est d\u00e9limit\u00e9e par : le gouvernorat de Bizerte au Nord, le gouvernorat &#8230;<\/p>\n","protected":false},"author":1,"featured_media":34013,"template":"","categoria_ficha":[1989],"class_list":["post-34012","ficha","type-ficha","status-publish","has-post-thumbnail","hentry","categoria_ficha-cartes-du-gouvernorat-de-la-manouba"],"acf":[],"_links":{"self":[{"href":"https:\/\/gifex.com\/fr\/wp-json\/wp\/v2\/ficha\/34012","targetHints":{"allow":["GET"]}}],"collection":[{"href":"https:\/\/gifex.com\/fr\/wp-json\/wp\/v2\/ficha"}],"about":[{"href":"https:\/\/gifex.com\/fr\/wp-json\/wp\/v2\/types\/ficha"}],"author":[{"embeddable":true,"href":"https:\/\/gifex.com\/fr\/wp-json\/wp\/v2\/users\/1"}],"version-history":[{"count":2,"href":"https:\/\/gifex.com\/fr\/wp-json\/wp\/v2\/ficha\/34012\/revisions"}],"predecessor-version":[{"id":34019,"href":"https:\/\/gifex.com\/fr\/wp-json\/wp\/v2\/ficha\/34012\/revisions\/34019"}],"wp:featuredmedia":[{"embeddable":true,"href":"https:\/\/gifex.com\/fr\/wp-json\/wp\/v2\/media\/34013"}],"wp:attachment":[{"href":"https:\/\/gifex.com\/fr\/wp-json\/wp\/v2\/media?parent=34012"}],"wp:term":[{"taxonomy":"categoria_ficha","embeddable":true,"href":"https:\/\/gifex.com\/fr\/wp-json\/wp\/v2\/categoria_ficha?post=34012"}],"curies":[{"name":"wp","href":"https:\/\/api.w.org\/{rel}","templated":true}]}}

Carte de la délégation de Djedeida

<p>Carte de la délégation de Djedeida située au Nord-Est du gouvernorat de Manouba. Elle est délimitée par :</p>
<ul>
<li>le gouvernorat de Bizerte au Nord,</li>
<li>le gouvernorat d’Ariana et la délégation d’Oued Ellil à l’Est,</li>
<li>les délégations de Mornaguia et Borj El Amri au Sud,</li>
<li>les délégations de Tebourba et Battan à l’Ouest.</li>
</ul>
<p>La délégation couvre 19 076 Ha et regroupe les secteurs de Djedeida, Djedeida Hached, Chaouatt, Zahira, Habibia et Mansoura.</p>
<p>En 2004, elle compte 40 327 habitants dont 20 611 hommes et 19 716 femmes répartis dans 8 334 ménages et 8 727 logements.</p>
<figure id="attachment_34015" aria-describedby="caption-attachment-34015" style="width: 400px" class="wp-caption aligncenter"><a href="https://gifex.com/fr/wp-content/uploads/34012/Carte-d-occupation-du-sol-de-la-delegation-de-Djedeida.jpg" target="_blank" rel="noopener"><img fetchpriority="high" decoding="async" class="wp-image-34015" title="Carte d'occupation du sol de la délégation de Djedeida." src="https://gifex.com/fr/wp-content/uploads/34012/Carte-d-occupation-du-sol-de-la-delegation-de-Djedeida-217x300.jpg" alt="Carte d'occupation du sol de la délégation de Djedeida." width="400" height="553" srcset="https://gifex.com/fr/wp-content/uploads/34012/Carte-d-occupation-du-sol-de-la-delegation-de-Djedeida-217x300.jpg 217w, https://gifex.com/fr/wp-content/uploads/34012/Carte-d-occupation-du-sol-de-la-delegation-de-Djedeida-740x1024.jpg 740w, https://gifex.com/fr/wp-content/uploads/34012/Carte-d-occupation-du-sol-de-la-delegation-de-Djedeida-768x1062.jpg 768w, https://gifex.com/fr/wp-content/uploads/34012/Carte-d-occupation-du-sol-de-la-delegation-de-Djedeida-1110x1536.jpg 1110w, https://gifex.com/fr/wp-content/uploads/34012/Carte-d-occupation-du-sol-de-la-delegation-de-Djedeida-1480x2048.jpg 1480w, https://gifex.com/fr/wp-content/uploads/34012/Carte-d-occupation-du-sol-de-la-delegation-de-Djedeida-300x415.jpg 300w, https://gifex.com/fr/wp-content/uploads/34012/Carte-d-occupation-du-sol-de-la-delegation-de-Djedeida-1157x1600.jpg 1157w" sizes="(max-width: 400px) 100vw, 400px" /></a><figcaption id="caption-attachment-34015" class="wp-caption-text"><label style="font-size: 15px;">Carte d&#8217;occupation du sol de la délégation de Djedeida.</label></figcaption></figure>

<p>Carte de la délégation de Djedeida située au Nord-Est du gouvernorat de Manouba. Elle est délimitée par : le gouvernorat de Bizerte au Nord, le gouvernorat &#8230;</p>
