{"id":33980,"date":"2023-02-16T21:02:30","date_gmt":"2023-02-16T21:02:30","guid":{"rendered":"https:\/\/gifex.com\/fr\/?post_type=ficha&#038;p=33980"},"modified":"2023-02-16T21:02:30","modified_gmt":"2023-02-16T21:02:30","slug":"carte-de-la-delegation-de-la-manouba","status":"publish","type":"ficha","link":"https:\/\/gifex.com\/fr\/fichier\/carte-de-la-delegation-de-la-manouba\/","title":{"rendered":"Carte de la d\u00e9l\u00e9gation de La Manouba"},"content":{"rendered":"<p>Carte de la d\u00e9l\u00e9gation de La Manouba situ\u00e9e dans la partie Est du gouvernorat de La Manouba. Elle est d\u00e9limit\u00e9e par :<\/p>\n<figure id=\"attachment_33983\" aria-describedby=\"caption-attachment-33983\" style=\"width: 360px\" class=\"wp-caption alignright\"><a href=\"https:\/\/gifex.com\/fr\/wp-content\/uploads\/33980\/Carte-d-occupation-du-sol-de-la-delegation-de-La-Manouba.jpg\" target=\"_blank\" rel=\"noopener\"><img fetchpriority=\"high\" decoding=\"async\" class=\"wp-image-33983\" title=\"Carte d'occupation du sol de la d\u00e9l\u00e9gation de La Manouba.\" src=\"https:\/\/gifex.com\/fr\/wp-content\/uploads\/33980\/Carte-d-occupation-du-sol-de-la-delegation-de-La-Manouba-300x202.jpg\" alt=\"Carte d'occupation du sol de la d\u00e9l\u00e9gation de La Manouba.\" width=\"360\" height=\"243\" srcset=\"https:\/\/gifex.com\/fr\/wp-content\/uploads\/33980\/Carte-d-occupation-du-sol-de-la-delegation-de-La-Manouba-300x202.jpg 300w, https:\/\/gifex.com\/fr\/wp-content\/uploads\/33980\/Carte-d-occupation-du-sol-de-la-delegation-de-La-Manouba-1024x690.jpg 1024w, https:\/\/gifex.com\/fr\/wp-content\/uploads\/33980\/Carte-d-occupation-du-sol-de-la-delegation-de-La-Manouba-768x517.jpg 768w, https:\/\/gifex.com\/fr\/wp-content\/uploads\/33980\/Carte-d-occupation-du-sol-de-la-delegation-de-La-Manouba-1536x1035.jpg 1536w, https:\/\/gifex.com\/fr\/wp-content\/uploads\/33980\/Carte-d-occupation-du-sol-de-la-delegation-de-La-Manouba-2048x1380.jpg 2048w, https:\/\/gifex.com\/fr\/wp-content\/uploads\/33980\/Carte-d-occupation-du-sol-de-la-delegation-de-La-Manouba-1600x1078.jpg 1600w\" sizes=\"(max-width: 360px) 100vw, 360px\" \/><\/a><figcaption id=\"caption-attachment-33983\" class=\"wp-caption-text\"><label style=\"font-size: 15px;\">Carte d&#8217;occupation du sol de la d\u00e9l\u00e9gation de La Manouba.<\/label><\/figcaption><\/figure>\n<ul>\n<li>le gouvernorat de Tunis au Sud et \u00e0 l\u2019Est,<\/li>\n<li>la d\u00e9l\u00e9gation de Douar Hicher au Nord,<\/li>\n<li>la d\u00e9l\u00e9gation d\u2019Oued Ellil \u00e0 l\u2019Ouest.<\/li>\n<\/ul>\n<p>La d\u00e9l\u00e9gation de Manouba repr\u00e9sente la capitale du gouvernorat, elle couvre 1 178 Ha et regroupe les secteurs de Manouba, Manouba Centre, Den Den, Den Den Sud, ksar Sa\u00efd et Sidi Amor.<\/p>\n<p>La d\u00e9l\u00e9gation est totalement urbanis\u00e9e, elle contient les 2 villes de Manouba et Den Den.<\/p>\n<p>En 2009, la population de la d\u00e9l\u00e9gation de Manouba a atteint 54 513 habitants soit 15,13% de la population totale du gouvernorat occupant ainsi le deuxi\u00e8me rang apr\u00e8s la d\u00e9l\u00e9gation de Douar Hicher (22,7%). La densit\u00e9 de la population est de 4627,5 Habitant\/km\u00b2.<\/p>\n","protected":false},"excerpt":{"rendered":"<p>Carte de la d\u00e9l\u00e9gation de La Manouba situ\u00e9e dans la partie Est du gouvernorat de La Manouba. Elle est d\u00e9limit\u00e9e par : le gouvernorat de Tunis au Sud et \u00e0 l\u2019Est<\/p>\n","protected":false},"author":1,"featured_media":33981,"template":"","categoria_ficha":[1989],"class_list":["post-33980","ficha","type-ficha","status-publish","has-post-thumbnail","hentry","categoria_ficha-cartes-du-gouvernorat-de-la-manouba"],"acf":[],"_links":{"self":[{"href":"https:\/\/gifex.com\/fr\/wp-json\/wp\/v2\/ficha\/33980","targetHints":{"allow":["GET"]}}],"collection":[{"href":"https:\/\/gifex.com\/fr\/wp-json\/wp\/v2\/ficha"}],"about":[{"href":"https:\/\/gifex.com\/fr\/wp-json\/wp\/v2\/types\/ficha"}],"author":[{"embeddable":true,"href":"https:\/\/gifex.com\/fr\/wp-json\/wp\/v2\/users\/1"}],"version-history":[{"count":2,"href":"https:\/\/gifex.com\/fr\/wp-json\/wp\/v2\/ficha\/33980\/revisions"}],"predecessor-version":[{"id":33987,"href":"https:\/\/gifex.com\/fr\/wp-json\/wp\/v2\/ficha\/33980\/revisions\/33987"}],"wp:featuredmedia":[{"embeddable":true,"href":"https:\/\/gifex.com\/fr\/wp-json\/wp\/v2\/media\/33981"}],"wp:attachment":[{"href":"https:\/\/gifex.com\/fr\/wp-json\/wp\/v2\/media?parent=33980"}],"wp:term":[{"taxonomy":"categoria_ficha","embeddable":true,"href":"https:\/\/gifex.com\/fr\/wp-json\/wp\/v2\/categoria_ficha?post=33980"}],"curies":[{"name":"wp","href":"https:\/\/api.w.org\/{rel}","templated":true}]}}

Carte de la délégation de La Manouba

<p>Carte de la délégation de La Manouba située dans la partie Est du gouvernorat de La Manouba. Elle est délimitée par :</p>
<figure id="attachment_33983" aria-describedby="caption-attachment-33983" style="width: 360px" class="wp-caption alignright"><a href="https://gifex.com/fr/wp-content/uploads/33980/Carte-d-occupation-du-sol-de-la-delegation-de-La-Manouba.jpg" target="_blank" rel="noopener"><img fetchpriority="high" decoding="async" class="wp-image-33983" title="Carte d'occupation du sol de la délégation de La Manouba." src="https://gifex.com/fr/wp-content/uploads/33980/Carte-d-occupation-du-sol-de-la-delegation-de-La-Manouba-300x202.jpg" alt="Carte d'occupation du sol de la délégation de La Manouba." width="360" height="243" srcset="https://gifex.com/fr/wp-content/uploads/33980/Carte-d-occupation-du-sol-de-la-delegation-de-La-Manouba-300x202.jpg 300w, https://gifex.com/fr/wp-content/uploads/33980/Carte-d-occupation-du-sol-de-la-delegation-de-La-Manouba-1024x690.jpg 1024w, https://gifex.com/fr/wp-content/uploads/33980/Carte-d-occupation-du-sol-de-la-delegation-de-La-Manouba-768x517.jpg 768w, https://gifex.com/fr/wp-content/uploads/33980/Carte-d-occupation-du-sol-de-la-delegation-de-La-Manouba-1536x1035.jpg 1536w, https://gifex.com/fr/wp-content/uploads/33980/Carte-d-occupation-du-sol-de-la-delegation-de-La-Manouba-2048x1380.jpg 2048w, https://gifex.com/fr/wp-content/uploads/33980/Carte-d-occupation-du-sol-de-la-delegation-de-La-Manouba-1600x1078.jpg 1600w" sizes="(max-width: 360px) 100vw, 360px" /></a><figcaption id="caption-attachment-33983" class="wp-caption-text"><label style="font-size: 15px;">Carte d&#8217;occupation du sol de la délégation de La Manouba.</label></figcaption></figure>
<ul>
<li>le gouvernorat de Tunis au Sud et à l’Est,</li>
<li>la délégation de Douar Hicher au Nord,</li>
<li>la délégation d’Oued Ellil à l’Ouest.</li>
</ul>
<p>La délégation de Manouba représente la capitale du gouvernorat, elle couvre 1 178 Ha et regroupe les secteurs de Manouba, Manouba Centre, Den Den, Den Den Sud, ksar Saïd et Sidi Amor.</p>
<p>La délégation est totalement urbanisée, elle contient les 2 villes de Manouba et Den Den.</p>
<p>En 2009, la population de la délégation de Manouba a atteint 54 513 habitants soit 15,13% de la population totale du gouvernorat occupant ainsi le deuxième rang après la délégation de Douar Hicher (22,7%). La densité de la population est de 4627,5 Habitant/km².</p>

<p>Carte de la délégation de La Manouba située dans la partie Est du gouvernorat de La Manouba. Elle est délimitée par : le gouvernorat de Tunis au Sud et à l’Est</p>
