{"id":33897,"date":"2023-02-14T22:15:49","date_gmt":"2023-02-14T22:15:49","guid":{"rendered":"https:\/\/gifex.com\/fr\/?post_type=ficha&#038;p=33897"},"modified":"2023-02-14T22:15:49","modified_gmt":"2023-02-14T22:15:49","slug":"carte-de-la-delegation-de-beja-sud","status":"publish","type":"ficha","link":"https:\/\/gifex.com\/fr\/fichier\/carte-de-la-delegation-de-beja-sud\/","title":{"rendered":"Carte de la d\u00e9l\u00e9gation de B\u00e9ja Sud"},"content":{"rendered":"<p>Carte de B\u00e9ja Sud, une d\u00e9l\u00e9gation tunisienne d\u00e9pendant du gouvernorat de B\u00e9ja.<\/p>\n<p>En 2014, elle compte 38 101 habitants dont 19 022 hommes et 19 079 femmes r\u00e9partis dans 10 084 m\u00e9nages et 10 894 logements. <\/p>\n","protected":false},"excerpt":{"rendered":"<p>Carte de B\u00e9ja Sud, une d\u00e9l\u00e9gation tunisienne d\u00e9pendant du gouvernorat de B\u00e9ja. En 2014, elle compte 38 101 habitants dont 19 022 hommes et 19 079 femmes r\u00e9p &#8230;<\/p>\n","protected":false},"author":1,"featured_media":33898,"template":"","categoria_ficha":[1988],"class_list":["post-33897","ficha","type-ficha","status-publish","has-post-thumbnail","hentry","categoria_ficha-cartes-du-gouvernorat-de-beja"],"acf":[],"_links":{"self":[{"href":"https:\/\/gifex.com\/fr\/wp-json\/wp\/v2\/ficha\/33897","targetHints":{"allow":["GET"]}}],"collection":[{"href":"https:\/\/gifex.com\/fr\/wp-json\/wp\/v2\/ficha"}],"about":[{"href":"https:\/\/gifex.com\/fr\/wp-json\/wp\/v2\/types\/ficha"}],"author":[{"embeddable":true,"href":"https:\/\/gifex.com\/fr\/wp-json\/wp\/v2\/users\/1"}],"version-history":[{"count":1,"href":"https:\/\/gifex.com\/fr\/wp-json\/wp\/v2\/ficha\/33897\/revisions"}],"predecessor-version":[{"id":33899,"href":"https:\/\/gifex.com\/fr\/wp-json\/wp\/v2\/ficha\/33897\/revisions\/33899"}],"wp:featuredmedia":[{"embeddable":true,"href":"https:\/\/gifex.com\/fr\/wp-json\/wp\/v2\/media\/33898"}],"wp:attachment":[{"href":"https:\/\/gifex.com\/fr\/wp-json\/wp\/v2\/media?parent=33897"}],"wp:term":[{"taxonomy":"categoria_ficha","embeddable":true,"href":"https:\/\/gifex.com\/fr\/wp-json\/wp\/v2\/categoria_ficha?post=33897"}],"curies":[{"name":"wp","href":"https:\/\/api.w.org\/{rel}","templated":true}]}}

Carte de la délégation de Béja Sud

<p>Carte de Béja Sud, une délégation tunisienne dépendant du gouvernorat de Béja.</p>
<p>En 2014, elle compte 38 101 habitants dont 19 022 hommes et 19 079 femmes répartis dans 10 084 ménages et 10 894 logements. </p>

<p>Carte de Béja Sud, une délégation tunisienne dépendant du gouvernorat de Béja. En 2014, elle compte 38 101 habitants dont 19 022 hommes et 19 079 femmes rép &#8230;</p>
