{"id":33857,"date":"2023-02-14T13:39:11","date_gmt":"2023-02-14T13:39:11","guid":{"rendered":"https:\/\/gifex.com\/fr\/?post_type=ficha&#038;p=33857"},"modified":"2023-02-14T14:24:04","modified_gmt":"2023-02-14T14:24:04","slug":"geologie-et-pedologie-du-gouvernorat-de-beja","status":"publish","type":"ficha","link":"https:\/\/gifex.com\/fr\/fichier\/geologie-et-pedologie-du-gouvernorat-de-beja\/","title":{"rendered":"G\u00e9ologie et p\u00e9dologie du gouvernorat de B\u00e9ja"},"content":{"rendered":"<p style=\"text-align: center;\"><label style=\"font-size: 15px;\">Carte g\u00e9ologique du gouvernorat de B\u00e9ja.<\/label><\/p>\n<p><strong>Les caract\u00e9ristiques g\u00e9ologiques et p\u00e9dologiques du gouvernorat de B\u00e9ja<\/strong><\/p>\n<p>Le gouvernorat de B\u00e9ja a fait l\u2019objet de plusieurs \u00e9tudes dans le domaine p\u00e9dologique, en effet le minist\u00e8re de l\u2019agriculture a fait des \u00e9tudes sur plus que 240000 ha de terres labourables. Le gouvernorat de B\u00e9ja abrite plusieurs types de sols, au Nord on trouve les montagnes caract\u00e9ris\u00e9es par les sols bruns et les plaines argileuses pr\u00e9sentant des probl\u00e8mes en termes d\u2019infiltration des eaux. Au niveau de la zone centrale du gouvernorat se concentrent les sols fertiles et \u00e9volu\u00e9s, au Sud les sols sont g\u00e9n\u00e9ralement calci-magn\u00e9siques avec une profondeur limit\u00e9e. Ce type de sol est tr\u00e8s sensible au ph\u00e9nom\u00e8ne d\u2019\u00e9rosion. D\u00e9velopp\u00e9s sur la roche m\u00e8re marneuse, calcaire-marneuse ou calcaire, les sols de la r\u00e9gion sont de natures diverses suivant les conditions climatiques des diff\u00e9rentes zones :<\/p>\n<div class=\"boxscrl\">\n<figure id=\"attachment_33858\" aria-describedby=\"caption-attachment-33858\" style=\"width: 640px\" class=\"wp-caption aligncenter\"><a href=\"https:\/\/gifex.com\/fr\/wp-content\/uploads\/33857\/Type-et-caracteristiques-des-sols-du-gouvernorat-de-Beja.jpg\" target=\"_blank\" rel=\"noopener\"><img fetchpriority=\"high\" decoding=\"async\" class=\"wp-image-33858 size-large\" title=\"Type et caract\u00e9ristiques des sols du gouvernorat de B\u00e9ja.\" src=\"https:\/\/gifex.com\/fr\/wp-content\/uploads\/33857\/Type-et-caracteristiques-des-sols-du-gouvernorat-de-Beja-1024x739.jpg\" alt=\"Type et caract\u00e9ristiques des sols du gouvernorat de B\u00e9ja.\" width=\"640\" height=\"462\" srcset=\"https:\/\/gifex.com\/fr\/wp-content\/uploads\/33857\/Type-et-caracteristiques-des-sols-du-gouvernorat-de-Beja-1024x739.jpg 1024w, https:\/\/gifex.com\/fr\/wp-content\/uploads\/33857\/Type-et-caracteristiques-des-sols-du-gouvernorat-de-Beja-300x216.jpg 300w, https:\/\/gifex.com\/fr\/wp-content\/uploads\/33857\/Type-et-caracteristiques-des-sols-du-gouvernorat-de-Beja-768x554.jpg 768w, https:\/\/gifex.com\/fr\/wp-content\/uploads\/33857\/Type-et-caracteristiques-des-sols-du-gouvernorat-de-Beja.jpg 1444w\" sizes=\"(max-width: 640px) 100vw, 640px\" \/><\/a><figcaption id=\"caption-attachment-33858\" class=\"wp-caption-text\"><label style=\"font-size: 15px;\">Type et caract\u00e9ristiques des sols du gouvernorat de B\u00e9ja.<\/label><\/figcaption><\/figure>\n<\/div>\n<figure id=\"attachment_33866\" aria-describedby=\"caption-attachment-33866\" style=\"width: 360px\" class=\"wp-caption alignright\"><a href=\"https:\/\/gifex.com\/fr\/wp-content\/uploads\/33857\/Carte-des-sols-du-gouvernorat-de-Beja.jpg\" target=\"_blank\" rel=\"noopener\"><img decoding=\"async\" class=\"wp-image-33866\" title=\"Carte des sols du gouvernorat de B\u00e9ja.\" src=\"https:\/\/gifex.com\/fr\/wp-content\/uploads\/33857\/Carte-des-sols-du-gouvernorat-de-Beja-212x300.jpg\" alt=\"Carte des sols du gouvernorat de B\u00e9ja.\" width=\"360\" height=\"509\" srcset=\"https:\/\/gifex.com\/fr\/wp-content\/uploads\/33857\/Carte-des-sols-du-gouvernorat-de-Beja-212x300.jpg 212w, https:\/\/gifex.com\/fr\/wp-content\/uploads\/33857\/Carte-des-sols-du-gouvernorat-de-Beja-724x1024.jpg 724w, https:\/\/gifex.com\/fr\/wp-content\/uploads\/33857\/Carte-des-sols-du-gouvernorat-de-Beja-768x1087.jpg 768w, https:\/\/gifex.com\/fr\/wp-content\/uploads\/33857\/Carte-des-sols-du-gouvernorat-de-Beja-1086x1536.jpg 1086w, https:\/\/gifex.com\/fr\/wp-content\/uploads\/33857\/Carte-des-sols-du-gouvernorat-de-Beja-300x424.jpg 300w, https:\/\/gifex.com\/fr\/wp-content\/uploads\/33857\/Carte-des-sols-du-gouvernorat-de-Beja-1131x1600.jpg 1131w, https:\/\/gifex.com\/fr\/wp-content\/uploads\/33857\/Carte-des-sols-du-gouvernorat-de-Beja.jpg 1362w\" sizes=\"(max-width: 360px) 100vw, 360px\" \/><\/a><figcaption id=\"caption-attachment-33866\" class=\"wp-caption-text\"><label style=\"font-size: 15px;\">Carte des sols du gouvernorat de B\u00e9ja.<\/label><\/figcaption><\/figure>\n<ul>\n<li><strong>Les sols min\u00e9raux bruts<\/strong> : situ\u00e9s au Nord du gouvernorat, sur des altitudes \u00e0 forte pente, notamment dans les d\u00e9l\u00e9gations de Nefza et Amdoun. Ils couvrent environ 42% de la superficie totale. Ils conviennent pour les plantations foresti\u00e8res et arboricoles semi-foresti\u00e8res.<\/li>\n<li><strong>Les sols peu \u00e9volu\u00e9s<\/strong> : ils constituent g\u00e9n\u00e9ralement les plaines et les terrasses des oueds ; ils se retrouvent parfois sur des pentes douces. Ces sols d\u2019apport et d\u2019\u00e9rosion sur marnes et argiles pr\u00e9sentent une texture lourde, hydro morphes dans les plaines avec une sensibilit\u00e9 \u00e0 l\u2019\u00e9rosion. Ils peuvent convenir aux c\u00e9r\u00e9ales, aux cultures fourrag\u00e8res et ponctuellement au maraichage. Ces sols repr\u00e9sentent environ 10% de la superficie, on les rencontres dans les plaines et les pi\u00e9monts de Nefza et Amdoun ainsi que dans la plaine de Guebollat.<\/li>\n<li><strong>Les verticols<\/strong> : couvrent la zone Nord de l\u2019\u00e9tage bioclimatique subhumide (Ghraba, Bou Hazem, Ain Soltane, Munchar, Goussa, Tarhouni) et les plateaux d\u2019El Gorra\u00e2, ils sont riches en argile, fertiles et stables, de couleur noir\u00e2tre. Ces sols pr\u00e9sentent une forte aptitude aux cultures annuelles avec de hauts rendements. Ils occupent 15% de la superficie totale du gouvernorat.<\/li>\n<li><strong>Les sols calci-magn\u00e9siques<\/strong> : s\u2019\u00e9talent sur la majeure partie du centre et du Sud du gouvernorat et repr\u00e9sentent environ 30% de la superficie totale. Dans les plaines, ils conviennent aux cultures annuelles, au maraichage et \u00e0 l\u2019arboriculture en pr\u00e9sence d\u2019eau et sur les reliefs, \u00e0 l\u2019arboriculture rustique, l\u2019olivier, l\u2019amandier, ainsi qu\u2019aux plantations pastorales.<\/li>\n<\/ul>\n<p>Environ 3% de la superficie du gouvernorat sont constitu\u00e9s de sols divers, tels que les sols iso-humiques et les sols rouges m\u00e9diterran\u00e9ens.<\/p>\n","protected":false},"excerpt":{"rendered":"<p>Carte g\u00e9ologique du gouvernorat de B\u00e9ja. Les caract\u00e9ristiques g\u00e9ologiques et p\u00e9dologiques du gouvernorat de B\u00e9ja. Le gouvernorat de B\u00e9ja a fait l\u2019objet de &#8230;<\/p>\n","protected":false},"author":1,"featured_media":33859,"template":"","categoria_ficha":[1988],"class_list":["post-33857","ficha","type-ficha","status-publish","has-post-thumbnail","hentry","categoria_ficha-cartes-du-gouvernorat-de-beja"],"acf":[],"_links":{"self":[{"href":"https:\/\/gifex.com\/fr\/wp-json\/wp\/v2\/ficha\/33857","targetHints":{"allow":["GET"]}}],"collection":[{"href":"https:\/\/gifex.com\/fr\/wp-json\/wp\/v2\/ficha"}],"about":[{"href":"https:\/\/gifex.com\/fr\/wp-json\/wp\/v2\/types\/ficha"}],"author":[{"embeddable":true,"href":"https:\/\/gifex.com\/fr\/wp-json\/wp\/v2\/users\/1"}],"version-history":[{"count":3,"href":"https:\/\/gifex.com\/fr\/wp-json\/wp\/v2\/ficha\/33857\/revisions"}],"predecessor-version":[{"id":33867,"href":"https:\/\/gifex.com\/fr\/wp-json\/wp\/v2\/ficha\/33857\/revisions\/33867"}],"wp:featuredmedia":[{"embeddable":true,"href":"https:\/\/gifex.com\/fr\/wp-json\/wp\/v2\/media\/33859"}],"wp:attachment":[{"href":"https:\/\/gifex.com\/fr\/wp-json\/wp\/v2\/media?parent=33857"}],"wp:term":[{"taxonomy":"categoria_ficha","embeddable":true,"href":"https:\/\/gifex.com\/fr\/wp-json\/wp\/v2\/categoria_ficha?post=33857"}],"curies":[{"name":"wp","href":"https:\/\/api.w.org\/{rel}","templated":true}]}}

Géologie et pédologie du gouvernorat de Béja

<p style="text-align: center;"><label style="font-size: 15px;">Carte géologique du gouvernorat de Béja.</label></p>
<p><strong>Les caractéristiques géologiques et pédologiques du gouvernorat de Béja</strong></p>
<p>Le gouvernorat de Béja a fait l’objet de plusieurs études dans le domaine pédologique, en effet le ministère de l’agriculture a fait des études sur plus que 240000 ha de terres labourables. Le gouvernorat de Béja abrite plusieurs types de sols, au Nord on trouve les montagnes caractérisées par les sols bruns et les plaines argileuses présentant des problèmes en termes d’infiltration des eaux. Au niveau de la zone centrale du gouvernorat se concentrent les sols fertiles et évolués, au Sud les sols sont généralement calci-magnésiques avec une profondeur limitée. Ce type de sol est très sensible au phénomène d’érosion. Développés sur la roche mère marneuse, calcaire-marneuse ou calcaire, les sols de la région sont de natures diverses suivant les conditions climatiques des différentes zones :</p>
<div class="boxscrl">
<figure id="attachment_33858" aria-describedby="caption-attachment-33858" style="width: 640px" class="wp-caption aligncenter"><a href="https://gifex.com/fr/wp-content/uploads/33857/Type-et-caracteristiques-des-sols-du-gouvernorat-de-Beja.jpg" target="_blank" rel="noopener"><img fetchpriority="high" decoding="async" class="wp-image-33858 size-large" title="Type et caractéristiques des sols du gouvernorat de Béja." src="https://gifex.com/fr/wp-content/uploads/33857/Type-et-caracteristiques-des-sols-du-gouvernorat-de-Beja-1024x739.jpg" alt="Type et caractéristiques des sols du gouvernorat de Béja." width="640" height="462" srcset="https://gifex.com/fr/wp-content/uploads/33857/Type-et-caracteristiques-des-sols-du-gouvernorat-de-Beja-1024x739.jpg 1024w, https://gifex.com/fr/wp-content/uploads/33857/Type-et-caracteristiques-des-sols-du-gouvernorat-de-Beja-300x216.jpg 300w, https://gifex.com/fr/wp-content/uploads/33857/Type-et-caracteristiques-des-sols-du-gouvernorat-de-Beja-768x554.jpg 768w, https://gifex.com/fr/wp-content/uploads/33857/Type-et-caracteristiques-des-sols-du-gouvernorat-de-Beja.jpg 1444w" sizes="(max-width: 640px) 100vw, 640px" /></a><figcaption id="caption-attachment-33858" class="wp-caption-text"><label style="font-size: 15px;">Type et caractéristiques des sols du gouvernorat de Béja.</label></figcaption></figure>
</div>
<figure id="attachment_33866" aria-describedby="caption-attachment-33866" style="width: 360px" class="wp-caption alignright"><a href="https://gifex.com/fr/wp-content/uploads/33857/Carte-des-sols-du-gouvernorat-de-Beja.jpg" target="_blank" rel="noopener"><img decoding="async" class="wp-image-33866" title="Carte des sols du gouvernorat de Béja." src="https://gifex.com/fr/wp-content/uploads/33857/Carte-des-sols-du-gouvernorat-de-Beja-212x300.jpg" alt="Carte des sols du gouvernorat de Béja." width="360" height="509" srcset="https://gifex.com/fr/wp-content/uploads/33857/Carte-des-sols-du-gouvernorat-de-Beja-212x300.jpg 212w, https://gifex.com/fr/wp-content/uploads/33857/Carte-des-sols-du-gouvernorat-de-Beja-724x1024.jpg 724w, https://gifex.com/fr/wp-content/uploads/33857/Carte-des-sols-du-gouvernorat-de-Beja-768x1087.jpg 768w, https://gifex.com/fr/wp-content/uploads/33857/Carte-des-sols-du-gouvernorat-de-Beja-1086x1536.jpg 1086w, https://gifex.com/fr/wp-content/uploads/33857/Carte-des-sols-du-gouvernorat-de-Beja-300x424.jpg 300w, https://gifex.com/fr/wp-content/uploads/33857/Carte-des-sols-du-gouvernorat-de-Beja-1131x1600.jpg 1131w, https://gifex.com/fr/wp-content/uploads/33857/Carte-des-sols-du-gouvernorat-de-Beja.jpg 1362w" sizes="(max-width: 360px) 100vw, 360px" /></a><figcaption id="caption-attachment-33866" class="wp-caption-text"><label style="font-size: 15px;">Carte des sols du gouvernorat de Béja.</label></figcaption></figure>
<ul>
<li><strong>Les sols minéraux bruts</strong> : situés au Nord du gouvernorat, sur des altitudes à forte pente, notamment dans les délégations de Nefza et Amdoun. Ils couvrent environ 42% de la superficie totale. Ils conviennent pour les plantations forestières et arboricoles semi-forestières.</li>
<li><strong>Les sols peu évolués</strong> : ils constituent généralement les plaines et les terrasses des oueds ; ils se retrouvent parfois sur des pentes douces. Ces sols d’apport et d’érosion sur marnes et argiles présentent une texture lourde, hydro morphes dans les plaines avec une sensibilité à l’érosion. Ils peuvent convenir aux céréales, aux cultures fourragères et ponctuellement au maraichage. Ces sols représentent environ 10% de la superficie, on les rencontres dans les plaines et les piémonts de Nefza et Amdoun ainsi que dans la plaine de Guebollat.</li>
<li><strong>Les verticols</strong> : couvrent la zone Nord de l’étage bioclimatique subhumide (Ghraba, Bou Hazem, Ain Soltane, Munchar, Goussa, Tarhouni) et les plateaux d’El Gorraâ, ils sont riches en argile, fertiles et stables, de couleur noirâtre. Ces sols présentent une forte aptitude aux cultures annuelles avec de hauts rendements. Ils occupent 15% de la superficie totale du gouvernorat.</li>
<li><strong>Les sols calci-magnésiques</strong> : s’étalent sur la majeure partie du centre et du Sud du gouvernorat et représentent environ 30% de la superficie totale. Dans les plaines, ils conviennent aux cultures annuelles, au maraichage et à l’arboriculture en présence d’eau et sur les reliefs, à l’arboriculture rustique, l’olivier, l’amandier, ainsi qu’aux plantations pastorales.</li>
</ul>
<p>Environ 3% de la superficie du gouvernorat sont constitués de sols divers, tels que les sols iso-humiques et les sols rouges méditerranéens.</p>

<p>Carte géologique du gouvernorat de Béja. Les caractéristiques géologiques et pédologiques du gouvernorat de Béja. Le gouvernorat de Béja a fait l’objet de &#8230;</p>
