{"id":33822,"date":"2023-02-13T01:51:32","date_gmt":"2023-02-13T01:51:32","guid":{"rendered":"https:\/\/gifex.com\/fr\/?post_type=ficha&#038;p=33822"},"modified":"2023-02-13T01:51:32","modified_gmt":"2023-02-13T01:51:32","slug":"carte-de-la-delegation-de-sidi-thabet","status":"publish","type":"ficha","link":"https:\/\/gifex.com\/fr\/fichier\/carte-de-la-delegation-de-sidi-thabet\/","title":{"rendered":"Carte de la d\u00e9l\u00e9gation de Sidi Thabet"},"content":{"rendered":"<figure id=\"attachment_33824\" aria-describedby=\"caption-attachment-33824\" style=\"width: 360px\" class=\"wp-caption alignright\"><a href=\"https:\/\/gifex.com\/fr\/wp-content\/uploads\/33822\/Carte-d-occupation-du-sol-de-la-delegation-de-Sidi-Thabet.jpg\" target=\"_blank\" rel=\"noopener\"><img fetchpriority=\"high\" decoding=\"async\" class=\"wp-image-33824\" title=\"Carte d'occupation du sol de la d\u00e9l\u00e9gation de Sidi Thabet. \" src=\"https:\/\/gifex.com\/fr\/wp-content\/uploads\/33822\/Carte-d-occupation-du-sol-de-la-delegation-de-Sidi-Thabet-300x252.jpg\" alt=\"Carte d'occupation du sol de la d\u00e9l\u00e9gation de Sidi Thabet. \" width=\"360\" height=\"303\" srcset=\"https:\/\/gifex.com\/fr\/wp-content\/uploads\/33822\/Carte-d-occupation-du-sol-de-la-delegation-de-Sidi-Thabet-300x252.jpg 300w, https:\/\/gifex.com\/fr\/wp-content\/uploads\/33822\/Carte-d-occupation-du-sol-de-la-delegation-de-Sidi-Thabet-1024x861.jpg 1024w, https:\/\/gifex.com\/fr\/wp-content\/uploads\/33822\/Carte-d-occupation-du-sol-de-la-delegation-de-Sidi-Thabet-768x646.jpg 768w, https:\/\/gifex.com\/fr\/wp-content\/uploads\/33822\/Carte-d-occupation-du-sol-de-la-delegation-de-Sidi-Thabet-1536x1291.jpg 1536w, https:\/\/gifex.com\/fr\/wp-content\/uploads\/33822\/Carte-d-occupation-du-sol-de-la-delegation-de-Sidi-Thabet-2048x1722.jpg 2048w, https:\/\/gifex.com\/fr\/wp-content\/uploads\/33822\/Carte-d-occupation-du-sol-de-la-delegation-de-Sidi-Thabet-1600x1345.jpg 1600w\" sizes=\"(max-width: 360px) 100vw, 360px\" \/><\/a><figcaption id=\"caption-attachment-33824\" class=\"wp-caption-text\"><label style=\"font-size: 15px;\">Carte d&#8217;occupation du sol de la d\u00e9l\u00e9gation de Sidi Thabet.<\/label><\/figcaption><\/figure>\n<p>Carte de la d\u00e9l\u00e9gation de Sidi Thabet, situ\u00e9e dans la partie Sud Ouest du gouvernorat de l\u2019Ariana. La d\u00e9l\u00e9gation est d\u00e9limit\u00e9e par :<\/p>\n<ul>\n<li>le gouvernorat de Bizerte au Nord Ouest,<\/li>\n<li>le gouvernorat de Manouba au Sud Ouest,<\/li>\n<li>la d\u00e9l\u00e9gation de Kal\u00e2at El Andalous \u00e0 l\u2019Est,<\/li>\n<li>la d\u00e9l\u00e9gation d\u2019El Mnihla au Sud Est.<\/li>\n<\/ul>\n<p>Elle couvre 6278 Ha et regroupe les secteurs de Chorfech, Bjaoua, Sebellet Ben Ammar, Mongi Slim et Sidi Thabet. En 2010, la population de la d\u00e9l\u00e9gation de Sidi Thabet a atteint 20,311 habitants soit 4% de la population totale du gouvernorat occupant ainsi le septi\u00e8me rang. La densit\u00e9 de la population est de 324 Habitant\/km\u00b2.<\/p>\n","protected":false},"excerpt":{"rendered":"<p>Carte de la d\u00e9l\u00e9gation de Sidi Thabet, situ\u00e9e dans la partie Sud Ouest du gouvernorat de l\u2019Ariana. La d\u00e9l\u00e9gation est d\u00e9limit\u00e9e par : le gouvernorat de Bizerte <\/p>\n","protected":false},"author":1,"featured_media":33823,"template":"","categoria_ficha":[1987],"class_list":["post-33822","ficha","type-ficha","status-publish","has-post-thumbnail","hentry","categoria_ficha-cartes-du-gouvernorat-de-l-ariana"],"acf":[],"_links":{"self":[{"href":"https:\/\/gifex.com\/fr\/wp-json\/wp\/v2\/ficha\/33822","targetHints":{"allow":["GET"]}}],"collection":[{"href":"https:\/\/gifex.com\/fr\/wp-json\/wp\/v2\/ficha"}],"about":[{"href":"https:\/\/gifex.com\/fr\/wp-json\/wp\/v2\/types\/ficha"}],"author":[{"embeddable":true,"href":"https:\/\/gifex.com\/fr\/wp-json\/wp\/v2\/users\/1"}],"version-history":[{"count":1,"href":"https:\/\/gifex.com\/fr\/wp-json\/wp\/v2\/ficha\/33822\/revisions"}],"predecessor-version":[{"id":33825,"href":"https:\/\/gifex.com\/fr\/wp-json\/wp\/v2\/ficha\/33822\/revisions\/33825"}],"wp:featuredmedia":[{"embeddable":true,"href":"https:\/\/gifex.com\/fr\/wp-json\/wp\/v2\/media\/33823"}],"wp:attachment":[{"href":"https:\/\/gifex.com\/fr\/wp-json\/wp\/v2\/media?parent=33822"}],"wp:term":[{"taxonomy":"categoria_ficha","embeddable":true,"href":"https:\/\/gifex.com\/fr\/wp-json\/wp\/v2\/categoria_ficha?post=33822"}],"curies":[{"name":"wp","href":"https:\/\/api.w.org\/{rel}","templated":true}]}}

Carte de la délégation de Sidi Thabet

<figure id="attachment_33824" aria-describedby="caption-attachment-33824" style="width: 360px" class="wp-caption alignright"><a href="https://gifex.com/fr/wp-content/uploads/33822/Carte-d-occupation-du-sol-de-la-delegation-de-Sidi-Thabet.jpg" target="_blank" rel="noopener"><img fetchpriority="high" decoding="async" class="wp-image-33824" title="Carte d'occupation du sol de la délégation de Sidi Thabet. " src="https://gifex.com/fr/wp-content/uploads/33822/Carte-d-occupation-du-sol-de-la-delegation-de-Sidi-Thabet-300x252.jpg" alt="Carte d'occupation du sol de la délégation de Sidi Thabet. " width="360" height="303" srcset="https://gifex.com/fr/wp-content/uploads/33822/Carte-d-occupation-du-sol-de-la-delegation-de-Sidi-Thabet-300x252.jpg 300w, https://gifex.com/fr/wp-content/uploads/33822/Carte-d-occupation-du-sol-de-la-delegation-de-Sidi-Thabet-1024x861.jpg 1024w, https://gifex.com/fr/wp-content/uploads/33822/Carte-d-occupation-du-sol-de-la-delegation-de-Sidi-Thabet-768x646.jpg 768w, https://gifex.com/fr/wp-content/uploads/33822/Carte-d-occupation-du-sol-de-la-delegation-de-Sidi-Thabet-1536x1291.jpg 1536w, https://gifex.com/fr/wp-content/uploads/33822/Carte-d-occupation-du-sol-de-la-delegation-de-Sidi-Thabet-2048x1722.jpg 2048w, https://gifex.com/fr/wp-content/uploads/33822/Carte-d-occupation-du-sol-de-la-delegation-de-Sidi-Thabet-1600x1345.jpg 1600w" sizes="(max-width: 360px) 100vw, 360px" /></a><figcaption id="caption-attachment-33824" class="wp-caption-text"><label style="font-size: 15px;">Carte d&#8217;occupation du sol de la délégation de Sidi Thabet.</label></figcaption></figure>
<p>Carte de la délégation de Sidi Thabet, située dans la partie Sud Ouest du gouvernorat de l’Ariana. La délégation est délimitée par :</p>
<ul>
<li>le gouvernorat de Bizerte au Nord Ouest,</li>
<li>le gouvernorat de Manouba au Sud Ouest,</li>
<li>la délégation de Kalâat El Andalous à l’Est,</li>
<li>la délégation d’El Mnihla au Sud Est.</li>
</ul>
<p>Elle couvre 6278 Ha et regroupe les secteurs de Chorfech, Bjaoua, Sebellet Ben Ammar, Mongi Slim et Sidi Thabet. En 2010, la population de la délégation de Sidi Thabet a atteint 20,311 habitants soit 4% de la population totale du gouvernorat occupant ainsi le septième rang. La densité de la population est de 324 Habitant/km².</p>

<p>Carte de la délégation de Sidi Thabet, située dans la partie Sud Ouest du gouvernorat de l’Ariana. La délégation est délimitée par : le gouvernorat de Bizerte </p>
