{"id":33813,"date":"2023-02-13T01:32:48","date_gmt":"2023-02-13T01:32:48","guid":{"rendered":"https:\/\/gifex.com\/fr\/?post_type=ficha&#038;p=33813"},"modified":"2023-02-13T01:34:40","modified_gmt":"2023-02-13T01:34:40","slug":"carte-de-la-delegation-de-mnihla","status":"publish","type":"ficha","link":"https:\/\/gifex.com\/fr\/fichier\/carte-de-la-delegation-de-mnihla\/","title":{"rendered":"Carte de la d\u00e9l\u00e9gation de Mnihla"},"content":{"rendered":"<p>Carte de la d\u00e9l\u00e9gation de Mnihla, situ\u00e9e dans la partie Sud du gouvernorat de l\u2019Ariana. La d\u00e9l\u00e9gation est d\u00e9limit\u00e9e par :<br \/>\n<figure id=\"attachment_33815\" aria-describedby=\"caption-attachment-33815\" style=\"width: 360px\" class=\"wp-caption alignright\"><a href=\"https:\/\/gifex.com\/fr\/wp-content\/uploads\/33813\/Carte-d-occupation-du-sol-de-la-delegation-de-Mnihla.jpg\" target=\"_blank\" rel=\"noopener\"><img fetchpriority=\"high\" decoding=\"async\" class=\"wp-image-33815\" title=\"Carte d'occupation du sol de la d\u00e9l\u00e9gation de Mnihla.\" src=\"https:\/\/gifex.com\/fr\/wp-content\/uploads\/33813\/Carte-d-occupation-du-sol-de-la-delegation-de-Mnihla-300x255.jpg\" alt=\"Carte d'occupation du sol de la d\u00e9l\u00e9gation de Mnihla.\" width=\"360\" height=\"307\" srcset=\"https:\/\/gifex.com\/fr\/wp-content\/uploads\/33813\/Carte-d-occupation-du-sol-de-la-delegation-de-Mnihla-300x255.jpg 300w, https:\/\/gifex.com\/fr\/wp-content\/uploads\/33813\/Carte-d-occupation-du-sol-de-la-delegation-de-Mnihla-1024x872.jpg 1024w, https:\/\/gifex.com\/fr\/wp-content\/uploads\/33813\/Carte-d-occupation-du-sol-de-la-delegation-de-Mnihla-768x654.jpg 768w, https:\/\/gifex.com\/fr\/wp-content\/uploads\/33813\/Carte-d-occupation-du-sol-de-la-delegation-de-Mnihla-1536x1308.jpg 1536w, https:\/\/gifex.com\/fr\/wp-content\/uploads\/33813\/Carte-d-occupation-du-sol-de-la-delegation-de-Mnihla-2048x1744.jpg 2048w, https:\/\/gifex.com\/fr\/wp-content\/uploads\/33813\/Carte-d-occupation-du-sol-de-la-delegation-de-Mnihla-1600x1363.jpg 1600w\" sizes=\"(max-width: 360px) 100vw, 360px\" \/><\/a><figcaption id=\"caption-attachment-33815\" class=\"wp-caption-text\"><label style=\"font-size: 15px;\">Carte d&#8217;occupation du sol de la d\u00e9l\u00e9gation de Mnihla.<\/label><\/figcaption><\/figure><\/p>\n<ul>\n<li>le gouvernorat de Tunis et la d\u00e9l\u00e9gation d\u2019Ettadhamen au Sud,<\/li>\n<li>le gouvernorat de Manouba et la d\u00e9l\u00e9gation de Sidi Thabet au<br \/>\nNord Ouest,<\/li>\n<li>les d\u00e9l\u00e9gations de l\u2019Ariana Medina et Kal\u00e2at El Andalous au<br \/>\nNord Est.<\/li>\n<\/ul>\n<p>Elle couvre 1547 Ha et regroupe les secteurs Errafaha, 15 Octobre, El Mnihla, El Bassatine et Ennasr. En 2010, la population de la d\u00e9l\u00e9gation d\u2019El Mnihla a atteint 69,068 habitants soit 14,1% de la population totale du gouvernorat occupant ainsi le cinqui\u00e8me. La densit\u00e9 de la population est de 4463 Habitant\/km\u00b2.<\/p>\n","protected":false},"excerpt":{"rendered":"<p>Carte de la d\u00e9l\u00e9gation de Mnihla, situ\u00e9e dans la partie Sud du gouvernorat de l\u2019Ariana. La d\u00e9l\u00e9gation est d\u00e9limit\u00e9e par : le gouvernorat de Tunis et la d\u00e9l\u00e9 &#8230;<\/p>\n","protected":false},"author":1,"featured_media":33814,"template":"","categoria_ficha":[1987],"class_list":["post-33813","ficha","type-ficha","status-publish","has-post-thumbnail","hentry","categoria_ficha-cartes-du-gouvernorat-de-l-ariana"],"acf":[],"_links":{"self":[{"href":"https:\/\/gifex.com\/fr\/wp-json\/wp\/v2\/ficha\/33813","targetHints":{"allow":["GET"]}}],"collection":[{"href":"https:\/\/gifex.com\/fr\/wp-json\/wp\/v2\/ficha"}],"about":[{"href":"https:\/\/gifex.com\/fr\/wp-json\/wp\/v2\/types\/ficha"}],"author":[{"embeddable":true,"href":"https:\/\/gifex.com\/fr\/wp-json\/wp\/v2\/users\/1"}],"version-history":[{"count":3,"href":"https:\/\/gifex.com\/fr\/wp-json\/wp\/v2\/ficha\/33813\/revisions"}],"predecessor-version":[{"id":33818,"href":"https:\/\/gifex.com\/fr\/wp-json\/wp\/v2\/ficha\/33813\/revisions\/33818"}],"wp:featuredmedia":[{"embeddable":true,"href":"https:\/\/gifex.com\/fr\/wp-json\/wp\/v2\/media\/33814"}],"wp:attachment":[{"href":"https:\/\/gifex.com\/fr\/wp-json\/wp\/v2\/media?parent=33813"}],"wp:term":[{"taxonomy":"categoria_ficha","embeddable":true,"href":"https:\/\/gifex.com\/fr\/wp-json\/wp\/v2\/categoria_ficha?post=33813"}],"curies":[{"name":"wp","href":"https:\/\/api.w.org\/{rel}","templated":true}]}}

Carte de la délégation de Mnihla

<p>Carte de la délégation de Mnihla, située dans la partie Sud du gouvernorat de l’Ariana. La délégation est délimitée par :<br />
<figure id="attachment_33815" aria-describedby="caption-attachment-33815" style="width: 360px" class="wp-caption alignright"><a href="https://gifex.com/fr/wp-content/uploads/33813/Carte-d-occupation-du-sol-de-la-delegation-de-Mnihla.jpg" target="_blank" rel="noopener"><img fetchpriority="high" decoding="async" class="wp-image-33815" title="Carte d'occupation du sol de la délégation de Mnihla." src="https://gifex.com/fr/wp-content/uploads/33813/Carte-d-occupation-du-sol-de-la-delegation-de-Mnihla-300x255.jpg" alt="Carte d'occupation du sol de la délégation de Mnihla." width="360" height="307" srcset="https://gifex.com/fr/wp-content/uploads/33813/Carte-d-occupation-du-sol-de-la-delegation-de-Mnihla-300x255.jpg 300w, https://gifex.com/fr/wp-content/uploads/33813/Carte-d-occupation-du-sol-de-la-delegation-de-Mnihla-1024x872.jpg 1024w, https://gifex.com/fr/wp-content/uploads/33813/Carte-d-occupation-du-sol-de-la-delegation-de-Mnihla-768x654.jpg 768w, https://gifex.com/fr/wp-content/uploads/33813/Carte-d-occupation-du-sol-de-la-delegation-de-Mnihla-1536x1308.jpg 1536w, https://gifex.com/fr/wp-content/uploads/33813/Carte-d-occupation-du-sol-de-la-delegation-de-Mnihla-2048x1744.jpg 2048w, https://gifex.com/fr/wp-content/uploads/33813/Carte-d-occupation-du-sol-de-la-delegation-de-Mnihla-1600x1363.jpg 1600w" sizes="(max-width: 360px) 100vw, 360px" /></a><figcaption id="caption-attachment-33815" class="wp-caption-text"><label style="font-size: 15px;">Carte d&#8217;occupation du sol de la délégation de Mnihla.</label></figcaption></figure></p>
<ul>
<li>le gouvernorat de Tunis et la délégation d’Ettadhamen au Sud,</li>
<li>le gouvernorat de Manouba et la délégation de Sidi Thabet au<br />
Nord Ouest,</li>
<li>les délégations de l’Ariana Medina et Kalâat El Andalous au<br />
Nord Est.</li>
</ul>
<p>Elle couvre 1547 Ha et regroupe les secteurs Errafaha, 15 Octobre, El Mnihla, El Bassatine et Ennasr. En 2010, la population de la délégation d’El Mnihla a atteint 69,068 habitants soit 14,1% de la population totale du gouvernorat occupant ainsi le cinquième. La densité de la population est de 4463 Habitant/km².</p>

<p>Carte de la délégation de Mnihla, située dans la partie Sud du gouvernorat de l’Ariana. La délégation est délimitée par : le gouvernorat de Tunis et la délé &#8230;</p>
