{"id":30748,"date":"2023-01-26T20:40:25","date_gmt":"2023-01-26T20:40:25","guid":{"rendered":"https:\/\/gifex.com\/fr\/?post_type=ficha&#038;p=30748"},"modified":"2023-03-24T16:14:54","modified_gmt":"2023-03-24T16:14:54","slug":"plan-de-la-ville-de-mascara-de-1942","status":"publish","type":"ficha","link":"https:\/\/gifex.com\/fr\/fichier\/plan-de-la-ville-de-mascara-de-1942\/","title":{"rendered":"Plan de la ville de Mascara de 1942"},"content":{"rendered":"<p>Plan de la ville de Mascara de 1942, carte copi\u00e9e des guides bleus Alg\u00e9rie Tunisie et pr\u00e9par\u00e9e par la section g\u00e9ographique de l&#8217;\u00e9tat-major, num\u00e9ro 4275, Bureau de la Guerre en 1942, premi\u00e8re \u00e9dition par le service cartographique de l&#8217;arm\u00e9e am\u00e9ricaine, Washington, D.C. 113824.<\/p>\n","protected":false},"excerpt":{"rendered":"<p>Plan de la ville de Mascara de 1942, carte copi\u00e9e des guides bleus Alg\u00e9rie Tunisie et pr\u00e9par\u00e9e par la section g\u00e9ographique de l&#8217;\u00e9tat-major, num\u00e9ro 4275, Bureau <\/p>\n","protected":false},"author":1,"featured_media":30749,"template":"","categoria_ficha":[1965],"class_list":["post-30748","ficha","type-ficha","status-publish","has-post-thumbnail","hentry","categoria_ficha-cartes-de-mascara"],"acf":[],"_links":{"self":[{"href":"https:\/\/gifex.com\/fr\/wp-json\/wp\/v2\/ficha\/30748","targetHints":{"allow":["GET"]}}],"collection":[{"href":"https:\/\/gifex.com\/fr\/wp-json\/wp\/v2\/ficha"}],"about":[{"href":"https:\/\/gifex.com\/fr\/wp-json\/wp\/v2\/types\/ficha"}],"author":[{"embeddable":true,"href":"https:\/\/gifex.com\/fr\/wp-json\/wp\/v2\/users\/1"}],"version-history":[{"count":4,"href":"https:\/\/gifex.com\/fr\/wp-json\/wp\/v2\/ficha\/30748\/revisions"}],"predecessor-version":[{"id":34479,"href":"https:\/\/gifex.com\/fr\/wp-json\/wp\/v2\/ficha\/30748\/revisions\/34479"}],"wp:featuredmedia":[{"embeddable":true,"href":"https:\/\/gifex.com\/fr\/wp-json\/wp\/v2\/media\/30749"}],"wp:attachment":[{"href":"https:\/\/gifex.com\/fr\/wp-json\/wp\/v2\/media?parent=30748"}],"wp:term":[{"taxonomy":"categoria_ficha","embeddable":true,"href":"https:\/\/gifex.com\/fr\/wp-json\/wp\/v2\/categoria_ficha?post=30748"}],"curies":[{"name":"wp","href":"https:\/\/api.w.org\/{rel}","templated":true}]}}

<p>Plan de la ville de Mascara de 1942, carte copiée des guides bleus Algérie Tunisie et préparée par la section géographique de l&#8217;état-major, numéro 4275, Bureau de la Guerre en 1942, première édition par le service cartographique de l&#8217;armée américaine, Washington, D.C. 113824.</p>

<p>Plan de la ville de Mascara de 1942, carte copiée des guides bleus Algérie Tunisie et préparée par la section géographique de l&#8217;état-major, numéro 4275, Bureau </p>
