{"id":29558,"date":"2023-01-24T12:18:02","date_gmt":"2023-01-24T12:18:02","guid":{"rendered":"https:\/\/gifex.com\/fr\/?post_type=ficha&#038;p=29558"},"modified":"2023-03-24T16:15:38","modified_gmt":"2023-03-24T16:15:38","slug":"carte-d-ain-defla","status":"publish","type":"ficha","link":"https:\/\/gifex.com\/fr\/fichier\/carte-d-ain-defla\/","title":{"rendered":"Carte d&#8217;A\u00efn Defla"},"content":{"rendered":"<p>Carte d&#8217;A\u00efn Defla, une commune de l&#8217;Alg\u00e9rie, dans la wilaya du m\u00eame nom. C&#8217;est aussi le nom de la localit\u00e9, anciennement Duperr\u00e9, chef-lieu de la commune et de la wilaya.<\/p>\n<ul>\n<li>Population : 65 453 hab. (2008)<\/li>\n<li>Superficie : 86 km<sup>2<\/sup><\/li>\n<li>Densit\u00e9 : 761 hab.\/km<sup>2<\/sup><\/li>\n<\/ul>\n<p>La ville est situ\u00e9e dans un r\u00e9tr\u00e9cissement de la vall\u00e9e du Chellif, entre la Dahra au nord et le Djebel Doui (1 000 m) qui annonce le massif de l&#8217;Ouarsenis au sud.<\/p>\n","protected":false},"excerpt":{"rendered":"<p>A\u00efn Defla est une commune de l&#8217;Alg\u00e9rie, dans la wilaya du m\u00eame nom. C&#8217;est aussi le nom de la localit\u00e9, anciennement Duperr\u00e9, chef-lieu de la commune et de &#8230;<\/p>\n","protected":false},"author":1,"featured_media":29559,"template":"","categoria_ficha":[1984],"class_list":["post-29558","ficha","type-ficha","status-publish","has-post-thumbnail","hentry","categoria_ficha-cartes-d-ain-defla"],"acf":[],"_links":{"self":[{"href":"https:\/\/gifex.com\/fr\/wp-json\/wp\/v2\/ficha\/29558","targetHints":{"allow":["GET"]}}],"collection":[{"href":"https:\/\/gifex.com\/fr\/wp-json\/wp\/v2\/ficha"}],"about":[{"href":"https:\/\/gifex.com\/fr\/wp-json\/wp\/v2\/types\/ficha"}],"author":[{"embeddable":true,"href":"https:\/\/gifex.com\/fr\/wp-json\/wp\/v2\/users\/1"}],"version-history":[{"count":3,"href":"https:\/\/gifex.com\/fr\/wp-json\/wp\/v2\/ficha\/29558\/revisions"}],"predecessor-version":[{"id":36290,"href":"https:\/\/gifex.com\/fr\/wp-json\/wp\/v2\/ficha\/29558\/revisions\/36290"}],"wp:featuredmedia":[{"embeddable":true,"href":"https:\/\/gifex.com\/fr\/wp-json\/wp\/v2\/media\/29559"}],"wp:attachment":[{"href":"https:\/\/gifex.com\/fr\/wp-json\/wp\/v2\/media?parent=29558"}],"wp:term":[{"taxonomy":"categoria_ficha","embeddable":true,"href":"https:\/\/gifex.com\/fr\/wp-json\/wp\/v2\/categoria_ficha?post=29558"}],"curies":[{"name":"wp","href":"https:\/\/api.w.org\/{rel}","templated":true}]}}

Carte d&#8217;Aïn Defla

<p>Carte d&#8217;Aïn Defla, une commune de l&#8217;Algérie, dans la wilaya du même nom. C&#8217;est aussi le nom de la localité, anciennement Duperré, chef-lieu de la commune et de la wilaya.</p>
<ul>
<li>Population : 65 453 hab. (2008)</li>
<li>Superficie : 86 km<sup>2</sup></li>
<li>Densité : 761 hab./km<sup>2</sup></li>
</ul>
<p>La ville est située dans un rétrécissement de la vallée du Chellif, entre la Dahra au nord et le Djebel Doui (1 000 m) qui annonce le massif de l&#8217;Ouarsenis au sud.</p>

<p>Aïn Defla est une commune de l&#8217;Algérie, dans la wilaya du même nom. C&#8217;est aussi le nom de la localité, anciennement Duperré, chef-lieu de la commune et de &#8230;</p>
