{"id":29408,"date":"2023-01-21T14:41:01","date_gmt":"2023-01-21T14:41:01","guid":{"rendered":"https:\/\/gifex.com\/fr\/?post_type=ficha&#038;p=29408"},"modified":"2023-01-21T14:46:02","modified_gmt":"2023-01-21T14:46:02","slug":"quelles-sont-les-dairas-de-la-wilaya-d-illizi","status":"publish","type":"ficha","link":"https:\/\/gifex.com\/fr\/fichier\/quelles-sont-les-dairas-de-la-wilaya-d-illizi\/","title":{"rendered":"Quelles sont les da\u00efras de la wilaya d&#8217;Illizi ?"},"content":{"rendered":"<p style=\"text-align: center;\"><label style=\"font-size: 15px;\">Carte des da\u00efras de la wilaya d&#8217;Illizi.<\/label><\/p>\n<p><strong>Da\u00efras de la wilaya d&#8217;Illizi<\/strong><\/p>\n<p>La wilaya d&#8217;Illizi est divis\u00e9e en deux da\u00efras (circonscriptions administratives), chacune comprenant d&#8217;une \u00e0 trois communes, pour un total de quatre communes. Le tableau suivant donne la liste des da\u00efras d&#8217;Illizi, pr\u00e9cisant pour chaque da\u00efra la population, superficie et les communes qui la composent.<\/p>\n<div class=\"boxscrl\">\n<table width=\"548\">\n<tbody>\n<tr>\n<td rowspan=\"3\" width=\"72\">Da\u00efra<\/td>\n<td width=\"77\">Nombre de<\/td>\n<td width=\"75\">Population<\/td>\n<td width=\"70\">Superficie<\/td>\n<td rowspan=\"3\" width=\"254\">Communes<\/td>\n<\/tr>\n<tr>\n<td width=\"77\">communes<\/td>\n<td>2008<\/td>\n<td>km<sup>2<\/sup><\/td>\n<\/tr>\n<tr>\n<td width=\"77\"><\/td>\n<td width=\"75\"><\/td>\n<td width=\"70\"><\/td>\n<\/tr>\n<tr>\n<td>Illizi<\/td>\n<td width=\"77\">1<\/td>\n<td width=\"75\">17\u00a0252<\/td>\n<td width=\"70\">75\u00a0945<\/td>\n<td>Illizi<\/td>\n<\/tr>\n<tr>\n<td>In Amenas<\/td>\n<td width=\"77\">3<\/td>\n<td width=\"75\">17\u00a0462<\/td>\n<td width=\"70\">128\u00a0730<\/td>\n<td width=\"254\">In Amenas\u00a0\u2022 Bordj Omar Driss\u00a0\u2022 Debdeb<\/td>\n<\/tr>\n<\/tbody>\n<\/table>\n<\/div>\n","protected":false},"excerpt":{"rendered":"<p>Carte des da\u00efras de la wilaya d&#8217;Illizi. Da\u00efras de la wilaya d&#8217;Illizi. La wilaya d&#8217;Illizi est divis\u00e9e en deux da\u00efras (circonscriptions administratives), chacune <\/p>\n","protected":false},"author":1,"featured_media":29413,"template":"","categoria_ficha":[1975],"class_list":["post-29408","ficha","type-ficha","status-publish","has-post-thumbnail","hentry","categoria_ficha-cartes-d-illizi"],"acf":[],"_links":{"self":[{"href":"https:\/\/gifex.com\/fr\/wp-json\/wp\/v2\/ficha\/29408","targetHints":{"allow":["GET"]}}],"collection":[{"href":"https:\/\/gifex.com\/fr\/wp-json\/wp\/v2\/ficha"}],"about":[{"href":"https:\/\/gifex.com\/fr\/wp-json\/wp\/v2\/types\/ficha"}],"author":[{"embeddable":true,"href":"https:\/\/gifex.com\/fr\/wp-json\/wp\/v2\/users\/1"}],"version-history":[{"count":1,"href":"https:\/\/gifex.com\/fr\/wp-json\/wp\/v2\/ficha\/29408\/revisions"}],"predecessor-version":[{"id":29411,"href":"https:\/\/gifex.com\/fr\/wp-json\/wp\/v2\/ficha\/29408\/revisions\/29411"}],"wp:featuredmedia":[{"embeddable":true,"href":"https:\/\/gifex.com\/fr\/wp-json\/wp\/v2\/media\/29413"}],"wp:attachment":[{"href":"https:\/\/gifex.com\/fr\/wp-json\/wp\/v2\/media?parent=29408"}],"wp:term":[{"taxonomy":"categoria_ficha","embeddable":true,"href":"https:\/\/gifex.com\/fr\/wp-json\/wp\/v2\/categoria_ficha?post=29408"}],"curies":[{"name":"wp","href":"https:\/\/api.w.org\/{rel}","templated":true}]}}

Quelles sont les daïras de la wilaya d&#8217;Illizi ?

<p style="text-align: center;"><label style="font-size: 15px;">Carte des daïras de la wilaya d&#8217;Illizi.</label></p>
<p><strong>Daïras de la wilaya d&#8217;Illizi</strong></p>
<p>La wilaya d&#8217;Illizi est divisée en deux daïras (circonscriptions administratives), chacune comprenant d&#8217;une à trois communes, pour un total de quatre communes. Le tableau suivant donne la liste des daïras d&#8217;Illizi, précisant pour chaque daïra la population, superficie et les communes qui la composent.</p>
<div class="boxscrl">
<table width="548">
<tbody>
<tr>
<td rowspan="3" width="72">Daïra</td>
<td width="77">Nombre de</td>
<td width="75">Population</td>
<td width="70">Superficie</td>
<td rowspan="3" width="254">Communes</td>
</tr>
<tr>
<td width="77">communes</td>
<td>2008</td>
<td>km<sup>2</sup></td>
</tr>
<tr>
<td width="77"></td>
<td width="75"></td>
<td width="70"></td>
</tr>
<tr>
<td>Illizi</td>
<td width="77">1</td>
<td width="75">17 252</td>
<td width="70">75 945</td>
<td>Illizi</td>
</tr>
<tr>
<td>In Amenas</td>
<td width="77">3</td>
<td width="75">17 462</td>
<td width="70">128 730</td>
<td width="254">In Amenas • Bordj Omar Driss • Debdeb</td>
</tr>
</tbody>
</table>
</div>

<p>Carte des daïras de la wilaya d&#8217;Illizi. Daïras de la wilaya d&#8217;Illizi. La wilaya d&#8217;Illizi est divisée en deux daïras (circonscriptions administratives), chacune </p>
