{"id":29384,"date":"2023-01-21T13:00:33","date_gmt":"2023-01-21T13:00:33","guid":{"rendered":"https:\/\/gifex.com\/fr\/?post_type=ficha&#038;p=29384"},"modified":"2023-01-22T17:35:03","modified_gmt":"2023-01-22T17:35:03","slug":"quelles-sont-les-dairas-de-la-wilaya-de-djanet","status":"publish","type":"ficha","link":"https:\/\/gifex.com\/fr\/fichier\/quelles-sont-les-dairas-de-la-wilaya-de-djanet\/","title":{"rendered":"Quelles sont les da\u00efras de la wilaya de Djanet ?"},"content":{"rendered":"<p style=\"text-align: center;\"><label style=\"font-size: 15px;\">Carte des da\u00efras de la wilaya de Djanet.<\/label><\/p>\n<p><strong>Da\u00efras de la wilaya de Djanet<\/strong><\/p>\n<p>La wilaya de Djanet est compos\u00e9e d&#8217;une seule da\u00efra avec laquelle elle est coextensive, cette da\u00efra comprenant deux communes, cette unique da\u00efra \u00e9tant :<\/p>\n<ul>\n<li>Djanet<\/li>\n<\/ul>\n","protected":false},"excerpt":{"rendered":"<p>Carte des da\u00efras de la wilaya de Djanet. Da\u00efras de la wilaya de Djanet. La wilaya de Djanet est compos\u00e9e d&#8217;une seule da\u00efra avec laquelle elle est coextensive<\/p>\n","protected":false},"author":1,"featured_media":29389,"template":"","categoria_ficha":[1976],"class_list":["post-29384","ficha","type-ficha","status-publish","has-post-thumbnail","hentry","categoria_ficha-cartes-de-djanet"],"acf":[],"_links":{"self":[{"href":"https:\/\/gifex.com\/fr\/wp-json\/wp\/v2\/ficha\/29384","targetHints":{"allow":["GET"]}}],"collection":[{"href":"https:\/\/gifex.com\/fr\/wp-json\/wp\/v2\/ficha"}],"about":[{"href":"https:\/\/gifex.com\/fr\/wp-json\/wp\/v2\/types\/ficha"}],"author":[{"embeddable":true,"href":"https:\/\/gifex.com\/fr\/wp-json\/wp\/v2\/users\/1"}],"version-history":[{"count":3,"href":"https:\/\/gifex.com\/fr\/wp-json\/wp\/v2\/ficha\/29384\/revisions"}],"predecessor-version":[{"id":29483,"href":"https:\/\/gifex.com\/fr\/wp-json\/wp\/v2\/ficha\/29384\/revisions\/29483"}],"wp:featuredmedia":[{"embeddable":true,"href":"https:\/\/gifex.com\/fr\/wp-json\/wp\/v2\/media\/29389"}],"wp:attachment":[{"href":"https:\/\/gifex.com\/fr\/wp-json\/wp\/v2\/media?parent=29384"}],"wp:term":[{"taxonomy":"categoria_ficha","embeddable":true,"href":"https:\/\/gifex.com\/fr\/wp-json\/wp\/v2\/categoria_ficha?post=29384"}],"curies":[{"name":"wp","href":"https:\/\/api.w.org\/{rel}","templated":true}]}}

Quelles sont les daïras de la wilaya de Djanet ?

<p style="text-align: center;"><label style="font-size: 15px;">Carte des daïras de la wilaya de Djanet.</label></p>
<p><strong>Daïras de la wilaya de Djanet</strong></p>
<p>La wilaya de Djanet est composée d&#8217;une seule daïra avec laquelle elle est coextensive, cette daïra comprenant deux communes, cette unique daïra étant :</p>
<ul>
<li>Djanet</li>
</ul>

<p>Carte des daïras de la wilaya de Djanet. Daïras de la wilaya de Djanet. La wilaya de Djanet est composée d&#8217;une seule daïra avec laquelle elle est coextensive</p>
