{"id":29367,"date":"2023-01-20T20:39:17","date_gmt":"2023-01-20T20:39:17","guid":{"rendered":"https:\/\/gifex.com\/fr\/?post_type=ficha&#038;p=29367"},"modified":"2023-01-20T20:39:17","modified_gmt":"2023-01-20T20:39:17","slug":"quelles-sont-les-dairas-de-la-wilaya-d-el-bayadh","status":"publish","type":"ficha","link":"https:\/\/gifex.com\/fr\/fichier\/quelles-sont-les-dairas-de-la-wilaya-d-el-bayadh\/","title":{"rendered":"Quelles sont les da\u00efras de la wilaya d&#8217;El Bayadh ?"},"content":{"rendered":"<p style=\"text-align: center;\"><label style=\"font-size: 15px;\">Carte des da\u00efras de la wilaya d&#8217;El Bayadh.<\/label><\/p>\n<p><strong>Da\u00efras de la wilaya d&#8217;El Bayadh<\/strong><\/p>\n<p>La wilaya d&#8217;El Bayadh est divis\u00e9e en douze da\u00efras (circonscriptions administratives), chacune comprenant d&#8217;une \u00e0 cinq communes, pour un total de vingt-deux communes. Le tableau suivant donne la liste des da\u00efras d&#8217;El Bayadh, pr\u00e9cisant pour chaque da\u00efra les communes qui la composent.<\/p>\n<div class=\"col-sm\">\n<table width=\"587\">\n<tbody>\n<tr>\n<td rowspan=\"3\" width=\"139\">Da\u00efra<\/td>\n<td width=\"77\">Nombre de<\/td>\n<td rowspan=\"3\" width=\"371\">Communes<\/td>\n<\/tr>\n<tr>\n<td width=\"77\">communes<\/td>\n<\/tr>\n<tr>\n<td width=\"77\"><\/td>\n<\/tr>\n<tr>\n<td>El Bayadh<\/td>\n<td width=\"77\">1<\/td>\n<td>El Bayadh<\/td>\n<\/tr>\n<tr>\n<td>Rogassa<\/td>\n<td width=\"77\">3<\/td>\n<td width=\"371\">Cheguig\u00a0\u2022 Kef El Ahmar\u00a0\u2022 Rogassa<\/td>\n<\/tr>\n<tr>\n<td>Brezina<\/td>\n<td width=\"77\">3<\/td>\n<td width=\"371\">Brezina\u00a0\u2022 Kraakda\u00a0\u2022 Ghassoul<\/td>\n<\/tr>\n<tr>\n<td>El Abiodh Sidi Cheikh<\/td>\n<td width=\"77\">4<\/td>\n<td width=\"371\">A\u00efn El Orak\u00a0\u2022 Arbaouat\u00a0\u2022 El Abiodh Sidi Cheikh\u00a0\u2022 El Bnoud<\/td>\n<\/tr>\n<tr>\n<td>Bougtoub<\/td>\n<td width=\"77\">3<\/td>\n<td width=\"371\">Bougtoub\u00a0\u2022 El Kheiter\u00a0\u2022 Tousmouline<\/td>\n<\/tr>\n<tr>\n<td>Chellala<\/td>\n<td width=\"77\">2<\/td>\n<td width=\"371\">Chellala\u00a0\u2022 El Mehara<\/td>\n<\/tr>\n<tr>\n<td>Boussemghoun<\/td>\n<td width=\"77\">1<\/td>\n<td>Boussemghoun<\/td>\n<\/tr>\n<tr>\n<td>Boualem<\/td>\n<td width=\"77\">5<\/td>\n<td width=\"371\">Boualem\u00a0\u2022 Sidi Ameur\u00a0\u2022 Sidi Slimane\u00a0\u2022 Sidi Tifour\u00a0\u2022 Stitten<\/td>\n<\/tr>\n<\/tbody>\n<\/table>\n<\/div>\n","protected":false},"excerpt":{"rendered":"<p>Carte des da\u00efras de la wilaya d&#8217;El Bayadh. Da\u00efras de la wilaya d&#8217;El Bayadh. La wilaya d&#8217;El Bayadh est divis\u00e9e en douze da\u00efras (circonscriptions administratives)<\/p>\n","protected":false},"author":1,"featured_media":29369,"template":"","categoria_ficha":[1974],"class_list":["post-29367","ficha","type-ficha","status-publish","has-post-thumbnail","hentry","categoria_ficha-cartes-d-el-bayadh"],"acf":[],"_links":{"self":[{"href":"https:\/\/gifex.com\/fr\/wp-json\/wp\/v2\/ficha\/29367","targetHints":{"allow":["GET"]}}],"collection":[{"href":"https:\/\/gifex.com\/fr\/wp-json\/wp\/v2\/ficha"}],"about":[{"href":"https:\/\/gifex.com\/fr\/wp-json\/wp\/v2\/types\/ficha"}],"author":[{"embeddable":true,"href":"https:\/\/gifex.com\/fr\/wp-json\/wp\/v2\/users\/1"}],"version-history":[{"count":2,"href":"https:\/\/gifex.com\/fr\/wp-json\/wp\/v2\/ficha\/29367\/revisions"}],"predecessor-version":[{"id":29410,"href":"https:\/\/gifex.com\/fr\/wp-json\/wp\/v2\/ficha\/29367\/revisions\/29410"}],"wp:featuredmedia":[{"embeddable":true,"href":"https:\/\/gifex.com\/fr\/wp-json\/wp\/v2\/media\/29369"}],"wp:attachment":[{"href":"https:\/\/gifex.com\/fr\/wp-json\/wp\/v2\/media?parent=29367"}],"wp:term":[{"taxonomy":"categoria_ficha","embeddable":true,"href":"https:\/\/gifex.com\/fr\/wp-json\/wp\/v2\/categoria_ficha?post=29367"}],"curies":[{"name":"wp","href":"https:\/\/api.w.org\/{rel}","templated":true}]}}

Quelles sont les daïras de la wilaya d&#8217;El Bayadh ?

<p style="text-align: center;"><label style="font-size: 15px;">Carte des daïras de la wilaya d&#8217;El Bayadh.</label></p>
<p><strong>Daïras de la wilaya d&#8217;El Bayadh</strong></p>
<p>La wilaya d&#8217;El Bayadh est divisée en douze daïras (circonscriptions administratives), chacune comprenant d&#8217;une à cinq communes, pour un total de vingt-deux communes. Le tableau suivant donne la liste des daïras d&#8217;El Bayadh, précisant pour chaque daïra les communes qui la composent.</p>
<div class="col-sm">
<table width="587">
<tbody>
<tr>
<td rowspan="3" width="139">Daïra</td>
<td width="77">Nombre de</td>
<td rowspan="3" width="371">Communes</td>
</tr>
<tr>
<td width="77">communes</td>
</tr>
<tr>
<td width="77"></td>
</tr>
<tr>
<td>El Bayadh</td>
<td width="77">1</td>
<td>El Bayadh</td>
</tr>
<tr>
<td>Rogassa</td>
<td width="77">3</td>
<td width="371">Cheguig • Kef El Ahmar • Rogassa</td>
</tr>
<tr>
<td>Brezina</td>
<td width="77">3</td>
<td width="371">Brezina • Kraakda • Ghassoul</td>
</tr>
<tr>
<td>El Abiodh Sidi Cheikh</td>
<td width="77">4</td>
<td width="371">Aïn El Orak • Arbaouat • El Abiodh Sidi Cheikh • El Bnoud</td>
</tr>
<tr>
<td>Bougtoub</td>
<td width="77">3</td>
<td width="371">Bougtoub • El Kheiter • Tousmouline</td>
</tr>
<tr>
<td>Chellala</td>
<td width="77">2</td>
<td width="371">Chellala • El Mehara</td>
</tr>
<tr>
<td>Boussemghoun</td>
<td width="77">1</td>
<td>Boussemghoun</td>
</tr>
<tr>
<td>Boualem</td>
<td width="77">5</td>
<td width="371">Boualem • Sidi Ameur • Sidi Slimane • Sidi Tifour • Stitten</td>
</tr>
</tbody>
</table>
</div>

<p>Carte des daïras de la wilaya d&#8217;El Bayadh. Daïras de la wilaya d&#8217;El Bayadh. La wilaya d&#8217;El Bayadh est divisée en douze daïras (circonscriptions administratives)</p>
