{"id":29351,"date":"2023-01-20T18:52:34","date_gmt":"2023-01-20T18:52:34","guid":{"rendered":"https:\/\/gifex.com\/fr\/?post_type=ficha&#038;p=29351"},"modified":"2023-01-20T18:52:34","modified_gmt":"2023-01-20T18:52:34","slug":"zones-geographiques-de-la-wilaya-d-el-bayadh","status":"publish","type":"ficha","link":"https:\/\/gifex.com\/fr\/fichier\/zones-geographiques-de-la-wilaya-d-el-bayadh\/","title":{"rendered":"Zones g\u00e9ographiques de la wilaya d&#8217;El Bayadh"},"content":{"rendered":"<p style=\"text-align: center;\"><label style=\"font-size: 15px;\">Carte des zones g\u00e9ographiques de la wilaya d&#8217;El Bayadh.<\/label><\/p>\n<p>La wilaya d&#8217;El Bayadh fait partie int\u00e9grante de la r\u00e9gion des Hautes Plaines steppiques du Sud-Ouest alg\u00e9rien. Sur le plan physique, elle pr\u00e9sente trois grandes zones distinctes :<\/p>\n<ul>\n<li>Au nord : les Hautes Plaines ;<\/li>\n<li>Au centre : l&#8217;Atlas saharien ;<\/li>\n<li>Au sud : la fronti\u00e8re pr\u00e9saharienne.<\/li>\n<\/ul>\n","protected":false},"excerpt":{"rendered":"<p>Carte des zones g\u00e9ographiques de la wilaya d&#8217;El Bayadh. La wilaya d&#8217;El Bayadh fait partie int\u00e9grante de la r\u00e9gion des Hautes Plaines steppiques du Sud-Ouest &#8230;<\/p>\n","protected":false},"author":1,"featured_media":29352,"template":"","categoria_ficha":[1974],"class_list":["post-29351","ficha","type-ficha","status-publish","has-post-thumbnail","hentry","categoria_ficha-cartes-d-el-bayadh"],"acf":[],"_links":{"self":[{"href":"https:\/\/gifex.com\/fr\/wp-json\/wp\/v2\/ficha\/29351","targetHints":{"allow":["GET"]}}],"collection":[{"href":"https:\/\/gifex.com\/fr\/wp-json\/wp\/v2\/ficha"}],"about":[{"href":"https:\/\/gifex.com\/fr\/wp-json\/wp\/v2\/types\/ficha"}],"author":[{"embeddable":true,"href":"https:\/\/gifex.com\/fr\/wp-json\/wp\/v2\/users\/1"}],"version-history":[{"count":1,"href":"https:\/\/gifex.com\/fr\/wp-json\/wp\/v2\/ficha\/29351\/revisions"}],"predecessor-version":[{"id":29353,"href":"https:\/\/gifex.com\/fr\/wp-json\/wp\/v2\/ficha\/29351\/revisions\/29353"}],"wp:featuredmedia":[{"embeddable":true,"href":"https:\/\/gifex.com\/fr\/wp-json\/wp\/v2\/media\/29352"}],"wp:attachment":[{"href":"https:\/\/gifex.com\/fr\/wp-json\/wp\/v2\/media?parent=29351"}],"wp:term":[{"taxonomy":"categoria_ficha","embeddable":true,"href":"https:\/\/gifex.com\/fr\/wp-json\/wp\/v2\/categoria_ficha?post=29351"}],"curies":[{"name":"wp","href":"https:\/\/api.w.org\/{rel}","templated":true}]}}

Zones géographiques de la wilaya d&#8217;El Bayadh

<p style="text-align: center;"><label style="font-size: 15px;">Carte des zones géographiques de la wilaya d&#8217;El Bayadh.</label></p>
<p>La wilaya d&#8217;El Bayadh fait partie intégrante de la région des Hautes Plaines steppiques du Sud-Ouest algérien. Sur le plan physique, elle présente trois grandes zones distinctes :</p>
<ul>
<li>Au nord : les Hautes Plaines ;</li>
<li>Au centre : l&#8217;Atlas saharien ;</li>
<li>Au sud : la frontière présaharienne.</li>
</ul>

<p>Carte des zones géographiques de la wilaya d&#8217;El Bayadh. La wilaya d&#8217;El Bayadh fait partie intégrante de la région des Hautes Plaines steppiques du Sud-Ouest &#8230;</p>
