{"id":29347,"date":"2023-01-20T15:53:49","date_gmt":"2023-01-20T15:53:49","guid":{"rendered":"https:\/\/gifex.com\/fr\/?post_type=ficha&#038;p=29347"},"modified":"2023-01-20T15:53:49","modified_gmt":"2023-01-20T15:53:49","slug":"carte-d-el-bayadh","status":"publish","type":"ficha","link":"https:\/\/gifex.com\/fr\/fichier\/carte-d-el-bayadh\/","title":{"rendered":"Carte d&#8217;El Bayadh"},"content":{"rendered":"<p>Carte d&#8217;El Bayadh, (anciennement G\u00e9ryville pendant la colonisation fran\u00e7aise) une commune de la wilaya d&#8217;El Bayadh, dont elle est le chef-lieu.<\/p>\n<figure id=\"attachment_29349\" aria-describedby=\"caption-attachment-29349\" style=\"width: 360px\" class=\"wp-caption alignright\"><a href=\"https:\/\/gifex.com\/fr\/wp-content\/uploads\/29347\/Panorama-de-la-ville-d-El-Bayadh.jpg\" target=\"_blank\" rel=\"noopener\"><img fetchpriority=\"high\" decoding=\"async\" class=\"wp-image-29349\" title=\"Panorama de la ville d'El Bayadh.\" src=\"https:\/\/gifex.com\/fr\/wp-content\/uploads\/29347\/Panorama-de-la-ville-d-El-Bayadh-300x211.jpg\" alt=\"Panorama de la ville d'El Bayadh.\" width=\"360\" height=\"254\" srcset=\"https:\/\/gifex.com\/fr\/wp-content\/uploads\/29347\/Panorama-de-la-ville-d-El-Bayadh-300x211.jpg 300w, https:\/\/gifex.com\/fr\/wp-content\/uploads\/29347\/Panorama-de-la-ville-d-El-Bayadh.jpg 583w\" sizes=\"(max-width: 360px) 100vw, 360px\" \/><\/a><figcaption id=\"caption-attachment-29349\" class=\"wp-caption-text\"><label style=\"font-size: 15px;\">Panorama de la ville d&#8217;El Bayadh.<\/label><\/figcaption><\/figure>\n<ul>\n<li>Population : 91 632 hab. (2008)<\/li>\n<li>Superficie : 463,50 km<sup>2<\/sup><\/li>\n<li>Densit\u00e9 : 198 hab.\/km<sup>2<\/sup><\/li>\n<\/ul>\n<p>La ville commande les steppes au Nord, et l&#8217;Atlas Saharien au Sud, dans la zone de transition entre les monts des Ksour et le Djebel Amour. La ville d&#8217;El Bayadh se situe au sud-ouest du djebel Amour, dans l&#8217;Atlas saharien, \u00e0 une altitude de 1 200 m.<\/p>\n<p><strong>Localit\u00e9s de la commune<\/strong><\/p>\n<p>Depuis le d\u00e9coupage administratif de 1984, la commune d&#8217;El Bayadh est constitu\u00e9e \u00e0 partir des localit\u00e9s suivantes\u00a0:<\/p>\n<ul>\n<li>Djebel Bouderga<\/li>\n<li>Djebel Ksel<\/li>\n<li>Draa Lahmar<\/li>\n<li>El Bayadh<\/li>\n<li>El Haoudh<\/li>\n<li>Ouafeg<\/li>\n<li>Petit Mecheria<\/li>\n<li>Mekter<\/li>\n<li>Mouilha<\/li>\n<\/ul>\n<p><strong>Transport<\/strong><\/p>\n<p>El Bayadh dispose d&#8217;un a\u00e9roport situ\u00e9 \u00e0 10 km au nord-est de la ville.<\/p>\n<p>Elle est travers\u00e9e sur la Route nationale 6.<\/p>\n<p><strong>\u00c9conomie<\/strong><\/p>\n<p>L&#8217;\u00e9levage est l&#8217;activit\u00e9 principale de la r\u00e9gion d&#8217;El Bayadh depuis tr\u00e8s longtemps. La ville dispose d&#8217;un important march\u00e9 d&#8217;ovins.<\/p>\n<p>Elle \u00e9galement un centre de fabrication des tapis du djebel Amour.<\/p>\n","protected":false},"excerpt":{"rendered":"<p>El Bayadh, (anciennement G\u00e9ryville pendant la colonisation fran\u00e7aise) est une commune de la wilaya d&#8217;El Bayadh, dont elle est le chef-lieu. Population : 91 632 <\/p>\n","protected":false},"author":1,"featured_media":29348,"template":"","categoria_ficha":[1974],"class_list":["post-29347","ficha","type-ficha","status-publish","has-post-thumbnail","hentry","categoria_ficha-cartes-d-el-bayadh"],"acf":[],"_links":{"self":[{"href":"https:\/\/gifex.com\/fr\/wp-json\/wp\/v2\/ficha\/29347","targetHints":{"allow":["GET"]}}],"collection":[{"href":"https:\/\/gifex.com\/fr\/wp-json\/wp\/v2\/ficha"}],"about":[{"href":"https:\/\/gifex.com\/fr\/wp-json\/wp\/v2\/types\/ficha"}],"author":[{"embeddable":true,"href":"https:\/\/gifex.com\/fr\/wp-json\/wp\/v2\/users\/1"}],"version-history":[{"count":1,"href":"https:\/\/gifex.com\/fr\/wp-json\/wp\/v2\/ficha\/29347\/revisions"}],"predecessor-version":[{"id":29350,"href":"https:\/\/gifex.com\/fr\/wp-json\/wp\/v2\/ficha\/29347\/revisions\/29350"}],"wp:featuredmedia":[{"embeddable":true,"href":"https:\/\/gifex.com\/fr\/wp-json\/wp\/v2\/media\/29348"}],"wp:attachment":[{"href":"https:\/\/gifex.com\/fr\/wp-json\/wp\/v2\/media?parent=29347"}],"wp:term":[{"taxonomy":"categoria_ficha","embeddable":true,"href":"https:\/\/gifex.com\/fr\/wp-json\/wp\/v2\/categoria_ficha?post=29347"}],"curies":[{"name":"wp","href":"https:\/\/api.w.org\/{rel}","templated":true}]}}

<p>Carte d&#8217;El Bayadh, (anciennement Géryville pendant la colonisation française) une commune de la wilaya d&#8217;El Bayadh, dont elle est le chef-lieu.</p>
<figure id="attachment_29349" aria-describedby="caption-attachment-29349" style="width: 360px" class="wp-caption alignright"><a href="https://gifex.com/fr/wp-content/uploads/29347/Panorama-de-la-ville-d-El-Bayadh.jpg" target="_blank" rel="noopener"><img fetchpriority="high" decoding="async" class="wp-image-29349" title="Panorama de la ville d'El Bayadh." src="https://gifex.com/fr/wp-content/uploads/29347/Panorama-de-la-ville-d-El-Bayadh-300x211.jpg" alt="Panorama de la ville d'El Bayadh." width="360" height="254" srcset="https://gifex.com/fr/wp-content/uploads/29347/Panorama-de-la-ville-d-El-Bayadh-300x211.jpg 300w, https://gifex.com/fr/wp-content/uploads/29347/Panorama-de-la-ville-d-El-Bayadh.jpg 583w" sizes="(max-width: 360px) 100vw, 360px" /></a><figcaption id="caption-attachment-29349" class="wp-caption-text"><label style="font-size: 15px;">Panorama de la ville d&#8217;El Bayadh.</label></figcaption></figure>
<ul>
<li>Population : 91 632 hab. (2008)</li>
<li>Superficie : 463,50 km<sup>2</sup></li>
<li>Densité : 198 hab./km<sup>2</sup></li>
</ul>
<p>La ville commande les steppes au Nord, et l&#8217;Atlas Saharien au Sud, dans la zone de transition entre les monts des Ksour et le Djebel Amour. La ville d&#8217;El Bayadh se situe au sud-ouest du djebel Amour, dans l&#8217;Atlas saharien, à une altitude de 1 200 m.</p>
<p><strong>Localités de la commune</strong></p>
<p>Depuis le découpage administratif de 1984, la commune d&#8217;El Bayadh est constituée à partir des localités suivantes :</p>
<ul>
<li>Djebel Bouderga</li>
<li>Djebel Ksel</li>
<li>Draa Lahmar</li>
<li>El Bayadh</li>
<li>El Haoudh</li>
<li>Ouafeg</li>
<li>Petit Mecheria</li>
<li>Mekter</li>
<li>Mouilha</li>
</ul>
<p><strong>Transport</strong></p>
<p>El Bayadh dispose d&#8217;un aéroport situé à 10 km au nord-est de la ville.</p>
<p>Elle est traversée sur la Route nationale 6.</p>
<p><strong>Économie</strong></p>
<p>L&#8217;élevage est l&#8217;activité principale de la région d&#8217;El Bayadh depuis très longtemps. La ville dispose d&#8217;un important marché d&#8217;ovins.</p>
<p>Elle également un centre de fabrication des tapis du djebel Amour.</p>

<p>El Bayadh, (anciennement Géryville pendant la colonisation française) est une commune de la wilaya d&#8217;El Bayadh, dont elle est le chef-lieu. Population : 91 632 </p>
