{"id":29344,"date":"2023-01-20T14:29:48","date_gmt":"2023-01-20T14:29:48","guid":{"rendered":"https:\/\/gifex.com\/fr\/?post_type=ficha&#038;p=29344"},"modified":"2023-01-21T13:00:49","modified_gmt":"2023-01-21T13:00:49","slug":"quelles-sont-les-dairas-de-la-wilaya-d-in-salah","status":"publish","type":"ficha","link":"https:\/\/gifex.com\/fr\/fichier\/quelles-sont-les-dairas-de-la-wilaya-d-in-salah\/","title":{"rendered":"Quelles sont les da\u00efras de la wilaya d&#8217;In Salah ?"},"content":{"rendered":"<p style=\"text-align: center;\"><label style=\"font-size: 15px;\">Carte des da\u00efras de la wilaya d&#8217;In Salah.<\/label><\/p>\n<p><strong>Da\u00efras de la wilaya d&#8217;In Salah <\/strong><\/p>\n<p>La wilaya d&#8217;In Salah est divis\u00e9e en deux da\u00efras (circonscriptions administratives), chacune comprenant une ou deux communes, pour un total de trois communes, lesquelles da\u00efras \u00e9tant :<\/p>\n<ul>\n<li>In Ghar<\/li>\n<li>In Salah<\/li>\n<\/ul>\n","protected":false},"excerpt":{"rendered":"<p>Carte des da\u00efras de la wilaya d&#8217;In Salah. Da\u00efras de la wilaya d&#8217;In Salah. La wilaya d&#8217;In Salah est divis\u00e9e en deux da\u00efras (circonscriptions administratives)<\/p>\n","protected":false},"author":1,"featured_media":29345,"template":"","categoria_ficha":[1973],"class_list":["post-29344","ficha","type-ficha","status-publish","has-post-thumbnail","hentry","categoria_ficha-cartes-d-in-salah"],"acf":[],"_links":{"self":[{"href":"https:\/\/gifex.com\/fr\/wp-json\/wp\/v2\/ficha\/29344","targetHints":{"allow":["GET"]}}],"collection":[{"href":"https:\/\/gifex.com\/fr\/wp-json\/wp\/v2\/ficha"}],"about":[{"href":"https:\/\/gifex.com\/fr\/wp-json\/wp\/v2\/types\/ficha"}],"author":[{"embeddable":true,"href":"https:\/\/gifex.com\/fr\/wp-json\/wp\/v2\/users\/1"}],"version-history":[{"count":4,"href":"https:\/\/gifex.com\/fr\/wp-json\/wp\/v2\/ficha\/29344\/revisions"}],"predecessor-version":[{"id":29391,"href":"https:\/\/gifex.com\/fr\/wp-json\/wp\/v2\/ficha\/29344\/revisions\/29391"}],"wp:featuredmedia":[{"embeddable":true,"href":"https:\/\/gifex.com\/fr\/wp-json\/wp\/v2\/media\/29345"}],"wp:attachment":[{"href":"https:\/\/gifex.com\/fr\/wp-json\/wp\/v2\/media?parent=29344"}],"wp:term":[{"taxonomy":"categoria_ficha","embeddable":true,"href":"https:\/\/gifex.com\/fr\/wp-json\/wp\/v2\/categoria_ficha?post=29344"}],"curies":[{"name":"wp","href":"https:\/\/api.w.org\/{rel}","templated":true}]}}

Quelles sont les daïras de la wilaya d&#8217;In Salah ?

<p style="text-align: center;"><label style="font-size: 15px;">Carte des daïras de la wilaya d&#8217;In Salah.</label></p>
<p><strong>Daïras de la wilaya d&#8217;In Salah </strong></p>
<p>La wilaya d&#8217;In Salah est divisée en deux daïras (circonscriptions administratives), chacune comprenant une ou deux communes, pour un total de trois communes, lesquelles daïras étant :</p>
<ul>
<li>In Ghar</li>
<li>In Salah</li>
</ul>

<p>Carte des daïras de la wilaya d&#8217;In Salah. Daïras de la wilaya d&#8217;In Salah. La wilaya d&#8217;In Salah est divisée en deux daïras (circonscriptions administratives)</p>
