{"id":29045,"date":"2023-01-14T19:27:37","date_gmt":"2023-01-14T19:27:37","guid":{"rendered":"https:\/\/gifex.com\/fr\/?post_type=ficha&#038;p=29045"},"modified":"2023-03-24T16:30:14","modified_gmt":"2023-03-24T16:30:14","slug":"carte-de-relizane","status":"publish","type":"ficha","link":"https:\/\/gifex.com\/fr\/fichier\/carte-de-relizane\/","title":{"rendered":"Carte de Relizane"},"content":{"rendered":"<p>Carte de Relizane, une ville et commune de la wilaya de Relizane, dont elle est le chef-lieu, en Alg\u00e9rie. La gare de Relizane est desservie par plusieurs trains chaque jour permettant de rejoindre Alger et Oran. La ville abrite un petit a\u00e9rodrome en cours de r\u00e9habilitation.<\/p>\n<figure id=\"attachment_29047\" aria-describedby=\"caption-attachment-29047\" style=\"width: 360px\" class=\"wp-caption alignright\"><a href=\"https:\/\/gifex.com\/fr\/wp-content\/uploads\/29045\/Vue-de-Relizane.jpg\" target=\"_blank\" rel=\"noopener\"><img fetchpriority=\"high\" decoding=\"async\" class=\"wp-image-29047\" title=\"Vue de Relizane.\" src=\"https:\/\/gifex.com\/fr\/wp-content\/uploads\/29045\/Vue-de-Relizane-300x181.jpg\" alt=\"Vue de Relizane.\" width=\"360\" height=\"217\" srcset=\"https:\/\/gifex.com\/fr\/wp-content\/uploads\/29045\/Vue-de-Relizane-300x181.jpg 300w, https:\/\/gifex.com\/fr\/wp-content\/uploads\/29045\/Vue-de-Relizane.jpg 580w\" sizes=\"(max-width: 360px) 100vw, 360px\" \/><\/a><figcaption id=\"caption-attachment-29047\" class=\"wp-caption-text\"><label style=\"font-size: 15px;\">Vue de Relizane.<\/label><\/figcaption><\/figure>\n<ul>\n<li>Population : 130\u00a0094\u00a0hab. (2008)<\/li>\n<li>Superficie : 110,82\u00a0km<sup>2<\/sup><\/li>\n<li>Densit\u00e9 : 1\u00a0174\u00a0hab.\/km<sup>2<\/sup><\/li>\n<\/ul>\n<p><strong>G\u00e9ographie<\/strong><\/p>\n<p>La topographie dans les 3 kilom\u00e8tres entourant Relizane ne pr\u00e9sente que des variations l\u00e9g\u00e8res de l&#8217;altitude, avec une variation maximum de l&#8217;altitude de 65 m\u00e8tres et une altitude moyenne de 70 m\u00e8tres. Dans les 16 kilom\u00e8tres, l\u00e9g\u00e8res variations de l&#8217;altitude uniquement (533 m\u00e8tres). Dans les 80 kilom\u00e8tres, variations tr\u00e8s importantes de l&#8217;altitude (1 268 m\u00e8tres).<\/p>\n<p>La r\u00e9gion dans un rayon de 3 kilom\u00e8tres de Relizane est couverte par des terres cultiv\u00e9es (47\u00a0%), des surfaces artificielles (31\u00a0%) et une v\u00e9g\u00e9tation \u00e9parse (11\u00a0%), dans un rayon de 16 kilom\u00e8tres par des terres cultiv\u00e9es (53\u00a0%) et une v\u00e9g\u00e9tation \u00e9parse (31\u00a0%) et dans un rayon de 80 kilom\u00e8tres par des terres cultiv\u00e9es (47\u00a0%) et une v\u00e9g\u00e9tation \u00e9parse (17\u00a0%).<\/p>\n","protected":false},"excerpt":{"rendered":"<p>Relizane, est une ville et commune de la wilaya de Relizane, dont elle est le chef-lieu, en Alg\u00e9rie. La gare de Relizane est desservie par plusieurs trains &#8230;<\/p>\n","protected":false},"author":1,"featured_media":29046,"template":"","categoria_ficha":[1961],"class_list":["post-29045","ficha","type-ficha","status-publish","has-post-thumbnail","hentry","categoria_ficha-cartes-de-relizane"],"acf":[],"_links":{"self":[{"href":"https:\/\/gifex.com\/fr\/wp-json\/wp\/v2\/ficha\/29045","targetHints":{"allow":["GET"]}}],"collection":[{"href":"https:\/\/gifex.com\/fr\/wp-json\/wp\/v2\/ficha"}],"about":[{"href":"https:\/\/gifex.com\/fr\/wp-json\/wp\/v2\/types\/ficha"}],"author":[{"embeddable":true,"href":"https:\/\/gifex.com\/fr\/wp-json\/wp\/v2\/users\/1"}],"version-history":[{"count":5,"href":"https:\/\/gifex.com\/fr\/wp-json\/wp\/v2\/ficha\/29045\/revisions"}],"predecessor-version":[{"id":36332,"href":"https:\/\/gifex.com\/fr\/wp-json\/wp\/v2\/ficha\/29045\/revisions\/36332"}],"wp:featuredmedia":[{"embeddable":true,"href":"https:\/\/gifex.com\/fr\/wp-json\/wp\/v2\/media\/29046"}],"wp:attachment":[{"href":"https:\/\/gifex.com\/fr\/wp-json\/wp\/v2\/media?parent=29045"}],"wp:term":[{"taxonomy":"categoria_ficha","embeddable":true,"href":"https:\/\/gifex.com\/fr\/wp-json\/wp\/v2\/categoria_ficha?post=29045"}],"curies":[{"name":"wp","href":"https:\/\/api.w.org\/{rel}","templated":true}]}}

<p>Carte de Relizane, une ville et commune de la wilaya de Relizane, dont elle est le chef-lieu, en Algérie. La gare de Relizane est desservie par plusieurs trains chaque jour permettant de rejoindre Alger et Oran. La ville abrite un petit aérodrome en cours de réhabilitation.</p>
<figure id="attachment_29047" aria-describedby="caption-attachment-29047" style="width: 360px" class="wp-caption alignright"><a href="https://gifex.com/fr/wp-content/uploads/29045/Vue-de-Relizane.jpg" target="_blank" rel="noopener"><img fetchpriority="high" decoding="async" class="wp-image-29047" title="Vue de Relizane." src="https://gifex.com/fr/wp-content/uploads/29045/Vue-de-Relizane-300x181.jpg" alt="Vue de Relizane." width="360" height="217" srcset="https://gifex.com/fr/wp-content/uploads/29045/Vue-de-Relizane-300x181.jpg 300w, https://gifex.com/fr/wp-content/uploads/29045/Vue-de-Relizane.jpg 580w" sizes="(max-width: 360px) 100vw, 360px" /></a><figcaption id="caption-attachment-29047" class="wp-caption-text"><label style="font-size: 15px;">Vue de Relizane.</label></figcaption></figure>
<ul>
<li>Population : 130 094 hab. (2008)</li>
<li>Superficie : 110,82 km<sup>2</sup></li>
<li>Densité : 1 174 hab./km<sup>2</sup></li>
</ul>
<p><strong>Géographie</strong></p>
<p>La topographie dans les 3 kilomètres entourant Relizane ne présente que des variations légères de l&#8217;altitude, avec une variation maximum de l&#8217;altitude de 65 mètres et une altitude moyenne de 70 mètres. Dans les 16 kilomètres, légères variations de l&#8217;altitude uniquement (533 mètres). Dans les 80 kilomètres, variations très importantes de l&#8217;altitude (1 268 mètres).</p>
<p>La région dans un rayon de 3 kilomètres de Relizane est couverte par des terres cultivées (47 %), des surfaces artificielles (31 %) et une végétation éparse (11 %), dans un rayon de 16 kilomètres par des terres cultivées (53 %) et une végétation éparse (31 %) et dans un rayon de 80 kilomètres par des terres cultivées (47 %) et une végétation éparse (17 %).</p>

<p>Relizane, est une ville et commune de la wilaya de Relizane, dont elle est le chef-lieu, en Algérie. La gare de Relizane est desservie par plusieurs trains &#8230;</p>
