{"id":28961,"date":"2023-01-13T00:23:02","date_gmt":"2023-01-13T00:23:02","guid":{"rendered":"https:\/\/gifex.com\/fr\/?post_type=ficha&#038;p=28961"},"modified":"2023-03-24T16:33:44","modified_gmt":"2023-03-24T16:33:44","slug":"carte-d-el-menia","status":"publish","type":"ficha","link":"https:\/\/gifex.com\/fr\/fichier\/carte-d-el-menia\/","title":{"rendered":"Carte d&#8217;El Menia"},"content":{"rendered":"<p>Carte d&#8217;El Menia ou El M\u00e9n\u00e9a (anciennement El-Gol\u00e9a), une commune de la Wilaya d&#8217;El Meniaa en Alg\u00e9rie. El Menia est desservie par l&#8217;a\u00e9roport d&#8217;El Gol\u00e9a situ\u00e9 \u00e0 1,5 km au sud-ouest de la ville.<\/p>\n<figure id=\"attachment_28963\" aria-describedby=\"caption-attachment-28963\" style=\"width: 360px\" class=\"wp-caption alignright\"><a href=\"https:\/\/gifex.com\/fr\/wp-content\/uploads\/28961\/Panorama-d-El-Menia.jpg\" target=\"_blank\" rel=\"noopener\"><img fetchpriority=\"high\" decoding=\"async\" class=\"wp-image-28963\" title=\"Panorama d'El Menia.\" src=\"https:\/\/gifex.com\/fr\/wp-content\/uploads\/28961\/Panorama-d-El-Menia-300x159.jpg\" alt=\"Panorama d'El Menia.\" width=\"360\" height=\"190\" srcset=\"https:\/\/gifex.com\/fr\/wp-content\/uploads\/28961\/Panorama-d-El-Menia-300x159.jpg 300w, https:\/\/gifex.com\/fr\/wp-content\/uploads\/28961\/Panorama-d-El-Menia-1024x542.jpg 1024w, https:\/\/gifex.com\/fr\/wp-content\/uploads\/28961\/Panorama-d-El-Menia-768x406.jpg 768w, https:\/\/gifex.com\/fr\/wp-content\/uploads\/28961\/Panorama-d-El-Menia-1536x812.jpg 1536w, https:\/\/gifex.com\/fr\/wp-content\/uploads\/28961\/Panorama-d-El-Menia-2048x1083.jpg 2048w, https:\/\/gifex.com\/fr\/wp-content\/uploads\/28961\/Panorama-d-El-Menia-1600x846.jpg 1600w\" sizes=\"(max-width: 360px) 100vw, 360px\" \/><\/a><figcaption id=\"caption-attachment-28963\" class=\"wp-caption-text\"><label style=\"font-size: 15px;\">Panorama d&#8217;El Menia.<\/label><\/figcaption><\/figure>\n<ul>\n<li>Population : 40\u00a0195\u00a0hab. (2008)<\/li>\n<li>Superficie : 27\u00a0000\u00a0km<sup>2<\/sup><\/li>\n<li>Densit\u00e9 : 1,5\u00a0hab.\/km<sup>2<\/sup><\/li>\n<\/ul>\n<p><strong>G\u00e9ographie<\/strong><\/p>\n<p>El Menia est situ\u00e9e presque au centre de l&#8217;Alg\u00e9rie, situ\u00e9e \u00e0 la fronti\u00e8re orientale du Grand Erg Occidental \u00e0 une altitude de 380 m\u00e8tres. La ville est une porte d&#8217;entr\u00e9e vers le Sahara au sud et compte environ 180 000 palmiers dans la zone de l&#8217;oasis. L&#8217;oasis elle-m\u00eame se trouve sous un escarpement s&#8217;\u00e9levant jusqu&#8217;\u00e0 200 m\u00e8tres de haut. Certaines des plus grandes zones continues de dunes de sable sahariennes commencent \u00e0 quelques kilom\u00e8tres \u00e0 l&#8217;ouest de l&#8217;oasis.<\/p>\n<p><strong>Localit\u00e9s de la commune<\/strong><\/p>\n<p>Depuis le d\u00e9coupage administratif de 1984, la commune d&#8217;El Menia est constitu\u00e9e \u00e0 partir des localit\u00e9s et quartiers suivants\u00a0:<\/p>\n<ul>\n<li>Centre-ville<\/li>\n<li>Taghit<\/li>\n<li>Belbachir<\/li>\n<li>Hoffrat El Abbas<\/li>\n<li>Vieux Ksar<\/li>\n<li>Badriane<\/li>\n<li>Bela\u00efd<\/li>\n<li>Zouitel<\/li>\n<li>Ouled Zid<\/li>\n<li>Tin Bouzid<\/li>\n<li>Ksar Belkacem<\/li>\n<li>Ouled Feradj<\/li>\n<\/ul>\n<p><strong>\u00c9conomie<\/strong><\/p>\n<p>La palmeraie produit des dattes de deglet nour, des abricots, des p\u00eaches, des pruniers, des cerises, des figues, des oranges, des mandarines et des citrons.<\/p>\n<p>La marque des eaux min\u00e9rales El-Gol\u00e9a y tient sa source et son usine d&#8217;embouteillage.<\/p>\n<p>El Menia est un centre artisanal actif de tapisserie.<\/p>\n","protected":false},"excerpt":{"rendered":"<p>El Menia ou El M\u00e9n\u00e9a (anciennement El-Gol\u00e9a) est une commune de la Wilaya d&#8217;El Meniaa en Alg\u00e9rie. El Menia est desservie par l&#8217;a\u00e9roport d&#8217;El Gol\u00e9a situ\u00e9 \u00e0 &#8230;<\/p>\n","protected":false},"author":1,"featured_media":28962,"template":"","categoria_ficha":[1957],"class_list":["post-28961","ficha","type-ficha","status-publish","has-post-thumbnail","hentry","categoria_ficha-cartes-d-el-menia"],"acf":[],"_links":{"self":[{"href":"https:\/\/gifex.com\/fr\/wp-json\/wp\/v2\/ficha\/28961","targetHints":{"allow":["GET"]}}],"collection":[{"href":"https:\/\/gifex.com\/fr\/wp-json\/wp\/v2\/ficha"}],"about":[{"href":"https:\/\/gifex.com\/fr\/wp-json\/wp\/v2\/types\/ficha"}],"author":[{"embeddable":true,"href":"https:\/\/gifex.com\/fr\/wp-json\/wp\/v2\/users\/1"}],"version-history":[{"count":4,"href":"https:\/\/gifex.com\/fr\/wp-json\/wp\/v2\/ficha\/28961\/revisions"}],"predecessor-version":[{"id":36340,"href":"https:\/\/gifex.com\/fr\/wp-json\/wp\/v2\/ficha\/28961\/revisions\/36340"}],"wp:featuredmedia":[{"embeddable":true,"href":"https:\/\/gifex.com\/fr\/wp-json\/wp\/v2\/media\/28962"}],"wp:attachment":[{"href":"https:\/\/gifex.com\/fr\/wp-json\/wp\/v2\/media?parent=28961"}],"wp:term":[{"taxonomy":"categoria_ficha","embeddable":true,"href":"https:\/\/gifex.com\/fr\/wp-json\/wp\/v2\/categoria_ficha?post=28961"}],"curies":[{"name":"wp","href":"https:\/\/api.w.org\/{rel}","templated":true}]}}

<p>Carte d&#8217;El Menia ou El Ménéa (anciennement El-Goléa), une commune de la Wilaya d&#8217;El Meniaa en Algérie. El Menia est desservie par l&#8217;aéroport d&#8217;El Goléa situé à 1,5 km au sud-ouest de la ville.</p>
<figure id="attachment_28963" aria-describedby="caption-attachment-28963" style="width: 360px" class="wp-caption alignright"><a href="https://gifex.com/fr/wp-content/uploads/28961/Panorama-d-El-Menia.jpg" target="_blank" rel="noopener"><img fetchpriority="high" decoding="async" class="wp-image-28963" title="Panorama d'El Menia." src="https://gifex.com/fr/wp-content/uploads/28961/Panorama-d-El-Menia-300x159.jpg" alt="Panorama d'El Menia." width="360" height="190" srcset="https://gifex.com/fr/wp-content/uploads/28961/Panorama-d-El-Menia-300x159.jpg 300w, https://gifex.com/fr/wp-content/uploads/28961/Panorama-d-El-Menia-1024x542.jpg 1024w, https://gifex.com/fr/wp-content/uploads/28961/Panorama-d-El-Menia-768x406.jpg 768w, https://gifex.com/fr/wp-content/uploads/28961/Panorama-d-El-Menia-1536x812.jpg 1536w, https://gifex.com/fr/wp-content/uploads/28961/Panorama-d-El-Menia-2048x1083.jpg 2048w, https://gifex.com/fr/wp-content/uploads/28961/Panorama-d-El-Menia-1600x846.jpg 1600w" sizes="(max-width: 360px) 100vw, 360px" /></a><figcaption id="caption-attachment-28963" class="wp-caption-text"><label style="font-size: 15px;">Panorama d&#8217;El Menia.</label></figcaption></figure>
<ul>
<li>Population : 40 195 hab. (2008)</li>
<li>Superficie : 27 000 km<sup>2</sup></li>
<li>Densité : 1,5 hab./km<sup>2</sup></li>
</ul>
<p><strong>Géographie</strong></p>
<p>El Menia est située presque au centre de l&#8217;Algérie, située à la frontière orientale du Grand Erg Occidental à une altitude de 380 mètres. La ville est une porte d&#8217;entrée vers le Sahara au sud et compte environ 180 000 palmiers dans la zone de l&#8217;oasis. L&#8217;oasis elle-même se trouve sous un escarpement s&#8217;élevant jusqu&#8217;à 200 mètres de haut. Certaines des plus grandes zones continues de dunes de sable sahariennes commencent à quelques kilomètres à l&#8217;ouest de l&#8217;oasis.</p>
<p><strong>Localités de la commune</strong></p>
<p>Depuis le découpage administratif de 1984, la commune d&#8217;El Menia est constituée à partir des localités et quartiers suivants :</p>
<ul>
<li>Centre-ville</li>
<li>Taghit</li>
<li>Belbachir</li>
<li>Hoffrat El Abbas</li>
<li>Vieux Ksar</li>
<li>Badriane</li>
<li>Belaïd</li>
<li>Zouitel</li>
<li>Ouled Zid</li>
<li>Tin Bouzid</li>
<li>Ksar Belkacem</li>
<li>Ouled Feradj</li>
</ul>
<p><strong>Économie</strong></p>
<p>La palmeraie produit des dattes de deglet nour, des abricots, des pêches, des pruniers, des cerises, des figues, des oranges, des mandarines et des citrons.</p>
<p>La marque des eaux minérales El-Goléa y tient sa source et son usine d&#8217;embouteillage.</p>
<p>El Menia est un centre artisanal actif de tapisserie.</p>

<p>El Menia ou El Ménéa (anciennement El-Goléa) est une commune de la Wilaya d&#8217;El Meniaa en Algérie. El Menia est desservie par l&#8217;aéroport d&#8217;El Goléa situé à &#8230;</p>
