{"id":28503,"date":"2023-01-02T22:35:19","date_gmt":"2023-01-02T22:35:19","guid":{"rendered":"https:\/\/gifex.com\/fr\/?post_type=ficha&#038;p=28503"},"modified":"2023-01-25T22:44:03","modified_gmt":"2023-01-25T22:44:03","slug":"quelles-sont-les-communes-de-la-wilaya-d-el-oued","status":"publish","type":"ficha","link":"https:\/\/gifex.com\/fr\/fichier\/quelles-sont-les-communes-de-la-wilaya-d-el-oued\/","title":{"rendered":"Quelles sont les communes de la wilaya d&#8217;El Oued ?"},"content":{"rendered":"<p style=\"text-align: center;\"><label style=\"font-size: 15px;\">Carte des communes de la wilaya d&#8217;El Oued.<\/label><\/p>\n<p><strong>Communes de la wilaya d&#8217;El Oued<\/strong><\/p>\n<p>La wilaya d&#8217;El Oued poss\u00e8de un total de ving-deux communes. Le tableau suivant donne la liste des communes de la wilaya d&#8217;El Oued en pr\u00e9cisant pour chaque commune son nom et sa population en 2008.<\/p>\n<div class=\"boxscrl\">\n<table width=\"205\">\n<tbody>\n<tr>\n<td rowspan=\"2\" width=\"123\">Commune<\/td>\n<td width=\"82\">Population<\/td>\n<\/tr>\n<tr>\n<td width=\"82\">nb. habitants<\/td>\n<\/tr>\n<tr>\n<td>El Oued<\/td>\n<td width=\"82\">134\u00a0699<\/td>\n<\/tr>\n<tr>\n<td>Robbah<\/td>\n<td width=\"82\">21\u00a0965<\/td>\n<\/tr>\n<tr>\n<td>Oued El Alenda<\/td>\n<td width=\"82\">6\u00a0830<\/td>\n<\/tr>\n<tr>\n<td>Bayadha<\/td>\n<td width=\"82\">32\u00a0926<\/td>\n<\/tr>\n<tr>\n<td>Nakhla<\/td>\n<td width=\"82\">12\u00a0652<\/td>\n<\/tr>\n<tr>\n<td>Guemar<\/td>\n<td width=\"82\">39\u00a0168<\/td>\n<\/tr>\n<tr>\n<td>Kouinine<\/td>\n<td width=\"82\">10\u00a0076<\/td>\n<\/tr>\n<tr>\n<td>Reguiba<\/td>\n<td width=\"82\">40\u00a0367<\/td>\n<\/tr>\n<tr>\n<td>Hamraia<\/td>\n<td width=\"82\">5\u00a0172<\/td>\n<\/tr>\n<tr>\n<td>Taghzout<\/td>\n<td width=\"82\">13\u00a0934<\/td>\n<\/tr>\n<tr>\n<td>Debila<\/td>\n<td width=\"82\">25\u00a0158<\/td>\n<\/tr>\n<tr>\n<td>Hassani Abdelkrim<\/td>\n<td width=\"82\">22\u00a0755<\/td>\n<\/tr>\n<tr>\n<td>Hassi Khalifa<\/td>\n<td width=\"82\">31\u00a0784<\/td>\n<\/tr>\n<tr>\n<td>Taleb Larbi<\/td>\n<td width=\"82\">7\u00a0074<\/td>\n<\/tr>\n<tr>\n<td>Douar El Ma<\/td>\n<td width=\"82\">5\u00a0543<\/td>\n<\/tr>\n<tr>\n<td>Sidi Aoun<\/td>\n<td width=\"82\">12\u00a0235<\/td>\n<\/tr>\n<tr>\n<td>Trifaoui<\/td>\n<td width=\"82\">8\u00a0257<\/td>\n<\/tr>\n<tr>\n<td>Magrane<\/td>\n<td width=\"82\">24\u00a0577<\/td>\n<\/tr>\n<tr>\n<td>Beni Guecha<\/td>\n<td width=\"82\">2\u00a0513<\/td>\n<\/tr>\n<tr>\n<td>Ourmas<\/td>\n<td width=\"82\">5\u00a0900<\/td>\n<\/tr>\n<tr>\n<td>El Ogla<\/td>\n<td width=\"82\">6\u00a0102<\/td>\n<\/tr>\n<tr>\n<td>Mih Ouansa<\/td>\n<td width=\"82\">15\u00a0593<\/td>\n<\/tr>\n<\/tbody>\n<\/table>\n<\/div>\n<p>Note : Jusqu&#8217;\u00e0 la r\u00e9organisation territoriale de 2019, les communes d&#8217;El M&#8217;Ghair, Djamaa, M&#8217;Rara, Oum Touyour, Sidi Khellil, Sidi Amrane, Still et Tendla de la nouvelle wilaya d&#8217;El M&#8217;Ghair \u00e9taient rattach\u00e9es \u00e0 la wilaya\u00a0d&#8217;El Oued.<\/p>\n","protected":false},"excerpt":{"rendered":"<p>Carte des communes de la wilaya d&#8217;El Oued. Communes de la wilaya d&#8217;El Oued. La wilaya d&#8217;El Oued poss\u00e8de un total de ving-deux communes. Le tableau suivant &#8230;<\/p>\n","protected":false},"author":1,"featured_media":28504,"template":"","categoria_ficha":[1940],"class_list":["post-28503","ficha","type-ficha","status-publish","has-post-thumbnail","hentry","categoria_ficha-cartes-d-el-oued"],"acf":[],"_links":{"self":[{"href":"https:\/\/gifex.com\/fr\/wp-json\/wp\/v2\/ficha\/28503","targetHints":{"allow":["GET"]}}],"collection":[{"href":"https:\/\/gifex.com\/fr\/wp-json\/wp\/v2\/ficha"}],"about":[{"href":"https:\/\/gifex.com\/fr\/wp-json\/wp\/v2\/types\/ficha"}],"author":[{"embeddable":true,"href":"https:\/\/gifex.com\/fr\/wp-json\/wp\/v2\/users\/1"}],"version-history":[{"count":4,"href":"https:\/\/gifex.com\/fr\/wp-json\/wp\/v2\/ficha\/28503\/revisions"}],"predecessor-version":[{"id":30031,"href":"https:\/\/gifex.com\/fr\/wp-json\/wp\/v2\/ficha\/28503\/revisions\/30031"}],"wp:featuredmedia":[{"embeddable":true,"href":"https:\/\/gifex.com\/fr\/wp-json\/wp\/v2\/media\/28504"}],"wp:attachment":[{"href":"https:\/\/gifex.com\/fr\/wp-json\/wp\/v2\/media?parent=28503"}],"wp:term":[{"taxonomy":"categoria_ficha","embeddable":true,"href":"https:\/\/gifex.com\/fr\/wp-json\/wp\/v2\/categoria_ficha?post=28503"}],"curies":[{"name":"wp","href":"https:\/\/api.w.org\/{rel}","templated":true}]}}

<p style="text-align: center;"><label style="font-size: 15px;">Carte des communes de la wilaya d&#8217;El Oued.</label></p>
<p><strong>Communes de la wilaya d&#8217;El Oued</strong></p>
<p>La wilaya d&#8217;El Oued possède un total de ving-deux communes. Le tableau suivant donne la liste des communes de la wilaya d&#8217;El Oued en précisant pour chaque commune son nom et sa population en 2008.</p>
<div class="boxscrl">
<table width="205">
<tbody>
<tr>
<td rowspan="2" width="123">Commune</td>
<td width="82">Population</td>
</tr>
<tr>
<td width="82">nb. habitants</td>
</tr>
<tr>
<td>El Oued</td>
<td width="82">134 699</td>
</tr>
<tr>
<td>Robbah</td>
<td width="82">21 965</td>
</tr>
<tr>
<td>Oued El Alenda</td>
<td width="82">6 830</td>
</tr>
<tr>
<td>Bayadha</td>
<td width="82">32 926</td>
</tr>
<tr>
<td>Nakhla</td>
<td width="82">12 652</td>
</tr>
<tr>
<td>Guemar</td>
<td width="82">39 168</td>
</tr>
<tr>
<td>Kouinine</td>
<td width="82">10 076</td>
</tr>
<tr>
<td>Reguiba</td>
<td width="82">40 367</td>
</tr>
<tr>
<td>Hamraia</td>
<td width="82">5 172</td>
</tr>
<tr>
<td>Taghzout</td>
<td width="82">13 934</td>
</tr>
<tr>
<td>Debila</td>
<td width="82">25 158</td>
</tr>
<tr>
<td>Hassani Abdelkrim</td>
<td width="82">22 755</td>
</tr>
<tr>
<td>Hassi Khalifa</td>
<td width="82">31 784</td>
</tr>
<tr>
<td>Taleb Larbi</td>
<td width="82">7 074</td>
</tr>
<tr>
<td>Douar El Ma</td>
<td width="82">5 543</td>
</tr>
<tr>
<td>Sidi Aoun</td>
<td width="82">12 235</td>
</tr>
<tr>
<td>Trifaoui</td>
<td width="82">8 257</td>
</tr>
<tr>
<td>Magrane</td>
<td width="82">24 577</td>
</tr>
<tr>
<td>Beni Guecha</td>
<td width="82">2 513</td>
</tr>
<tr>
<td>Ourmas</td>
<td width="82">5 900</td>
</tr>
<tr>
<td>El Ogla</td>
<td width="82">6 102</td>
</tr>
<tr>
<td>Mih Ouansa</td>
<td width="82">15 593</td>
</tr>
</tbody>
</table>
</div>
<p>Note : Jusqu&#8217;à la réorganisation territoriale de 2019, les communes d&#8217;El M&#8217;Ghair, Djamaa, M&#8217;Rara, Oum Touyour, Sidi Khellil, Sidi Amrane, Still et Tendla de la nouvelle wilaya d&#8217;El M&#8217;Ghair étaient rattachées à la wilaya d&#8217;El Oued.</p>

<p>Carte des communes de la wilaya d&#8217;El Oued. Communes de la wilaya d&#8217;El Oued. La wilaya d&#8217;El Oued possède un total de ving-deux communes. Le tableau suivant &#8230;</p>
