{"id":28390,"date":"2022-12-31T17:23:27","date_gmt":"2022-12-31T17:23:27","guid":{"rendered":"https:\/\/gifex.com\/fr\/?post_type=ficha&#038;p=28390"},"modified":"2023-01-25T21:16:05","modified_gmt":"2023-01-25T21:16:05","slug":"carte-routiere-de-sidi-bel-abbes","status":"publish","type":"ficha","link":"https:\/\/gifex.com\/fr\/fichier\/carte-routiere-de-sidi-bel-abbes\/","title":{"rendered":"Carte routi\u00e8re de Sidi Bel Abb\u00e8s"},"content":{"rendered":"<p style=\"text-align: center;\"><label style=\"font-size: 15px;\">Carte routi\u00e8re de Sidi Bel Abb\u00e8s.<\/label><\/p>\n<p>La ville de Sidi Bel Abb\u00e8s est reli\u00e9e par l&#8217;autoroute Est-Ouest.<\/p>\n<p>La wilaya de Sidi Bel Abb\u00e8s pr\u00e9sente deux grands axes routiers principaux :<\/p>\n<ul>\n<li>L\u2019axe Oran &#8211; Sidi Bel Abb\u00e8s traversant la wilaya du nord au sud par la RN n\u00b013.<\/li>\n<li>L\u2019axe de Tlemcen &#8211; Sidi Bel Abb\u00e8s traversant la wilaya de l\u2019ouest vers l\u2019est par la RN n\u00b07.<\/li>\n<\/ul>\n<p>Ces deux axes connaissent un trafic assez dense. Ainsi les routes nationales s\u2019\u00e9talent sur une distance de 663,27 km pour l\u2019ensemble de la wilaya.<\/p>\n<p>Quant aux chemins de wilaya (CW) il y a lieu de pr\u00e9ciser qu\u2019\u00e0 la fin toujours de l\u2019ann\u00e9e 2010 leur r\u00e9seau d\u00e9tenait une longueur de 614 km.<\/p>\n<p>Les chemins communaux et vicinaux bien que de faible importance, du point de vue de la densit\u00e9 du trafic, constituent une compl\u00e9mentarit\u00e9 aux deux r\u00e9seaux pr\u00e9cit\u00e9s. Ce type de voie de communication totalise une longueur de 297 860 km \u00e0 laquelle s\u2019ajoute 144.8 km en \u00e9tat de piste.<\/p>\n","protected":false},"excerpt":{"rendered":"<p>La ville de Sidi Bel Abb\u00e8s est reli\u00e9e par l&#8217;autoroute Est-Ouest. La wilaya de Sidi Bel Abb\u00e8s pr\u00e9sente deux grands axes routiers principaux : L\u2019axe Oran &#8211; Si &#8230;<\/p>\n","protected":false},"author":1,"featured_media":28391,"template":"","categoria_ficha":[1936],"class_list":["post-28390","ficha","type-ficha","status-publish","has-post-thumbnail","hentry","categoria_ficha-cartes-de-sidi-bel-abbes"],"acf":[],"_links":{"self":[{"href":"https:\/\/gifex.com\/fr\/wp-json\/wp\/v2\/ficha\/28390","targetHints":{"allow":["GET"]}}],"collection":[{"href":"https:\/\/gifex.com\/fr\/wp-json\/wp\/v2\/ficha"}],"about":[{"href":"https:\/\/gifex.com\/fr\/wp-json\/wp\/v2\/types\/ficha"}],"author":[{"embeddable":true,"href":"https:\/\/gifex.com\/fr\/wp-json\/wp\/v2\/users\/1"}],"version-history":[{"count":2,"href":"https:\/\/gifex.com\/fr\/wp-json\/wp\/v2\/ficha\/28390\/revisions"}],"predecessor-version":[{"id":29918,"href":"https:\/\/gifex.com\/fr\/wp-json\/wp\/v2\/ficha\/28390\/revisions\/29918"}],"wp:featuredmedia":[{"embeddable":true,"href":"https:\/\/gifex.com\/fr\/wp-json\/wp\/v2\/media\/28391"}],"wp:attachment":[{"href":"https:\/\/gifex.com\/fr\/wp-json\/wp\/v2\/media?parent=28390"}],"wp:term":[{"taxonomy":"categoria_ficha","embeddable":true,"href":"https:\/\/gifex.com\/fr\/wp-json\/wp\/v2\/categoria_ficha?post=28390"}],"curies":[{"name":"wp","href":"https:\/\/api.w.org\/{rel}","templated":true}]}}

Carte routière de Sidi Bel Abbès

<p style="text-align: center;"><label style="font-size: 15px;">Carte routière de Sidi Bel Abbès.</label></p>
<p>La ville de Sidi Bel Abbès est reliée par l&#8217;autoroute Est-Ouest.</p>
<p>La wilaya de Sidi Bel Abbès présente deux grands axes routiers principaux :</p>
<ul>
<li>L’axe Oran &#8211; Sidi Bel Abbès traversant la wilaya du nord au sud par la RN n°13.</li>
<li>L’axe de Tlemcen &#8211; Sidi Bel Abbès traversant la wilaya de l’ouest vers l’est par la RN n°7.</li>
</ul>
<p>Ces deux axes connaissent un trafic assez dense. Ainsi les routes nationales s’étalent sur une distance de 663,27 km pour l’ensemble de la wilaya.</p>
<p>Quant aux chemins de wilaya (CW) il y a lieu de préciser qu’à la fin toujours de l’année 2010 leur réseau détenait une longueur de 614 km.</p>
<p>Les chemins communaux et vicinaux bien que de faible importance, du point de vue de la densité du trafic, constituent une complémentarité aux deux réseaux précités. Ce type de voie de communication totalise une longueur de 297 860 km à laquelle s’ajoute 144.8 km en état de piste.</p>

<p>La ville de Sidi Bel Abbès est reliée par l&#8217;autoroute Est-Ouest. La wilaya de Sidi Bel Abbès présente deux grands axes routiers principaux : L’axe Oran &#8211; Si &#8230;</p>
