{"id":27991,"date":"2022-12-24T18:40:32","date_gmt":"2022-12-24T18:40:32","guid":{"rendered":"https:\/\/gifex.com\/fr\/?post_type=ficha&#038;p=27991"},"modified":"2023-03-25T01:07:28","modified_gmt":"2023-03-25T01:07:28","slug":"guerre-d-algerie-1954-1962","status":"publish","type":"ficha","link":"https:\/\/gifex.com\/fr\/fichier\/guerre-d-algerie-1954-1962\/","title":{"rendered":"Guerre d&#8217;Alg\u00e9rie 1954-1962"},"content":{"rendered":"<p style=\"text-align: center;\"><label style=\"font-size: 15px;\">Carte de la guerre d&#8217;Alg\u00e9rie.<\/label><\/p>\n<p>La guerre d&#8217;Alg\u00e9rie, \u00e9galement connue sous le nom d&#8217;\u00e9v\u00e9nements d&#8217;Alg\u00e9rie, r\u00e9volution alg\u00e9rienne, guerre d&#8217;ind\u00e9pendance alg\u00e9rienne et guerre de lib\u00e9ration nationale, a oppos\u00e9 la France et le Front de lib\u00e9ration nationale alg\u00e9rien (FLN) de 1954 \u00e0 1962, ce qui conduit l&#8217;Alg\u00e9rie \u00e0 gagner son ind\u00e9pendance. de France. Importante guerre de d\u00e9colonisation, ce fut un conflit complexe caract\u00e9ris\u00e9 par la gu\u00e9rilla et les crimes de guerre. Le conflit est \u00e9galement devenu une guerre civile entre les diff\u00e9rentes communaut\u00e9s et au sein des communaut\u00e9s. La guerre se d\u00e9roule principalement sur le territoire alg\u00e9rien, avec des r\u00e9percussions en France m\u00e9tropolitaine.<\/p>\n<figure id=\"attachment_27996\" aria-describedby=\"caption-attachment-27996\" style=\"width: 360px\" class=\"wp-caption alignright\"><a href=\"https:\/\/gifex.com\/fr\/wp-content\/uploads\/27991\/Carte-du-decoupage-du-territoire-algerien-en-6-wilayas-elabore-lors-du-congres-de-la-Soummam-en-1956.jpg\" target=\"_blank\" rel=\"noopener\"><img fetchpriority=\"high\" decoding=\"async\" class=\"wp-image-27996\" title=\"Carte du d\u00e9coupage du territoire alg\u00e9rien en 6 wilayas \u00e9labor\u00e9 lors du congr\u00e8s de la Soummam en 1956.\" src=\"https:\/\/gifex.com\/fr\/wp-content\/uploads\/27991\/Carte-du-decoupage-du-territoire-algerien-en-6-wilayas-elabore-lors-du-congres-de-la-Soummam-en-1956-300x210.jpg\" alt=\"Carte du d\u00e9coupage du territoire alg\u00e9rien en 6 wilayas \u00e9labor\u00e9 lors du congr\u00e8s de la Soummam en 1956.\" width=\"360\" height=\"252\" srcset=\"https:\/\/gifex.com\/fr\/wp-content\/uploads\/27991\/Carte-du-decoupage-du-territoire-algerien-en-6-wilayas-elabore-lors-du-congres-de-la-Soummam-en-1956-300x210.jpg 300w, https:\/\/gifex.com\/fr\/wp-content\/uploads\/27991\/Carte-du-decoupage-du-territoire-algerien-en-6-wilayas-elabore-lors-du-congres-de-la-Soummam-en-1956-1024x716.jpg 1024w, https:\/\/gifex.com\/fr\/wp-content\/uploads\/27991\/Carte-du-decoupage-du-territoire-algerien-en-6-wilayas-elabore-lors-du-congres-de-la-Soummam-en-1956-768x537.jpg 768w, https:\/\/gifex.com\/fr\/wp-content\/uploads\/27991\/Carte-du-decoupage-du-territoire-algerien-en-6-wilayas-elabore-lors-du-congres-de-la-Soummam-en-1956-1536x1074.jpg 1536w, https:\/\/gifex.com\/fr\/wp-content\/uploads\/27991\/Carte-du-decoupage-du-territoire-algerien-en-6-wilayas-elabore-lors-du-congres-de-la-Soummam-en-1956-2048x1431.jpg 2048w, https:\/\/gifex.com\/fr\/wp-content\/uploads\/27991\/Carte-du-decoupage-du-territoire-algerien-en-6-wilayas-elabore-lors-du-congres-de-la-Soummam-en-1956-1600x1118.jpg 1600w\" sizes=\"(max-width: 360px) 100vw, 360px\" \/><\/a><figcaption id=\"caption-attachment-27996\" class=\"wp-caption-text\"><label style=\"font-size: 15px;\">Carte du d\u00e9coupage du territoire alg\u00e9rien en 6 wilayas \u00e9labor\u00e9 lors du congr\u00e8s de la Soummam en 1956.<\/label><\/figcaption><\/figure>\n<p>Effectivement d\u00e9clench\u00e9 par des membres du Front de lib\u00e9ration nationale (FLN) le 1er novembre 1954, lors de la Toussaint Rouge, le conflit entra\u00eene de graves crises politiques en France, provoquant la chute de la IVe R\u00e9publique (1946-1958), remplac\u00e9e par la Ve R\u00e9publique avec une pr\u00e9sidence renforc\u00e9e. La brutalit\u00e9 des m\u00e9thodes employ\u00e9es par les forces fran\u00e7aises n&#8217;a pas r\u00e9ussi \u00e0 gagner les c\u0153urs et les esprits en Alg\u00e9rie, s&#8217;est ali\u00e9n\u00e9 le soutien en France m\u00e9tropolitaine et a discr\u00e9dit\u00e9 le prestige fran\u00e7ais \u00e0 l&#8217;\u00e9tranger. Alors que la guerre s&#8217;\u00e9ternisait, le public fran\u00e7ais s&#8217;est lentement retourn\u00e9 contre elle et de nombreux alli\u00e9s cl\u00e9s de la France, y compris les \u00c9tats-Unis, sont pass\u00e9s du soutien \u00e0 la France \u00e0 l&#8217;abstention dans le d\u00e9bat de l&#8217;ONU sur l&#8217;Alg\u00e9rie.<\/p>\n<figure id=\"attachment_27998\" aria-describedby=\"caption-attachment-27998\" style=\"width: 360px\" class=\"wp-caption alignright\"><a href=\"https:\/\/gifex.com\/fr\/wp-content\/uploads\/27991\/Carte-de-la-bataille-d-Alger-7-janvier-24-septembre-1957.jpg\" target=\"_blank\" rel=\"noopener\"><img decoding=\"async\" class=\"wp-image-27998\" title=\"Carte de la bataille d'Alger (7 janvier - 24 septembre 1957).\" src=\"https:\/\/gifex.com\/fr\/wp-content\/uploads\/27991\/Carte-de-la-bataille-d-Alger-7-janvier-24-septembre-1957-261x300.jpg\" alt=\"Carte de la bataille d'Alger (7 janvier - 24 septembre 1957).\" width=\"360\" height=\"414\" srcset=\"https:\/\/gifex.com\/fr\/wp-content\/uploads\/27991\/Carte-de-la-bataille-d-Alger-7-janvier-24-septembre-1957-261x300.jpg 261w, https:\/\/gifex.com\/fr\/wp-content\/uploads\/27991\/Carte-de-la-bataille-d-Alger-7-janvier-24-septembre-1957-890x1024.jpg 890w, https:\/\/gifex.com\/fr\/wp-content\/uploads\/27991\/Carte-de-la-bataille-d-Alger-7-janvier-24-septembre-1957-768x884.jpg 768w, https:\/\/gifex.com\/fr\/wp-content\/uploads\/27991\/Carte-de-la-bataille-d-Alger-7-janvier-24-septembre-1957-300x345.jpg 300w, https:\/\/gifex.com\/fr\/wp-content\/uploads\/27991\/Carte-de-la-bataille-d-Alger-7-janvier-24-septembre-1957.jpg 1143w\" sizes=\"(max-width: 360px) 100vw, 360px\" \/><\/a><figcaption id=\"caption-attachment-27998\" class=\"wp-caption-text\"><label style=\"font-size: 15px;\">Carte de la bataille d&#8217;Alger (7 janvier &#8211; 24 septembre 1957).<\/label><\/figcaption><\/figure>\n<p>Apr\u00e8s de grandes manifestations \u00e0 Alger et dans plusieurs autres villes en faveur de l&#8217;ind\u00e9pendance (1960) et une r\u00e9solution des Nations unies reconnaissant le droit \u00e0 l&#8217;ind\u00e9pendance, Charles de Gaulle, premier pr\u00e9sident de la Ve R\u00e9publique, d\u00e9cide d&#8217;ouvrir une s\u00e9rie de n\u00e9gociations avec le FLN. Celles-ci se sont conclues par la signature des accords d&#8217;\u00c9vian en mars 1962. Un r\u00e9f\u00e9rendum a eu lieu le 8 avril 1962 et l&#8217;\u00e9lectorat fran\u00e7ais a approuv\u00e9 les accords d&#8217;\u00c9vian. Le r\u00e9sultat final \u00e9tait de 91% en faveur de la ratification de cet accord et le 1er juillet, les Accords ont fait l&#8217;objet d&#8217;un deuxi\u00e8me r\u00e9f\u00e9rendum en Alg\u00e9rie, o\u00f9 99,72% ont vot\u00e9 pour l&#8217;ind\u00e9pendance et seulement 0,28% contre.<\/p>\n<p>Le retrait fran\u00e7ais pr\u00e9vu a conduit \u00e0 une crise d&#8217;\u00c9tat. Cela comprenait diverses tentatives d&#8217;assassinat contre de Gaulle ainsi que des tentatives de coups d&#8217;\u00c9tat militaires. La plupart ont \u00e9t\u00e9 men\u00e9es par l&#8217; Organisation arm\u00e9e secr\u00e8te (OAS), une organisation clandestine form\u00e9e principalement de militaires fran\u00e7ais soutenant une Alg\u00e9rie fran\u00e7aise , qui a commis un grand nombre d&#8217;attentats \u00e0 la bombe et de meurtres \u00e0 la fois en Alg\u00e9rie et dans le pays pour arr\u00eater l&#8217;ind\u00e9pendance pr\u00e9vue.<\/p>\n<p>La guerre a caus\u00e9 la mort de 300 000 \u00e0 1 500 000 Alg\u00e9riens, 25 600 soldats fran\u00e7ais\u200a et 6 000 Europ\u00e9ens. Les crimes de guerre commis pendant la guerre comprenaient des massacres de civils, des viols et des tortures; les Fran\u00e7ais ont d\u00e9truit plus de 8 000 villages et d\u00e9plac\u00e9 plus de 2 millions d&#8217;Alg\u00e9riens dans des camps de concentration. \u00c0 l&#8217;ind\u00e9pendance en 1962, 900 000 Europ\u00e9ens-Alg\u00e9riens (Pieds-noirs) ont fui vers la France en quelques mois par crainte de la revanche du FLN. Le gouvernement fran\u00e7ais n&#8217;\u00e9tait pas pr\u00e9par\u00e9 \u00e0 recevoir un si grand nombre de r\u00e9fugi\u00e9s, ce qui a provoqu\u00e9 des troubles en France. La majorit\u00e9 des musulmans alg\u00e9riens qui avaient travaill\u00e9 pour les Fran\u00e7ais ont \u00e9t\u00e9 d\u00e9sarm\u00e9s et laiss\u00e9s pour compte, car l&#8217;accord entre les autorit\u00e9s fran\u00e7aises et alg\u00e9riennes stipulait qu&#8217;aucune action ne pouvait \u00eatre entreprise contre eux. Cependant, les Harkis en particulier, ayant servi comme auxiliaires de l&#8217;arm\u00e9e fran\u00e7aise, \u00e9taient consid\u00e9r\u00e9s comme des tra\u00eetres et beaucoup ont \u00e9t\u00e9 assassin\u00e9s par le FLN ou par des lynchages, souvent apr\u00e8s avoir \u00e9t\u00e9 enlev\u00e9s et tortur\u00e9s. Environ 90 000 ont r\u00e9ussi \u00e0 fuir vers la France, certains avec l&#8217;aide de leurs officiers fran\u00e7ais agissant contre les ordres, et aujourd&#8217;hui, eux et leurs descendants forment une partie importante de la population alg\u00e9ro-fran\u00e7aise.<\/p>\n","protected":false},"excerpt":{"rendered":"<p>Carte de la guerre d&#8217;Alg\u00e9rie. La guerre d&#8217;Alg\u00e9rie, \u00e9galement connue sous le nom d&#8217;\u00e9v&#8230;<\/p>\n","protected":false},"author":1,"featured_media":27995,"template":"","categoria_ficha":[192],"class_list":["post-27991","ficha","type-ficha","status-publish","has-post-thumbnail","hentry","categoria_ficha-cartes-de-l-algerie"],"acf":[],"_links":{"self":[{"href":"https:\/\/gifex.com\/fr\/wp-json\/wp\/v2\/ficha\/27991","targetHints":{"allow":["GET"]}}],"collection":[{"href":"https:\/\/gifex.com\/fr\/wp-json\/wp\/v2\/ficha"}],"about":[{"href":"https:\/\/gifex.com\/fr\/wp-json\/wp\/v2\/types\/ficha"}],"author":[{"embeddable":true,"href":"https:\/\/gifex.com\/fr\/wp-json\/wp\/v2\/users\/1"}],"version-history":[{"count":9,"href":"https:\/\/gifex.com\/fr\/wp-json\/wp\/v2\/ficha\/27991\/revisions"}],"predecessor-version":[{"id":36578,"href":"https:\/\/gifex.com\/fr\/wp-json\/wp\/v2\/ficha\/27991\/revisions\/36578"}],"wp:featuredmedia":[{"embeddable":true,"href":"https:\/\/gifex.com\/fr\/wp-json\/wp\/v2\/media\/27995"}],"wp:attachment":[{"href":"https:\/\/gifex.com\/fr\/wp-json\/wp\/v2\/media?parent=27991"}],"wp:term":[{"taxonomy":"categoria_ficha","embeddable":true,"href":"https:\/\/gifex.com\/fr\/wp-json\/wp\/v2\/categoria_ficha?post=27991"}],"curies":[{"name":"wp","href":"https:\/\/api.w.org\/{rel}","templated":true}]}}

Guerre d&#8217;Algérie 1954-1962

<p style="text-align: center;"><label style="font-size: 15px;">Carte de la guerre d&#8217;Algérie.</label></p>
<p>La guerre d&#8217;Algérie, également connue sous le nom d&#8217;événements d&#8217;Algérie, révolution algérienne, guerre d&#8217;indépendance algérienne et guerre de libération nationale, a opposé la France et le Front de libération nationale algérien (FLN) de 1954 à 1962, ce qui conduit l&#8217;Algérie à gagner son indépendance. de France. Importante guerre de décolonisation, ce fut un conflit complexe caractérisé par la guérilla et les crimes de guerre. Le conflit est également devenu une guerre civile entre les différentes communautés et au sein des communautés. La guerre se déroule principalement sur le territoire algérien, avec des répercussions en France métropolitaine.</p>
<figure id="attachment_27996" aria-describedby="caption-attachment-27996" style="width: 360px" class="wp-caption alignright"><a href="https://gifex.com/fr/wp-content/uploads/27991/Carte-du-decoupage-du-territoire-algerien-en-6-wilayas-elabore-lors-du-congres-de-la-Soummam-en-1956.jpg" target="_blank" rel="noopener"><img fetchpriority="high" decoding="async" class="wp-image-27996" title="Carte du découpage du territoire algérien en 6 wilayas élaboré lors du congrès de la Soummam en 1956." src="https://gifex.com/fr/wp-content/uploads/27991/Carte-du-decoupage-du-territoire-algerien-en-6-wilayas-elabore-lors-du-congres-de-la-Soummam-en-1956-300x210.jpg" alt="Carte du découpage du territoire algérien en 6 wilayas élaboré lors du congrès de la Soummam en 1956." width="360" height="252" srcset="https://gifex.com/fr/wp-content/uploads/27991/Carte-du-decoupage-du-territoire-algerien-en-6-wilayas-elabore-lors-du-congres-de-la-Soummam-en-1956-300x210.jpg 300w, https://gifex.com/fr/wp-content/uploads/27991/Carte-du-decoupage-du-territoire-algerien-en-6-wilayas-elabore-lors-du-congres-de-la-Soummam-en-1956-1024x716.jpg 1024w, https://gifex.com/fr/wp-content/uploads/27991/Carte-du-decoupage-du-territoire-algerien-en-6-wilayas-elabore-lors-du-congres-de-la-Soummam-en-1956-768x537.jpg 768w, https://gifex.com/fr/wp-content/uploads/27991/Carte-du-decoupage-du-territoire-algerien-en-6-wilayas-elabore-lors-du-congres-de-la-Soummam-en-1956-1536x1074.jpg 1536w, https://gifex.com/fr/wp-content/uploads/27991/Carte-du-decoupage-du-territoire-algerien-en-6-wilayas-elabore-lors-du-congres-de-la-Soummam-en-1956-2048x1431.jpg 2048w, https://gifex.com/fr/wp-content/uploads/27991/Carte-du-decoupage-du-territoire-algerien-en-6-wilayas-elabore-lors-du-congres-de-la-Soummam-en-1956-1600x1118.jpg 1600w" sizes="(max-width: 360px) 100vw, 360px" /></a><figcaption id="caption-attachment-27996" class="wp-caption-text"><label style="font-size: 15px;">Carte du découpage du territoire algérien en 6 wilayas élaboré lors du congrès de la Soummam en 1956.</label></figcaption></figure>
<p>Effectivement déclenché par des membres du Front de libération nationale (FLN) le 1er novembre 1954, lors de la Toussaint Rouge, le conflit entraîne de graves crises politiques en France, provoquant la chute de la IVe République (1946-1958), remplacée par la Ve République avec une présidence renforcée. La brutalité des méthodes employées par les forces françaises n&#8217;a pas réussi à gagner les cœurs et les esprits en Algérie, s&#8217;est aliéné le soutien en France métropolitaine et a discrédité le prestige français à l&#8217;étranger. Alors que la guerre s&#8217;éternisait, le public français s&#8217;est lentement retourné contre elle et de nombreux alliés clés de la France, y compris les États-Unis, sont passés du soutien à la France à l&#8217;abstention dans le débat de l&#8217;ONU sur l&#8217;Algérie.</p>
<figure id="attachment_27998" aria-describedby="caption-attachment-27998" style="width: 360px" class="wp-caption alignright"><a href="https://gifex.com/fr/wp-content/uploads/27991/Carte-de-la-bataille-d-Alger-7-janvier-24-septembre-1957.jpg" target="_blank" rel="noopener"><img decoding="async" class="wp-image-27998" title="Carte de la bataille d'Alger (7 janvier - 24 septembre 1957)." src="https://gifex.com/fr/wp-content/uploads/27991/Carte-de-la-bataille-d-Alger-7-janvier-24-septembre-1957-261x300.jpg" alt="Carte de la bataille d'Alger (7 janvier - 24 septembre 1957)." width="360" height="414" srcset="https://gifex.com/fr/wp-content/uploads/27991/Carte-de-la-bataille-d-Alger-7-janvier-24-septembre-1957-261x300.jpg 261w, https://gifex.com/fr/wp-content/uploads/27991/Carte-de-la-bataille-d-Alger-7-janvier-24-septembre-1957-890x1024.jpg 890w, https://gifex.com/fr/wp-content/uploads/27991/Carte-de-la-bataille-d-Alger-7-janvier-24-septembre-1957-768x884.jpg 768w, https://gifex.com/fr/wp-content/uploads/27991/Carte-de-la-bataille-d-Alger-7-janvier-24-septembre-1957-300x345.jpg 300w, https://gifex.com/fr/wp-content/uploads/27991/Carte-de-la-bataille-d-Alger-7-janvier-24-septembre-1957.jpg 1143w" sizes="(max-width: 360px) 100vw, 360px" /></a><figcaption id="caption-attachment-27998" class="wp-caption-text"><label style="font-size: 15px;">Carte de la bataille d&#8217;Alger (7 janvier &#8211; 24 septembre 1957).</label></figcaption></figure>
<p>Après de grandes manifestations à Alger et dans plusieurs autres villes en faveur de l&#8217;indépendance (1960) et une résolution des Nations unies reconnaissant le droit à l&#8217;indépendance, Charles de Gaulle, premier président de la Ve République, décide d&#8217;ouvrir une série de négociations avec le FLN. Celles-ci se sont conclues par la signature des accords d&#8217;Évian en mars 1962. Un référendum a eu lieu le 8 avril 1962 et l&#8217;électorat français a approuvé les accords d&#8217;Évian. Le résultat final était de 91% en faveur de la ratification de cet accord et le 1er juillet, les Accords ont fait l&#8217;objet d&#8217;un deuxième référendum en Algérie, où 99,72% ont voté pour l&#8217;indépendance et seulement 0,28% contre.</p>
<p>Le retrait français prévu a conduit à une crise d&#8217;État. Cela comprenait diverses tentatives d&#8217;assassinat contre de Gaulle ainsi que des tentatives de coups d&#8217;État militaires. La plupart ont été menées par l&#8217; Organisation armée secrète (OAS), une organisation clandestine formée principalement de militaires français soutenant une Algérie française , qui a commis un grand nombre d&#8217;attentats à la bombe et de meurtres à la fois en Algérie et dans le pays pour arrêter l&#8217;indépendance prévue.</p>
<p>La guerre a causé la mort de 300 000 à 1 500 000 Algériens, 25 600 soldats français  et 6 000 Européens. Les crimes de guerre commis pendant la guerre comprenaient des massacres de civils, des viols et des tortures; les Français ont détruit plus de 8 000 villages et déplacé plus de 2 millions d&#8217;Algériens dans des camps de concentration. À l&#8217;indépendance en 1962, 900 000 Européens-Algériens (Pieds-noirs) ont fui vers la France en quelques mois par crainte de la revanche du FLN. Le gouvernement français n&#8217;était pas préparé à recevoir un si grand nombre de réfugiés, ce qui a provoqué des troubles en France. La majorité des musulmans algériens qui avaient travaillé pour les Français ont été désarmés et laissés pour compte, car l&#8217;accord entre les autorités françaises et algériennes stipulait qu&#8217;aucune action ne pouvait être entreprise contre eux. Cependant, les Harkis en particulier, ayant servi comme auxiliaires de l&#8217;armée française, étaient considérés comme des traîtres et beaucoup ont été assassinés par le FLN ou par des lynchages, souvent après avoir été enlevés et torturés. Environ 90 000 ont réussi à fuir vers la France, certains avec l&#8217;aide de leurs officiers français agissant contre les ordres, et aujourd&#8217;hui, eux et leurs descendants forment une partie importante de la population algéro-française.</p>

<p>Carte de la guerre d&#8217;Algérie. La guerre d&#8217;Algérie, également connue sous le nom d&#8217;év&#8230;</p>
