{"id":27902,"date":"2022-12-22T14:05:30","date_gmt":"2022-12-22T14:05:30","guid":{"rendered":"https:\/\/gifex.com\/fr\/?post_type=ficha&#038;p=27902"},"modified":"2023-03-24T12:32:51","modified_gmt":"2023-03-24T12:32:51","slug":"lac-wiyashakimi-vue-de-lespace","status":"publish","type":"ficha","link":"https:\/\/gifex.com\/fr\/fichier\/lac-wiyashakimi-vue-de-lespace\/","title":{"rendered":"Lac Wiy\u00e2sh\u00e2kim\u00ee vue de l&#8217;espace"},"content":{"rendered":"<p>Lac Wiy\u00e2sh\u00e2kim\u00ee vue de l&#8217;espace, anciennement nomm\u00e9 le lac \u00e0 l&#8217;Eau Claire, est une \u00e9tendue d&#8217;eau du Qu\u00e9bec, correspondant \u00e0 un lac de crat\u00e8re d&#8217;impact m\u00e9t\u00e9orique binaire, situ\u00e9 dans la r\u00e9gion administrative Nord-du-Qu\u00e9bec, au Qu\u00e9bec, au Canada. Il doit sa forme \u00e0 deux crat\u00e8res d&#8217;impact s\u00e9par\u00e9s par un archipel d&#8217;une dizaine de kilom\u00e8tres de large. Il est situ\u00e9 dans le parc national Tursujuq.<\/p>\n<p>Ce grand lac du Nord qu\u00e9b\u00e9cois, large de 33 km, long de pr\u00e8s de 71 km et d&#8217;une superficie de 1 243 km\u00b2 est situ\u00e9 \u00e0 238 m d&#8217;altitude. Il repr\u00e9sente la source principale de la rivi\u00e8re \u00e0 l&#8217;Eau Claire qui, environ 70 km plus \u00e0 l&#8217;ouest, se jette dans le lac Tasiujaq, porte d&#8217;entr\u00e9e de la baie d&#8217;Hudson.<\/p>\n<p><strong>Formation<\/strong><\/p>\n<p>Le lac est form\u00e9 de deux d\u00e9pressions qui seraient des crat\u00e8res d&#8217;impact de m\u00e9t\u00e9orites, le diam\u00e8tre de chaque crat\u00e8re \u00e9tant respectivement de 36 et 26 km de diam\u00e8tre, formant un plan d&#8217;eau continu, partiellement s\u00e9par\u00e9s par une bande d&#8217;\u00eeles de moins de 10 km de large.<\/p>\n<p>Alors que ces crat\u00e8res \u00e9taient consid\u00e9r\u00e9s comme ayant une origine commune, une \u00e9tude de 2014 tend \u00e0 prouver qu&#8217;ils sont la cons\u00e9quence de deux impacts distincts : le crat\u00e8re Est datant de l&#8217;Ordovicien (entre 460 et 470 millions d&#8217;ann\u00e9es), le crat\u00e8re Ouest datant lui du Permien (286 millions d&#8217;ann\u00e9es).<\/p>\n<p><strong>Localisation<\/strong><\/p>\n<ul>\n<li>Partie est\u00a0: 56\u00b0\u00a003\u2032\u00a044\u2033\u00a0N, 74\u00b0\u00a006\u2032\u00a050\u2033\u00a0O<\/li>\n<li>Partie ouest\u00a0: 56\u00b0\u00a013\u2032\u00a050\u2033\u00a0N, 74\u00b0\u00a029\u2032\u00a013\u2033\u00a0O<\/li>\n<\/ul>\n<p>Le lac Wiy\u00e2sh\u00e2kim\u00ee et le lac Tasiujaq font partie du parc national Tursujuq (d&#8217;une superficie de 26\u00a0107\u00a0km\u00b2).<\/p>\n","protected":false},"excerpt":{"rendered":"<p>Le lac Wiy\u00e2sh\u00e2kim\u00ee, anciennement nomm\u00e9 le lac \u00e0 l&#8217;Eau Claire, est une \u00e9tendue d&#8217;eau du Qu\u00e9bec, correspondant \u00e0 un lac de crat\u00e8re d&#8217;impact m\u00e9t\u00e9orique binaire &#8230;<\/p>\n","protected":false},"author":1,"featured_media":27903,"template":"","categoria_ficha":[1920],"class_list":["post-27902","ficha","type-ficha","status-publish","has-post-thumbnail","hentry","categoria_ficha-cartes-du-nord-du-quebec"],"acf":[],"_links":{"self":[{"href":"https:\/\/gifex.com\/fr\/wp-json\/wp\/v2\/ficha\/27902","targetHints":{"allow":["GET"]}}],"collection":[{"href":"https:\/\/gifex.com\/fr\/wp-json\/wp\/v2\/ficha"}],"about":[{"href":"https:\/\/gifex.com\/fr\/wp-json\/wp\/v2\/types\/ficha"}],"author":[{"embeddable":true,"href":"https:\/\/gifex.com\/fr\/wp-json\/wp\/v2\/users\/1"}],"version-history":[{"count":4,"href":"https:\/\/gifex.com\/fr\/wp-json\/wp\/v2\/ficha\/27902\/revisions"}],"predecessor-version":[{"id":35894,"href":"https:\/\/gifex.com\/fr\/wp-json\/wp\/v2\/ficha\/27902\/revisions\/35894"}],"wp:featuredmedia":[{"embeddable":true,"href":"https:\/\/gifex.com\/fr\/wp-json\/wp\/v2\/media\/27903"}],"wp:attachment":[{"href":"https:\/\/gifex.com\/fr\/wp-json\/wp\/v2\/media?parent=27902"}],"wp:term":[{"taxonomy":"categoria_ficha","embeddable":true,"href":"https:\/\/gifex.com\/fr\/wp-json\/wp\/v2\/categoria_ficha?post=27902"}],"curies":[{"name":"wp","href":"https:\/\/api.w.org\/{rel}","templated":true}]}}

Lac Wiyâshâkimî vue de l&#8217;espace

<p>Lac Wiyâshâkimî vue de l&#8217;espace, anciennement nommé le lac à l&#8217;Eau Claire, est une étendue d&#8217;eau du Québec, correspondant à un lac de cratère d&#8217;impact météorique binaire, situé dans la région administrative Nord-du-Québec, au Québec, au Canada. Il doit sa forme à deux cratères d&#8217;impact séparés par un archipel d&#8217;une dizaine de kilomètres de large. Il est situé dans le parc national Tursujuq.</p>
<p>Ce grand lac du Nord québécois, large de 33 km, long de près de 71 km et d&#8217;une superficie de 1 243 km² est situé à 238 m d&#8217;altitude. Il représente la source principale de la rivière à l&#8217;Eau Claire qui, environ 70 km plus à l&#8217;ouest, se jette dans le lac Tasiujaq, porte d&#8217;entrée de la baie d&#8217;Hudson.</p>
<p><strong>Formation</strong></p>
<p>Le lac est formé de deux dépressions qui seraient des cratères d&#8217;impact de météorites, le diamètre de chaque cratère étant respectivement de 36 et 26 km de diamètre, formant un plan d&#8217;eau continu, partiellement séparés par une bande d&#8217;îles de moins de 10 km de large.</p>
<p>Alors que ces cratères étaient considérés comme ayant une origine commune, une étude de 2014 tend à prouver qu&#8217;ils sont la conséquence de deux impacts distincts : le cratère Est datant de l&#8217;Ordovicien (entre 460 et 470 millions d&#8217;années), le cratère Ouest datant lui du Permien (286 millions d&#8217;années).</p>
<p><strong>Localisation</strong></p>
<ul>
<li>Partie est : 56° 03′ 44″ N, 74° 06′ 50″ O</li>
<li>Partie ouest : 56° 13′ 50″ N, 74° 29′ 13″ O</li>
</ul>
<p>Le lac Wiyâshâkimî et le lac Tasiujaq font partie du parc national Tursujuq (d&#8217;une superficie de 26 107 km²).</p>

<p>Le lac Wiyâshâkimî, anciennement nommé le lac à l&#8217;Eau Claire, est une étendue d&#8217;eau du Québec, correspondant à un lac de cratère d&#8217;impact météorique binaire &#8230;</p>
