{"id":27602,"date":"2022-12-18T16:27:42","date_gmt":"2022-12-18T16:27:42","guid":{"rendered":"https:\/\/gifex.com\/fr\/?post_type=ficha&#038;p=27602"},"modified":"2023-03-24T12:34:06","modified_gmt":"2023-03-24T12:34:06","slug":"carte-touristique-du-bas-saint-laurent","status":"publish","type":"ficha","link":"https:\/\/gifex.com\/fr\/fichier\/carte-touristique-du-bas-saint-laurent\/","title":{"rendered":"Carte touristique du Bas-Saint-Laurent"},"content":{"rendered":"<p style=\"text-align: center;\"><label style=\"font-size: 15px;\">Carte touristique du Bas-Saint-Laurent.<\/label><\/p>\n<p>Le tourisme dans le Bas-Saint-Laurent est une composante importante de l&#8217;activit\u00e9 \u00e9conomique de la r\u00e9gion du Bas-Saint-Laurent, l\u2019une des 22 r\u00e9gions touristiques du Qu\u00e9bec. En 2009, elle compte 863 entreprises associ\u00e9es au secteur du tourisme, soit 3\u00a0% de toutes les entreprises touristiques du Qu\u00e9bec. En moyenne, le tourisme g\u00e9n\u00e8re plus de 2\u00a0500 emplois dans la r\u00e9gion.<\/p>\n<p>Cr\u00e9\u00e9e en 1979, la r\u00e9gion touristique du Bas-Saint-Laurent regroupe toutes les municipalit\u00e9s de six municipalit\u00e9s r\u00e9gionales de comt\u00e9 (MRC), soit\u00a0:<\/p>\n<ul>\n<li>Kamouraska<\/li>\n<li>Les Basques<\/li>\n<li>La Mitis<\/li>\n<li>Rivi\u00e8re-du-Loup<\/li>\n<li>Rimouski-Neigette<\/li>\n<li>T\u00e9miscouata<\/li>\n<\/ul>\n<p>Bien que les MRC de La Matap\u00e9dia et de La Matanie soient situ\u00e9es dans la r\u00e9gion administrative du Bas-Saint-Laurent, elles font partie de la r\u00e9gion touristique de la Gasp\u00e9sie.<\/p>\n<p><strong>Attractions<\/strong><\/p>\n<p>Comme dans plusieurs autres r\u00e9gions, le Bas-Saint-Laurent offre aussi plusieurs attractions touristiques.<\/p>\n<p>Voici une liste des lieux les plus visit\u00e9s au Bas-Saint-Laurent\u00a0:<\/p>\n<ul>\n<li>Atelier-Galerie d&#8217;art Clodin Roy, Saint-Simon<\/li>\n<li>Centre d&#8217;art de Kamouraska, Kamouraska<\/li>\n<li>\u00c9glise Notre-Dame-des-Neiges, Trois-Pistoles<\/li>\n<li>\u00c9glise Saint-Andr\u00e9, Saint-Andr\u00e9<\/li>\n<li>Ferme Professeur Tournesol, Saint-Fabien<\/li>\n<li>Jardin de l&#8217;\u00c9cluse, D\u00e9gelis<\/li>\n<li>Jardin de la Petite \u00c9cole, T\u00e9miscouata-sur-le-Lac<\/li>\n<li>Le Jardin des L\u00e9gendes, Trois-Pistoles<\/li>\n<li>Lieu historique national du Canada du Phare de Pointe-au-P\u00e8re, Rimouski<\/li>\n<li>Manoir seigneurial Fraser (mus\u00e9e), Rivi\u00e8re-du-Loup<\/li>\n<li>Maison Chapais, Saint-Denis<\/li>\n<li>Parc de l&#8217;aventure basque en Am\u00e9rique, Trois-Pistoles<\/li>\n<\/ul>\n<p>Cette r\u00e9gion est le terrain d&#8217;environ trente festivals et \u00e9v\u00e9nements que \u00e7a soit de musique, d&#8217;art, de science, country, de th\u00e9\u00e2tre, de saison, de r\u00e9gion.<\/p>\n<p><strong>Transport<\/strong><\/p>\n<p>Dans cette r\u00e9gion touristique, il existe quatre formes de transports dans le Bas-Saint-Laurent dans certaines sous-r\u00e9gions de cette derni\u00e8re pour faciliter les d\u00e9placements des touristes en tout temps.<\/p>\n<p><strong>A\u00e9roport<\/strong><\/p>\n<ul>\n<li>A\u00e9roport de Mont-Joli<\/li>\n<li>Aviation MH<\/li>\n<\/ul>\n<p><strong>Autobus<\/strong><\/p>\n<ul>\n<li>Autocar Bas-Saint-Laurent<\/li>\n<li>Transport en commun<\/li>\n<\/ul>\n<p><strong>Traversier<\/strong><\/p>\n<ul>\n<li>Traverse Matane \/ Baie-Comeau \/ Godbout<\/li>\n<li>Traverse Peter Fraser(Isle-Verte \/ \u00cele Verte)<\/li>\n<li>Traverse Rimouski \/ Forestville<\/li>\n<li>Traverse Rivi\u00e8re-du-Loup \/ Saint-Sim\u00e9on<\/li>\n<li>Traverse Trois-Pistoles \/ Les Escoumins<\/li>\n<\/ul>\n<p><strong>Villages du Qu\u00e9bec<\/strong><\/p>\n<p>L&#8217;Association des plus beaux villages du Qu\u00e9bec compte 38 villages au Qu\u00e9bec. Voici les villages de la r\u00e9gion du Bas-Saint-Laurent concern\u00e9s:<\/p>\n<ul>\n<li>Saint-Pac\u00f4me<\/li>\n<li>Kamouraska<\/li>\n<li>Notre-Dame-du-Portage<\/li>\n<li>Cacouna<\/li>\n<\/ul>\n<p><strong>Performance touristique<\/strong><\/p>\n<p>En 2011, 890\u00a0000 touristes de toutes origines ont voyag\u00e9 dans la r\u00e9gion du Bas-Saint-Laurent durant un total de 2\u00a0737\u00a0000 nuit\u00e9es et ont d\u00e9pens\u00e9 175\u00a0000\u00a0000\u00a0$. En moyenne, chaque s\u00e9jour a dur\u00e9 3 nuit\u00e9es au cours duquel chaque touriste a d\u00e9pens\u00e9 un total de 197\u00a0$, soit 64\u00a0$ par nuit\u00e9e.<\/p>\n<div class=\"boxscrl\">\n<table width=\"822\">\n<tbody>\n<tr>\n<td rowspan=\"2\" width=\"48\">Ann\u00e9e<\/td>\n<td rowspan=\"2\" width=\"56\">Volume<\/td>\n<td rowspan=\"2\" width=\"62\">Nuit\u00e9es<\/td>\n<td rowspan=\"2\" width=\"76\">D\u00e9penses<\/td>\n<td width=\"170\">Dur\u00e9e moyenne de s\u00e9jour<\/td>\n<td width=\"204\">D\u00e9penses moyennes par s\u00e9jour<\/td>\n<td width=\"206\">D\u00e9penses moyennes par nuit\u00e9e<\/td>\n<\/tr>\n<tr>\n<td width=\"170\">(Nuit\u00e9es)<\/td>\n<td width=\"204\">($)<\/td>\n<td width=\"206\">($)<\/td>\n<\/tr>\n<tr>\n<td>2011<\/td>\n<td width=\"56\">890\u00a0000<\/td>\n<td width=\"62\">2\u00a0737\u00a0000<\/td>\n<td width=\"76\">175\u00a0000\u00a0000<\/td>\n<td width=\"170\">3<\/td>\n<td width=\"204\">197<\/td>\n<td width=\"206\">64<\/td>\n<\/tr>\n<tr>\n<td>2010<\/td>\n<td width=\"56\">812\u00a0000<\/td>\n<td width=\"62\">2\u00a0544\u00a0000<\/td>\n<td width=\"76\">159\u00a0000\u00a0000<\/td>\n<td width=\"170\">3,1<\/td>\n<td width=\"204\">196<\/td>\n<td width=\"206\">63<\/td>\n<\/tr>\n<tr>\n<td>2009<\/td>\n<td width=\"56\">826\u00a0000<\/td>\n<td width=\"62\">2\u00a0352\u00a0000<\/td>\n<td width=\"76\">159\u00a0000\u00a0000<\/td>\n<td width=\"170\">2,8<\/td>\n<td width=\"204\">193<\/td>\n<td width=\"206\">68<\/td>\n<\/tr>\n<tr>\n<td>2008<\/td>\n<td width=\"56\">533\u00a0000<\/td>\n<td width=\"62\">1\u00a0395\u00a0000<\/td>\n<td width=\"76\">149\u00a0000\u00a0000<\/td>\n<td width=\"170\">3,6<\/td>\n<td width=\"204\">177<\/td>\n<td width=\"206\">49<\/td>\n<\/tr>\n<tr>\n<td>2007<\/td>\n<td width=\"56\">518\u00a0000<\/td>\n<td width=\"62\">1\u00a0308\u00a0000<\/td>\n<td width=\"76\">136\u00a0000\u00a0000<\/td>\n<td width=\"170\">3,0<\/td>\n<td width=\"204\">165<\/td>\n<td width=\"206\">56<\/td>\n<\/tr>\n<tr>\n<td>2006<\/td>\n<td width=\"56\">832\u00a0000<\/td>\n<td width=\"62\">2\u00a0249\u00a0000<\/td>\n<td width=\"76\">127\u00a0000\u00a0000<\/td>\n<td width=\"170\">2,7<\/td>\n<td width=\"204\">153<\/td>\n<td width=\"206\">57<\/td>\n<\/tr>\n<tr>\n<td colspan=\"7\" width=\"822\"><label style=\"font-size: 15px;\">Tourisme Qu\u00e9bec pr\u00e9cise que ce sont des donn\u00e9es fournies \u00e0 titre indicatif qu&#8217;il faut utiliser avec r\u00e9serve.<\/label><\/td>\n<\/tr>\n<\/tbody>\n<\/table>\n<\/div>\n<p>En 2011, la part de march\u00e9 de la r\u00e9gion du Bas-Saint-Laurent est de 2,9 % de tous les touristes au Qu\u00e9bec, ce qui la classe au 13e rang des 22 r\u00e9gions touristiques du Qu\u00e9bec en ce qui a trait au volume des touristes, ou au 11e rang pour les nuit\u00e9es (3,2 %), ou au 10e rang pour les d\u00e9penses touristiques (2,6).<\/p>\n","protected":false},"excerpt":{"rendered":"<p>Le tourisme dans le Bas-Saint-Laurent est une composante importante de l&#8217;activit\u00e9 &#8230;<\/p>\n","protected":false},"author":1,"featured_media":27603,"template":"","categoria_ficha":[1912],"class_list":["post-27602","ficha","type-ficha","status-publish","has-post-thumbnail","hentry","categoria_ficha-cartes-du-bas-saint-laurent"],"acf":[],"_links":{"self":[{"href":"https:\/\/gifex.com\/fr\/wp-json\/wp\/v2\/ficha\/27602","targetHints":{"allow":["GET"]}}],"collection":[{"href":"https:\/\/gifex.com\/fr\/wp-json\/wp\/v2\/ficha"}],"about":[{"href":"https:\/\/gifex.com\/fr\/wp-json\/wp\/v2\/types\/ficha"}],"author":[{"embeddable":true,"href":"https:\/\/gifex.com\/fr\/wp-json\/wp\/v2\/users\/1"}],"version-history":[{"count":6,"href":"https:\/\/gifex.com\/fr\/wp-json\/wp\/v2\/ficha\/27602\/revisions"}],"predecessor-version":[{"id":35898,"href":"https:\/\/gifex.com\/fr\/wp-json\/wp\/v2\/ficha\/27602\/revisions\/35898"}],"wp:featuredmedia":[{"embeddable":true,"href":"https:\/\/gifex.com\/fr\/wp-json\/wp\/v2\/media\/27603"}],"wp:attachment":[{"href":"https:\/\/gifex.com\/fr\/wp-json\/wp\/v2\/media?parent=27602"}],"wp:term":[{"taxonomy":"categoria_ficha","embeddable":true,"href":"https:\/\/gifex.com\/fr\/wp-json\/wp\/v2\/categoria_ficha?post=27602"}],"curies":[{"name":"wp","href":"https:\/\/api.w.org\/{rel}","templated":true}]}}

<p style="text-align: center;"><label style="font-size: 15px;">Carte touristique du Bas-Saint-Laurent.</label></p>
<p>Le tourisme dans le Bas-Saint-Laurent est une composante importante de l&#8217;activité économique de la région du Bas-Saint-Laurent, l’une des 22 régions touristiques du Québec. En 2009, elle compte 863 entreprises associées au secteur du tourisme, soit 3 % de toutes les entreprises touristiques du Québec. En moyenne, le tourisme génère plus de 2 500 emplois dans la région.</p>
<p>Créée en 1979, la région touristique du Bas-Saint-Laurent regroupe toutes les municipalités de six municipalités régionales de comté (MRC), soit :</p>
<ul>
<li>Kamouraska</li>
<li>Les Basques</li>
<li>La Mitis</li>
<li>Rivière-du-Loup</li>
<li>Rimouski-Neigette</li>
<li>Témiscouata</li>
</ul>
<p>Bien que les MRC de La Matapédia et de La Matanie soient situées dans la région administrative du Bas-Saint-Laurent, elles font partie de la région touristique de la Gaspésie.</p>
<p><strong>Attractions</strong></p>
<p>Comme dans plusieurs autres régions, le Bas-Saint-Laurent offre aussi plusieurs attractions touristiques.</p>
<p>Voici une liste des lieux les plus visités au Bas-Saint-Laurent :</p>
<ul>
<li>Atelier-Galerie d&#8217;art Clodin Roy, Saint-Simon</li>
<li>Centre d&#8217;art de Kamouraska, Kamouraska</li>
<li>Église Notre-Dame-des-Neiges, Trois-Pistoles</li>
<li>Église Saint-André, Saint-André</li>
<li>Ferme Professeur Tournesol, Saint-Fabien</li>
<li>Jardin de l&#8217;Écluse, Dégelis</li>
<li>Jardin de la Petite École, Témiscouata-sur-le-Lac</li>
<li>Le Jardin des Légendes, Trois-Pistoles</li>
<li>Lieu historique national du Canada du Phare de Pointe-au-Père, Rimouski</li>
<li>Manoir seigneurial Fraser (musée), Rivière-du-Loup</li>
<li>Maison Chapais, Saint-Denis</li>
<li>Parc de l&#8217;aventure basque en Amérique, Trois-Pistoles</li>
</ul>
<p>Cette région est le terrain d&#8217;environ trente festivals et événements que ça soit de musique, d&#8217;art, de science, country, de théâtre, de saison, de région.</p>
<p><strong>Transport</strong></p>
<p>Dans cette région touristique, il existe quatre formes de transports dans le Bas-Saint-Laurent dans certaines sous-régions de cette dernière pour faciliter les déplacements des touristes en tout temps.</p>
<p><strong>Aéroport</strong></p>
<ul>
<li>Aéroport de Mont-Joli</li>
<li>Aviation MH</li>
</ul>
<p><strong>Autobus</strong></p>
<ul>
<li>Autocar Bas-Saint-Laurent</li>
<li>Transport en commun</li>
</ul>
<p><strong>Traversier</strong></p>
<ul>
<li>Traverse Matane / Baie-Comeau / Godbout</li>
<li>Traverse Peter Fraser(Isle-Verte / Île Verte)</li>
<li>Traverse Rimouski / Forestville</li>
<li>Traverse Rivière-du-Loup / Saint-Siméon</li>
<li>Traverse Trois-Pistoles / Les Escoumins</li>
</ul>
<p><strong>Villages du Québec</strong></p>
<p>L&#8217;Association des plus beaux villages du Québec compte 38 villages au Québec. Voici les villages de la région du Bas-Saint-Laurent concernés:</p>
<ul>
<li>Saint-Pacôme</li>
<li>Kamouraska</li>
<li>Notre-Dame-du-Portage</li>
<li>Cacouna</li>
</ul>
<p><strong>Performance touristique</strong></p>
<p>En 2011, 890 000 touristes de toutes origines ont voyagé dans la région du Bas-Saint-Laurent durant un total de 2 737 000 nuitées et ont dépensé 175 000 000 $. En moyenne, chaque séjour a duré 3 nuitées au cours duquel chaque touriste a dépensé un total de 197 $, soit 64 $ par nuitée.</p>
<div class="boxscrl">
<table width="822">
<tbody>
<tr>
<td rowspan="2" width="48">Année</td>
<td rowspan="2" width="56">Volume</td>
<td rowspan="2" width="62">Nuitées</td>
<td rowspan="2" width="76">Dépenses</td>
<td width="170">Durée moyenne de séjour</td>
<td width="204">Dépenses moyennes par séjour</td>
<td width="206">Dépenses moyennes par nuitée</td>
</tr>
<tr>
<td width="170">(Nuitées)</td>
<td width="204">($)</td>
<td width="206">($)</td>
</tr>
<tr>
<td>2011</td>
<td width="56">890 000</td>
<td width="62">2 737 000</td>
<td width="76">175 000 000</td>
<td width="170">3</td>
<td width="204">197</td>
<td width="206">64</td>
</tr>
<tr>
<td>2010</td>
<td width="56">812 000</td>
<td width="62">2 544 000</td>
<td width="76">159 000 000</td>
<td width="170">3,1</td>
<td width="204">196</td>
<td width="206">63</td>
</tr>
<tr>
<td>2009</td>
<td width="56">826 000</td>
<td width="62">2 352 000</td>
<td width="76">159 000 000</td>
<td width="170">2,8</td>
<td width="204">193</td>
<td width="206">68</td>
</tr>
<tr>
<td>2008</td>
<td width="56">533 000</td>
<td width="62">1 395 000</td>
<td width="76">149 000 000</td>
<td width="170">3,6</td>
<td width="204">177</td>
<td width="206">49</td>
</tr>
<tr>
<td>2007</td>
<td width="56">518 000</td>
<td width="62">1 308 000</td>
<td width="76">136 000 000</td>
<td width="170">3,0</td>
<td width="204">165</td>
<td width="206">56</td>
</tr>
<tr>
<td>2006</td>
<td width="56">832 000</td>
<td width="62">2 249 000</td>
<td width="76">127 000 000</td>
<td width="170">2,7</td>
<td width="204">153</td>
<td width="206">57</td>
</tr>
<tr>
<td colspan="7" width="822"><label style="font-size: 15px;">Tourisme Québec précise que ce sont des données fournies à titre indicatif qu&#8217;il faut utiliser avec réserve.</label></td>
</tr>
</tbody>
</table>
</div>
<p>En 2011, la part de marché de la région du Bas-Saint-Laurent est de 2,9 % de tous les touristes au Québec, ce qui la classe au 13e rang des 22 régions touristiques du Québec en ce qui a trait au volume des touristes, ou au 11e rang pour les nuitées (3,2 %), ou au 10e rang pour les dépenses touristiques (2,6).</p>

<p>Le tourisme dans le Bas-Saint-Laurent est une composante importante de l&#8217;activité &#8230;</p>
