{"id":27527,"date":"2022-12-16T16:00:51","date_gmt":"2022-12-16T16:00:51","guid":{"rendered":"https:\/\/gifex.com\/fr\/?post_type=ficha&#038;p=27527"},"modified":"2023-03-24T15:00:12","modified_gmt":"2023-03-24T15:00:12","slug":"ou-se-trouve-le-centre-du-quebec","status":"publish","type":"ficha","link":"https:\/\/gifex.com\/fr\/fichier\/ou-se-trouve-le-centre-du-quebec\/","title":{"rendered":"O\u00f9 se trouve le Centre-du-Qu\u00e9bec ?"},"content":{"rendered":"<p style=\"text-align: center;\"><label style=\"font-size: 15px;\">Carte de localisation du Centre-du-Qu\u00e9bec au Qu\u00e9bec.<\/label><\/p>\n<p>La r\u00e9gion du Centre-du-Qu\u00e9bec (en jaune sur la carte ci-dessus) est situ\u00e9e non pas au centre g\u00e9ographique du Qu\u00e9bec, mais plut\u00f4t \u00ab\u00a0au c\u0153ur\u00a0\u00bb de la vall\u00e9e du Saint-Laurent, l\u00e0 o\u00f9 r\u00e9side majoritairement la population qu\u00e9b\u00e9coise. La r\u00e9gion est situ\u00e9e \u00e0 mi-chemin entre les villes de Montr\u00e9al et Qu\u00e9bec, pr\u00e8s du fleuve Saint-Laurent, ce qui lui conf\u00e8re son caract\u00e8re central.<\/p>\n<p>La r\u00e9gion du Centre-du-Qu\u00e9bec est bord\u00e9e au nord, au-del\u00e0 du fleuve Saint-Laurent, par la Mauricie, \u00e0 l&#8217;ouest par la Mont\u00e9r\u00e9gie, \u00e0 l&#8217;est par la Chaudi\u00e8re-Appalaches et au sud par l&#8217;Estrie.<\/p>\n<p>Le Centre-du-Qu\u00e9bec se trouve aux coordonn\u00e9es ; 46\u00b0 17\u2032 nord, 72\u00b0 04\u2032 ouest.<\/p>\n","protected":false},"excerpt":{"rendered":"<p>La r\u00e9gion du Centre-du-Qu\u00e9bec (en jaune sur la carte ci-dessus) est situ\u00e9e non pas au centre g\u00e9ographique du Qu\u00e9bec, mais plut\u00f4t \u00ab\u00a0au c\u0153ur\u00a0\u00bb de la vall\u00e9e du Saint-Laurent, l\u00e0 o\u00f9 r\u00e9side majoritairement la <\/p>\n","protected":false},"author":1,"featured_media":27528,"template":"","categoria_ficha":[1927],"class_list":["post-27527","ficha","type-ficha","status-publish","has-post-thumbnail","hentry","categoria_ficha-cartes-du-centre-du-quebec"],"acf":[],"_links":{"self":[{"href":"https:\/\/gifex.com\/fr\/wp-json\/wp\/v2\/ficha\/27527","targetHints":{"allow":["GET"]}}],"collection":[{"href":"https:\/\/gifex.com\/fr\/wp-json\/wp\/v2\/ficha"}],"about":[{"href":"https:\/\/gifex.com\/fr\/wp-json\/wp\/v2\/types\/ficha"}],"author":[{"embeddable":true,"href":"https:\/\/gifex.com\/fr\/wp-json\/wp\/v2\/users\/1"}],"version-history":[{"count":6,"href":"https:\/\/gifex.com\/fr\/wp-json\/wp\/v2\/ficha\/27527\/revisions"}],"predecessor-version":[{"id":36175,"href":"https:\/\/gifex.com\/fr\/wp-json\/wp\/v2\/ficha\/27527\/revisions\/36175"}],"wp:featuredmedia":[{"embeddable":true,"href":"https:\/\/gifex.com\/fr\/wp-json\/wp\/v2\/media\/27528"}],"wp:attachment":[{"href":"https:\/\/gifex.com\/fr\/wp-json\/wp\/v2\/media?parent=27527"}],"wp:term":[{"taxonomy":"categoria_ficha","embeddable":true,"href":"https:\/\/gifex.com\/fr\/wp-json\/wp\/v2\/categoria_ficha?post=27527"}],"curies":[{"name":"wp","href":"https:\/\/api.w.org\/{rel}","templated":true}]}}

Où se trouve le Centre-du-Québec ?

<p style="text-align: center;"><label style="font-size: 15px;">Carte de localisation du Centre-du-Québec au Québec.</label></p>
<p>La région du Centre-du-Québec (en jaune sur la carte ci-dessus) est située non pas au centre géographique du Québec, mais plutôt « au cœur » de la vallée du Saint-Laurent, là où réside majoritairement la population québécoise. La région est située à mi-chemin entre les villes de Montréal et Québec, près du fleuve Saint-Laurent, ce qui lui confère son caractère central.</p>
<p>La région du Centre-du-Québec est bordée au nord, au-delà du fleuve Saint-Laurent, par la Mauricie, à l&#8217;ouest par la Montérégie, à l&#8217;est par la Chaudière-Appalaches et au sud par l&#8217;Estrie.</p>
<p>Le Centre-du-Québec se trouve aux coordonnées ; 46° 17′ nord, 72° 04′ ouest.</p>

<p>La région du Centre-du-Québec (en jaune sur la carte ci-dessus) est située non pas au centre géographique du Québec, mais plutôt « au cœur » de la vallée du Saint-Laurent, là où réside majoritairement la </p>
