{"id":27147,"date":"2022-12-09T00:51:34","date_gmt":"2022-12-09T00:51:34","guid":{"rendered":"https:\/\/gifex.com\/fr\/?post_type=ficha&#038;p=27147"},"modified":"2023-03-24T15:08:57","modified_gmt":"2023-03-24T15:08:57","slug":"carte-de-la-communaute-maritime-des-iles-de-la-madeleine","status":"publish","type":"ficha","link":"https:\/\/gifex.com\/fr\/fichier\/carte-de-la-communaute-maritime-des-iles-de-la-madeleine\/","title":{"rendered":"Carte de la communaut\u00e9 maritime des \u00celes-de-la-Madeleine"},"content":{"rendered":"<p style=\"text-align: center;\"><label style=\"font-size: 15px;\">Carte de la communaut\u00e9 maritime des \u00celes-de-la-Madeleine.<\/label><\/p>\n<p>La communaut\u00e9 maritime des \u00celes-de-la-Madeleine est une agglom\u00e9ration du Qu\u00e9bec et une municipalit\u00e9 r\u00e9gionale de comt\u00e9 g\u00e9ographique. Elle a \u00e9t\u00e9 cr\u00e9\u00e9e le 1er janvier 2006, \u00e0 la suite de la d\u00e9fusion de la municipalit\u00e9 de Grosse-\u00cele de celle de Les \u00celes-de-la-Madeleine.<\/p>\n<p><strong>Municipalit\u00e9s composant l&#8217;agglom\u00e9ration<\/strong><\/p>\n<table width=\"467\">\n<tbody>\n<tr>\n<td colspan=\"5\" width=\"467\">Agglom\u00e9ration des \u00celes-de-la-Madeleine<\/td>\n<\/tr>\n<tr>\n<td rowspan=\"2\" width=\"163\">Nom<\/td>\n<td rowspan=\"2\" width=\"85\">Type<\/td>\n<td width=\"75\">Population<\/td>\n<td width=\"70\">Superficie<\/td>\n<td width=\"74\">Densit\u00e9<\/td>\n<\/tr>\n<tr>\n<td>2016<\/td>\n<td width=\"70\">(km<sup>2<\/sup>)<\/td>\n<td width=\"74\">(hab.\/km<sup>2<\/sup>)<\/td>\n<\/tr>\n<tr>\n<td colspan=\"5\" width=\"467\">Municipalit\u00e9s locales<\/td>\n<\/tr>\n<tr>\n<td>Grosse-\u00cele<\/td>\n<td width=\"85\">Municipalit\u00e9<\/td>\n<td width=\"75\">465<\/td>\n<td width=\"70\">37,59<\/td>\n<td width=\"74\">12,4<\/td>\n<\/tr>\n<tr>\n<td>Les \u00celes-de-la-Madeleine<\/td>\n<td width=\"85\">Municipalit\u00e9<\/td>\n<td width=\"75\">12\u00a0010<\/td>\n<td width=\"70\">172,71<\/td>\n<td width=\"74\">69,5<\/td>\n<\/tr>\n<tr>\n<td colspan=\"2\" width=\"248\">Total<\/td>\n<td width=\"75\">12\u00a0475<\/td>\n<td width=\"70\">210,30<\/td>\n<td width=\"74\">59,3<\/td>\n<\/tr>\n<\/tbody>\n<\/table>\n","protected":false},"excerpt":{"rendered":"<p>La communaut\u00e9 maritime des \u00celes-de-la-Madeleine est une agglom\u00e9ration du Qu\u00e9bec et une municipalit\u00e9 r\u00e9gionale de comt\u00e9 g\u00e9ographique. Elle a \u00e9t\u00e9 cr\u00e9\u00e9e le 1er &#8230;<\/p>\n","protected":false},"author":1,"featured_media":27149,"template":"","categoria_ficha":[1921],"class_list":["post-27147","ficha","type-ficha","status-publish","has-post-thumbnail","hentry","categoria_ficha-cartes-de-la-gaspesie-iles-de-la-madeleine"],"acf":[],"_links":{"self":[{"href":"https:\/\/gifex.com\/fr\/wp-json\/wp\/v2\/ficha\/27147","targetHints":{"allow":["GET"]}}],"collection":[{"href":"https:\/\/gifex.com\/fr\/wp-json\/wp\/v2\/ficha"}],"about":[{"href":"https:\/\/gifex.com\/fr\/wp-json\/wp\/v2\/types\/ficha"}],"author":[{"embeddable":true,"href":"https:\/\/gifex.com\/fr\/wp-json\/wp\/v2\/users\/1"}],"version-history":[{"count":3,"href":"https:\/\/gifex.com\/fr\/wp-json\/wp\/v2\/ficha\/27147\/revisions"}],"predecessor-version":[{"id":36203,"href":"https:\/\/gifex.com\/fr\/wp-json\/wp\/v2\/ficha\/27147\/revisions\/36203"}],"wp:featuredmedia":[{"embeddable":true,"href":"https:\/\/gifex.com\/fr\/wp-json\/wp\/v2\/media\/27149"}],"wp:attachment":[{"href":"https:\/\/gifex.com\/fr\/wp-json\/wp\/v2\/media?parent=27147"}],"wp:term":[{"taxonomy":"categoria_ficha","embeddable":true,"href":"https:\/\/gifex.com\/fr\/wp-json\/wp\/v2\/categoria_ficha?post=27147"}],"curies":[{"name":"wp","href":"https:\/\/api.w.org\/{rel}","templated":true}]}}

Carte de la communauté maritime des Îles-de-la-Madeleine

<p style="text-align: center;"><label style="font-size: 15px;">Carte de la communauté maritime des Îles-de-la-Madeleine.</label></p>
<p>La communauté maritime des Îles-de-la-Madeleine est une agglomération du Québec et une municipalité régionale de comté géographique. Elle a été créée le 1er janvier 2006, à la suite de la défusion de la municipalité de Grosse-Île de celle de Les Îles-de-la-Madeleine.</p>
<p><strong>Municipalités composant l&#8217;agglomération</strong></p>
<table width="467">
<tbody>
<tr>
<td colspan="5" width="467">Agglomération des Îles-de-la-Madeleine</td>
</tr>
<tr>
<td rowspan="2" width="163">Nom</td>
<td rowspan="2" width="85">Type</td>
<td width="75">Population</td>
<td width="70">Superficie</td>
<td width="74">Densité</td>
</tr>
<tr>
<td>2016</td>
<td width="70">(km<sup>2</sup>)</td>
<td width="74">(hab./km<sup>2</sup>)</td>
</tr>
<tr>
<td colspan="5" width="467">Municipalités locales</td>
</tr>
<tr>
<td>Grosse-Île</td>
<td width="85">Municipalité</td>
<td width="75">465</td>
<td width="70">37,59</td>
<td width="74">12,4</td>
</tr>
<tr>
<td>Les Îles-de-la-Madeleine</td>
<td width="85">Municipalité</td>
<td width="75">12 010</td>
<td width="70">172,71</td>
<td width="74">69,5</td>
</tr>
<tr>
<td colspan="2" width="248">Total</td>
<td width="75">12 475</td>
<td width="70">210,30</td>
<td width="74">59,3</td>
</tr>
</tbody>
</table>

<p>La communauté maritime des Îles-de-la-Madeleine est une agglomération du Québec et une municipalité régionale de comté géographique. Elle a été créée le 1er &#8230;</p>
