{"id":26308,"date":"2022-11-24T20:28:48","date_gmt":"2022-11-24T20:28:48","guid":{"rendered":"https:\/\/gifex.com\/fr\/?post_type=ficha&#038;p=26308"},"modified":"2023-03-24T13:51:19","modified_gmt":"2023-03-24T13:51:19","slug":"carte-de-la-mrc-de-memphremagog","status":"publish","type":"ficha","link":"https:\/\/gifex.com\/fr\/fichier\/carte-de-la-mrc-de-memphremagog\/","title":{"rendered":"Carte de la MRC de Memphr\u00e9magog"},"content":{"rendered":"<p style=\"text-align: center;\"><label style=\"font-size: 15px;\">Carte de la municipalit\u00e9 r\u00e9gionale de comt\u00e9 (MRC) de Memphr\u00e9magog.<\/label><\/p>\n<p>Memphr\u00e9magog est une municipalit\u00e9 r\u00e9gionale de comt\u00e9 (MRC) de la province du Qu\u00e9bec (Canada) dans la r\u00e9gion administrative de l&#8217;Estrie. Elle est compos\u00e9e de 17 municipalit\u00e9s et son chef-lieu est \u00e0 Magog.<\/p>\n<p><strong>Comp\u00e9tences<\/strong><\/p>\n<figure id=\"attachment_26310\" aria-describedby=\"caption-attachment-26310\" style=\"width: 360px\" class=\"wp-caption alignright\"><a href=\"https:\/\/gifex.com\/fr\/wp-content\/uploads\/26308\/Carte-de-Magog.jpg\" target=\"_blank\" rel=\"noopener\"><img decoding=\"async\" class=\"wp-image-26310\" title=\"Carte de Magog.\" src=\"https:\/\/gifex.com\/fr\/wp-content\/uploads\/26308\/Carte-de-Magog-300x115.jpg\" alt=\"Carte de Magog.\" width=\"360\" height=\"138\" srcset=\"https:\/\/gifex.com\/fr\/wp-content\/uploads\/26308\/Carte-de-Magog-300x115.jpg 300w, https:\/\/gifex.com\/fr\/wp-content\/uploads\/26308\/Carte-de-Magog-1024x393.jpg 1024w, https:\/\/gifex.com\/fr\/wp-content\/uploads\/26308\/Carte-de-Magog-768x294.jpg 768w, https:\/\/gifex.com\/fr\/wp-content\/uploads\/26308\/Carte-de-Magog.jpg 1200w\" sizes=\"(max-width: 360px) 100vw, 360px\" \/><\/a><figcaption id=\"caption-attachment-26310\" class=\"wp-caption-text\"><label style=\"font-size: 15px;\">Carte de Magog, chef-lieu de la municipalit\u00e9 r\u00e9gionale de comt\u00e9 (MRC) de Memphr\u00e9magog.<\/label><\/figcaption><\/figure>\n<p>En vertu des lois en vigueur, la Municipalit\u00e9 r\u00e9gionale de comt\u00e9 (MRC) de Memphr\u00e9magog assume obligatoirement les responsabilit\u00e9s suivantes :<\/p>\n<ul>\n<li>\u00c9laborer et maintenir en vigueur un sch\u00e9ma d\u2019am\u00e9nagement et de d\u00e9veloppement applicable \u00e0 l\u2019ensemble de son territoire (incluant l\u2019\u00e9laboration d\u2019une vision strat\u00e9gique de d\u00e9veloppement \u00e9conomique, social, culturel et environnemental);<\/li>\n<li>Voir \u00e0 ce que les plans et r\u00e8glements d\u2019urbanisme des municipalit\u00e9s locales soient conformes au sch\u00e9ma d\u2019am\u00e9nagement;<\/li>\n<li>Examiner l\u2019opportunit\u00e9 de certains travaux publics compte tenu du sch\u00e9ma d\u2019am\u00e9nagement ou de documents compl\u00e9mentaires;<\/li>\n<li>Pr\u00e9parer les r\u00f4les d\u2019\u00e9valuation fonci\u00e8re des municipalit\u00e9s locales r\u00e9gies par le Code municipal;<\/li>\n<li>Proc\u00e9der \u00e0 la vente des immeubles pour d\u00e9faut de paiement de taxes (pour les municipalit\u00e9s r\u00e9gies par le Code municipal);<\/li>\n<li>G\u00e9rer les cours d\u2019eau sous sa juridiction;<\/li>\n<li>Planifier la gestion des mati\u00e8res r\u00e9siduelles (plan de gestion des mati\u00e8res r\u00e9siduelles);<\/li>\n<li>Planifier la protection contre les incendies (sch\u00e9ma de couverture de risques en incendie);<\/li>\n<li>Assurer la mise en place et le financement du d\u00e9veloppement \u00e9conomique;<\/li>\n<li>Conclure une entente avec la S\u00fbret\u00e9 du Qu\u00e9bec.<\/li>\n<\/ul>\n<figure id=\"attachment_27749\" aria-describedby=\"caption-attachment-27749\" style=\"width: 360px\" class=\"wp-caption alignright\"><a href=\"https:\/\/gifex.com\/fr\/wp-content\/uploads\/26308\/Carte-du-territoire-et-limites-de-la-MRC-de-Memphremagog.jpg\" target=\"_blank\" rel=\"noopener\"><img fetchpriority=\"high\" decoding=\"async\" class=\"wp-image-27749\" title=\"Carte du territoire et limites de la MRC de Memphr\u00e9magog.\" src=\"https:\/\/gifex.com\/fr\/wp-content\/uploads\/26308\/Carte-du-territoire-et-limites-de-la-MRC-de-Memphremagog-229x300.jpg\" alt=\"Carte du territoire et limites de la MRC de Memphr\u00e9magog.\" width=\"360\" height=\"471\" srcset=\"https:\/\/gifex.com\/fr\/wp-content\/uploads\/26308\/Carte-du-territoire-et-limites-de-la-MRC-de-Memphremagog-229x300.jpg 229w, https:\/\/gifex.com\/fr\/wp-content\/uploads\/26308\/Carte-du-territoire-et-limites-de-la-MRC-de-Memphremagog-782x1024.jpg 782w, https:\/\/gifex.com\/fr\/wp-content\/uploads\/26308\/Carte-du-territoire-et-limites-de-la-MRC-de-Memphremagog-768x1005.jpg 768w, https:\/\/gifex.com\/fr\/wp-content\/uploads\/26308\/Carte-du-territoire-et-limites-de-la-MRC-de-Memphremagog-1174x1536.jpg 1174w, https:\/\/gifex.com\/fr\/wp-content\/uploads\/26308\/Carte-du-territoire-et-limites-de-la-MRC-de-Memphremagog-1565x2048.jpg 1565w, https:\/\/gifex.com\/fr\/wp-content\/uploads\/26308\/Carte-du-territoire-et-limites-de-la-MRC-de-Memphremagog-300x393.jpg 300w, https:\/\/gifex.com\/fr\/wp-content\/uploads\/26308\/Carte-du-territoire-et-limites-de-la-MRC-de-Memphremagog-1223x1600.jpg 1223w\" sizes=\"(max-width: 360px) 100vw, 360px\" \/><\/a><figcaption id=\"caption-attachment-27749\" class=\"wp-caption-text\"><label style=\"font-size: 15px;\">Carte du territoire et limites de la MRC de Memphr\u00e9magog.<\/label><\/figcaption><\/figure>\n<p><strong>Routes d&#8217;acc\u00e8s de la MRC de Brome-Missisquoi<\/strong><\/p>\n<p>Routes num\u00e9rot\u00e9es qui traversent la municipalit\u00e9 r\u00e9gionale de comt\u00e9 (MRC), y compris les routes externes qui commencent ou se terminent \u00e0 la fronti\u00e8re de la MRC\u00a0:<\/p>\n<p>Autoroutes<\/p>\n<ul>\n<li>A-10<\/li>\n<li>A-55<\/li>\n<\/ul>\n<p>Routes principales<\/p>\n<ul>\n<li>Route 108<\/li>\n<li>Route 112<\/li>\n<li>Route 141<\/li>\n<li>Route 143<\/li>\n<\/ul>\n<p>Routes secondaires<\/p>\n<ul>\n<li>Route 208<\/li>\n<li>Route 216<\/li>\n<li>Route 220<\/li>\n<li>Route 243<\/li>\n<li>Route 245<\/li>\n<li>Route 247<\/li>\n<\/ul>\n<p>Routes externes<\/p>\n<ul>\n<li>I-91<\/li>\n<li>US\u00a05<\/li>\n<li>VT\u00a0243<\/li>\n<\/ul>\n<p><strong>Municipalit\u00e9s<\/strong><\/p>\n<div class=\"boxscrl\">\n<table width=\"550\">\n<tbody>\n<tr>\n<td rowspan=\"2\" width=\"180\">Nom<\/td>\n<td rowspan=\"2\" width=\"151\">Type<\/td>\n<td width=\"75\">Population<\/td>\n<td width=\"70\">Superficie<\/td>\n<td width=\"74\">Densit\u00e9<\/td>\n<\/tr>\n<tr>\n<td width=\"75\">2014<\/td>\n<td width=\"70\">(km<sup>2<\/sup>)<\/td>\n<td width=\"74\">(hab.\/km<sup>2<\/sup>)<\/td>\n<\/tr>\n<tr>\n<td colspan=\"5\" width=\"550\">Municipalit\u00e9s locales<\/td>\n<\/tr>\n<tr>\n<td>Austin<\/td>\n<td width=\"151\">Municipalit\u00e9<\/td>\n<td width=\"75\">1\u00a0507<\/td>\n<td width=\"70\">73,77<\/td>\n<td width=\"74\">20,4<\/td>\n<\/tr>\n<tr>\n<td>Ayer&#8217;s Cliff<\/td>\n<td width=\"151\">Municipalit\u00e9 de village<\/td>\n<td width=\"75\">1\u00a0125<\/td>\n<td width=\"70\">5,44<\/td>\n<td width=\"74\">206,8<\/td>\n<\/tr>\n<tr>\n<td>Bolton-Est<\/td>\n<td width=\"151\">Municipalit\u00e9<\/td>\n<td width=\"75\">944<\/td>\n<td width=\"70\">78,69<\/td>\n<td width=\"74\">12,0<\/td>\n<\/tr>\n<tr>\n<td>Eastman<\/td>\n<td width=\"151\">Municipalit\u00e9<\/td>\n<td width=\"75\">1\u00a0820<\/td>\n<td width=\"70\">73,02<\/td>\n<td width=\"74\">24,9<\/td>\n<\/tr>\n<tr>\n<td>Hatley<\/td>\n<td width=\"151\">Municipalit\u00e9 de canton<\/td>\n<td width=\"75\">2\u00a0087<\/td>\n<td width=\"70\">71,61<\/td>\n<td width=\"74\">29,1<\/td>\n<\/tr>\n<tr>\n<td>Hatley<\/td>\n<td width=\"151\">Municipalit\u00e9<\/td>\n<td width=\"75\">784<\/td>\n<td width=\"70\">60,48<\/td>\n<td width=\"74\">13,0<\/td>\n<\/tr>\n<tr>\n<td>Magog<\/td>\n<td width=\"151\">Ville<\/td>\n<td width=\"75\">26\u00a0805<\/td>\n<td width=\"70\">144,43<\/td>\n<td width=\"74\">185,6<\/td>\n<\/tr>\n<tr>\n<td>North Hatley<\/td>\n<td width=\"151\">Municipalit\u00e9 de village<\/td>\n<td width=\"75\">681<\/td>\n<td width=\"70\">3,30<\/td>\n<td width=\"74\">206,4<\/td>\n<\/tr>\n<tr>\n<td>Ogden<\/td>\n<td width=\"151\">Municipalit\u00e9<\/td>\n<td width=\"75\">795<\/td>\n<td width=\"70\">74,71<\/td>\n<td width=\"74\">10,6<\/td>\n<\/tr>\n<tr>\n<td>Orford<\/td>\n<td width=\"151\">Municipalit\u00e9 de canton<\/td>\n<td width=\"75\">3\u00a0901<\/td>\n<td width=\"70\">136,95<\/td>\n<td width=\"74\">28,5<\/td>\n<\/tr>\n<tr>\n<td>Potton<\/td>\n<td width=\"151\">Municipalit\u00e9 de canton<\/td>\n<td width=\"75\">1\u00a0836<\/td>\n<td width=\"70\">260,20<\/td>\n<td width=\"74\">7,1<\/td>\n<\/tr>\n<tr>\n<td>Saint-Beno\u00eet-du-Lac<\/td>\n<td width=\"151\">Municipalit\u00e9<\/td>\n<td width=\"75\">48<\/td>\n<td width=\"70\">2,19<\/td>\n<td width=\"74\">21,9<\/td>\n<\/tr>\n<tr>\n<td>Sainte-Catherine-de-Hatley<\/td>\n<td width=\"151\">Municipalit\u00e9<\/td>\n<td width=\"75\">2\u00a0512<\/td>\n<td width=\"70\">86,36<\/td>\n<td width=\"74\">29,1<\/td>\n<\/tr>\n<tr>\n<td>Saint-\u00c9tienne-de-Bolton<\/td>\n<td width=\"151\">Municipalit\u00e9<\/td>\n<td width=\"75\">573<\/td>\n<td width=\"70\">47,82<\/td>\n<td width=\"74\">12,0<\/td>\n<\/tr>\n<tr>\n<td>Stanstead<\/td>\n<td width=\"151\">Municipalit\u00e9 de canton<\/td>\n<td width=\"75\">1\u00a0001<\/td>\n<td width=\"70\">113,15<\/td>\n<td width=\"74\">8,8<\/td>\n<\/tr>\n<tr>\n<td>Stanstead<\/td>\n<td width=\"151\">Ville<\/td>\n<td width=\"75\">2\u00a0876<\/td>\n<td width=\"70\">21,97<\/td>\n<td width=\"74\">130,9<\/td>\n<\/tr>\n<tr>\n<td>Stukely-Sud<\/td>\n<td width=\"151\">Municipalit\u00e9 de village<\/td>\n<td width=\"75\">1\u00a0010<\/td>\n<td width=\"70\">63,24<\/td>\n<td width=\"74\">16,0<\/td>\n<\/tr>\n<tr>\n<td colspan=\"2\" width=\"331\">Total<\/td>\n<td width=\"75\">50\u00a0305<\/td>\n<td width=\"70\">1\u00a0317,33<\/td>\n<td width=\"74\">38,2<\/td>\n<\/tr>\n<\/tbody>\n<\/table>\n<\/div>\n","protected":false},"excerpt":{"rendered":"<p>Memphr\u00e9magog est une municipalit\u00e9 r\u00e9gionale de comt\u00e9 (MRC) de la province du Qu\u00e9bec (Canada) dans la r\u00e9gion administrative de l&#8217;Estrie. Elle est compos\u00e9e de 17 <\/p>\n","protected":false},"author":1,"featured_media":27748,"template":"","categoria_ficha":[1915],"class_list":["post-26308","ficha","type-ficha","status-publish","has-post-thumbnail","hentry","categoria_ficha-cartes-de-l-estrie"],"acf":[],"_links":{"self":[{"href":"https:\/\/gifex.com\/fr\/wp-json\/wp\/v2\/ficha\/26308","targetHints":{"allow":["GET"]}}],"collection":[{"href":"https:\/\/gifex.com\/fr\/wp-json\/wp\/v2\/ficha"}],"about":[{"href":"https:\/\/gifex.com\/fr\/wp-json\/wp\/v2\/types\/ficha"}],"author":[{"embeddable":true,"href":"https:\/\/gifex.com\/fr\/wp-json\/wp\/v2\/users\/1"}],"version-history":[{"count":9,"href":"https:\/\/gifex.com\/fr\/wp-json\/wp\/v2\/ficha\/26308\/revisions"}],"predecessor-version":[{"id":35996,"href":"https:\/\/gifex.com\/fr\/wp-json\/wp\/v2\/ficha\/26308\/revisions\/35996"}],"wp:featuredmedia":[{"embeddable":true,"href":"https:\/\/gifex.com\/fr\/wp-json\/wp\/v2\/media\/27748"}],"wp:attachment":[{"href":"https:\/\/gifex.com\/fr\/wp-json\/wp\/v2\/media?parent=26308"}],"wp:term":[{"taxonomy":"categoria_ficha","embeddable":true,"href":"https:\/\/gifex.com\/fr\/wp-json\/wp\/v2\/categoria_ficha?post=26308"}],"curies":[{"name":"wp","href":"https:\/\/api.w.org\/{rel}","templated":true}]}}

Carte de la MRC de Memphrémagog

<p style="text-align: center;"><label style="font-size: 15px;">Carte de la municipalité régionale de comté (MRC) de Memphrémagog.</label></p>
<p>Memphrémagog est une municipalité régionale de comté (MRC) de la province du Québec (Canada) dans la région administrative de l&#8217;Estrie. Elle est composée de 17 municipalités et son chef-lieu est à Magog.</p>
<p><strong>Compétences</strong></p>
<figure id="attachment_26310" aria-describedby="caption-attachment-26310" style="width: 360px" class="wp-caption alignright"><a href="https://gifex.com/fr/wp-content/uploads/26308/Carte-de-Magog.jpg" target="_blank" rel="noopener"><img decoding="async" class="wp-image-26310" title="Carte de Magog." src="https://gifex.com/fr/wp-content/uploads/26308/Carte-de-Magog-300x115.jpg" alt="Carte de Magog." width="360" height="138" srcset="https://gifex.com/fr/wp-content/uploads/26308/Carte-de-Magog-300x115.jpg 300w, https://gifex.com/fr/wp-content/uploads/26308/Carte-de-Magog-1024x393.jpg 1024w, https://gifex.com/fr/wp-content/uploads/26308/Carte-de-Magog-768x294.jpg 768w, https://gifex.com/fr/wp-content/uploads/26308/Carte-de-Magog.jpg 1200w" sizes="(max-width: 360px) 100vw, 360px" /></a><figcaption id="caption-attachment-26310" class="wp-caption-text"><label style="font-size: 15px;">Carte de Magog, chef-lieu de la municipalité régionale de comté (MRC) de Memphrémagog.</label></figcaption></figure>
<p>En vertu des lois en vigueur, la Municipalité régionale de comté (MRC) de Memphrémagog assume obligatoirement les responsabilités suivantes :</p>
<ul>
<li>Élaborer et maintenir en vigueur un schéma d’aménagement et de développement applicable à l’ensemble de son territoire (incluant l’élaboration d’une vision stratégique de développement économique, social, culturel et environnemental);</li>
<li>Voir à ce que les plans et règlements d’urbanisme des municipalités locales soient conformes au schéma d’aménagement;</li>
<li>Examiner l’opportunité de certains travaux publics compte tenu du schéma d’aménagement ou de documents complémentaires;</li>
<li>Préparer les rôles d’évaluation foncière des municipalités locales régies par le Code municipal;</li>
<li>Procéder à la vente des immeubles pour défaut de paiement de taxes (pour les municipalités régies par le Code municipal);</li>
<li>Gérer les cours d’eau sous sa juridiction;</li>
<li>Planifier la gestion des matières résiduelles (plan de gestion des matières résiduelles);</li>
<li>Planifier la protection contre les incendies (schéma de couverture de risques en incendie);</li>
<li>Assurer la mise en place et le financement du développement économique;</li>
<li>Conclure une entente avec la Sûreté du Québec.</li>
</ul>
<figure id="attachment_27749" aria-describedby="caption-attachment-27749" style="width: 360px" class="wp-caption alignright"><a href="https://gifex.com/fr/wp-content/uploads/26308/Carte-du-territoire-et-limites-de-la-MRC-de-Memphremagog.jpg" target="_blank" rel="noopener"><img fetchpriority="high" decoding="async" class="wp-image-27749" title="Carte du territoire et limites de la MRC de Memphrémagog." src="https://gifex.com/fr/wp-content/uploads/26308/Carte-du-territoire-et-limites-de-la-MRC-de-Memphremagog-229x300.jpg" alt="Carte du territoire et limites de la MRC de Memphrémagog." width="360" height="471" srcset="https://gifex.com/fr/wp-content/uploads/26308/Carte-du-territoire-et-limites-de-la-MRC-de-Memphremagog-229x300.jpg 229w, https://gifex.com/fr/wp-content/uploads/26308/Carte-du-territoire-et-limites-de-la-MRC-de-Memphremagog-782x1024.jpg 782w, https://gifex.com/fr/wp-content/uploads/26308/Carte-du-territoire-et-limites-de-la-MRC-de-Memphremagog-768x1005.jpg 768w, https://gifex.com/fr/wp-content/uploads/26308/Carte-du-territoire-et-limites-de-la-MRC-de-Memphremagog-1174x1536.jpg 1174w, https://gifex.com/fr/wp-content/uploads/26308/Carte-du-territoire-et-limites-de-la-MRC-de-Memphremagog-1565x2048.jpg 1565w, https://gifex.com/fr/wp-content/uploads/26308/Carte-du-territoire-et-limites-de-la-MRC-de-Memphremagog-300x393.jpg 300w, https://gifex.com/fr/wp-content/uploads/26308/Carte-du-territoire-et-limites-de-la-MRC-de-Memphremagog-1223x1600.jpg 1223w" sizes="(max-width: 360px) 100vw, 360px" /></a><figcaption id="caption-attachment-27749" class="wp-caption-text"><label style="font-size: 15px;">Carte du territoire et limites de la MRC de Memphrémagog.</label></figcaption></figure>
<p><strong>Routes d&#8217;accès de la MRC de Brome-Missisquoi</strong></p>
<p>Routes numérotées qui traversent la municipalité régionale de comté (MRC), y compris les routes externes qui commencent ou se terminent à la frontière de la MRC :</p>
<p>Autoroutes</p>
<ul>
<li>A-10</li>
<li>A-55</li>
</ul>
<p>Routes principales</p>
<ul>
<li>Route 108</li>
<li>Route 112</li>
<li>Route 141</li>
<li>Route 143</li>
</ul>
<p>Routes secondaires</p>
<ul>
<li>Route 208</li>
<li>Route 216</li>
<li>Route 220</li>
<li>Route 243</li>
<li>Route 245</li>
<li>Route 247</li>
</ul>
<p>Routes externes</p>
<ul>
<li>I-91</li>
<li>US 5</li>
<li>VT 243</li>
</ul>
<p><strong>Municipalités</strong></p>
<div class="boxscrl">
<table width="550">
<tbody>
<tr>
<td rowspan="2" width="180">Nom</td>
<td rowspan="2" width="151">Type</td>
<td width="75">Population</td>
<td width="70">Superficie</td>
<td width="74">Densité</td>
</tr>
<tr>
<td width="75">2014</td>
<td width="70">(km<sup>2</sup>)</td>
<td width="74">(hab./km<sup>2</sup>)</td>
</tr>
<tr>
<td colspan="5" width="550">Municipalités locales</td>
</tr>
<tr>
<td>Austin</td>
<td width="151">Municipalité</td>
<td width="75">1 507</td>
<td width="70">73,77</td>
<td width="74">20,4</td>
</tr>
<tr>
<td>Ayer&#8217;s Cliff</td>
<td width="151">Municipalité de village</td>
<td width="75">1 125</td>
<td width="70">5,44</td>
<td width="74">206,8</td>
</tr>
<tr>
<td>Bolton-Est</td>
<td width="151">Municipalité</td>
<td width="75">944</td>
<td width="70">78,69</td>
<td width="74">12,0</td>
</tr>
<tr>
<td>Eastman</td>
<td width="151">Municipalité</td>
<td width="75">1 820</td>
<td width="70">73,02</td>
<td width="74">24,9</td>
</tr>
<tr>
<td>Hatley</td>
<td width="151">Municipalité de canton</td>
<td width="75">2 087</td>
<td width="70">71,61</td>
<td width="74">29,1</td>
</tr>
<tr>
<td>Hatley</td>
<td width="151">Municipalité</td>
<td width="75">784</td>
<td width="70">60,48</td>
<td width="74">13,0</td>
</tr>
<tr>
<td>Magog</td>
<td width="151">Ville</td>
<td width="75">26 805</td>
<td width="70">144,43</td>
<td width="74">185,6</td>
</tr>
<tr>
<td>North Hatley</td>
<td width="151">Municipalité de village</td>
<td width="75">681</td>
<td width="70">3,30</td>
<td width="74">206,4</td>
</tr>
<tr>
<td>Ogden</td>
<td width="151">Municipalité</td>
<td width="75">795</td>
<td width="70">74,71</td>
<td width="74">10,6</td>
</tr>
<tr>
<td>Orford</td>
<td width="151">Municipalité de canton</td>
<td width="75">3 901</td>
<td width="70">136,95</td>
<td width="74">28,5</td>
</tr>
<tr>
<td>Potton</td>
<td width="151">Municipalité de canton</td>
<td width="75">1 836</td>
<td width="70">260,20</td>
<td width="74">7,1</td>
</tr>
<tr>
<td>Saint-Benoît-du-Lac</td>
<td width="151">Municipalité</td>
<td width="75">48</td>
<td width="70">2,19</td>
<td width="74">21,9</td>
</tr>
<tr>
<td>Sainte-Catherine-de-Hatley</td>
<td width="151">Municipalité</td>
<td width="75">2 512</td>
<td width="70">86,36</td>
<td width="74">29,1</td>
</tr>
<tr>
<td>Saint-Étienne-de-Bolton</td>
<td width="151">Municipalité</td>
<td width="75">573</td>
<td width="70">47,82</td>
<td width="74">12,0</td>
</tr>
<tr>
<td>Stanstead</td>
<td width="151">Municipalité de canton</td>
<td width="75">1 001</td>
<td width="70">113,15</td>
<td width="74">8,8</td>
</tr>
<tr>
<td>Stanstead</td>
<td width="151">Ville</td>
<td width="75">2 876</td>
<td width="70">21,97</td>
<td width="74">130,9</td>
</tr>
<tr>
<td>Stukely-Sud</td>
<td width="151">Municipalité de village</td>
<td width="75">1 010</td>
<td width="70">63,24</td>
<td width="74">16,0</td>
</tr>
<tr>
<td colspan="2" width="331">Total</td>
<td width="75">50 305</td>
<td width="70">1 317,33</td>
<td width="74">38,2</td>
</tr>
</tbody>
</table>
</div>

<p>Memphrémagog est une municipalité régionale de comté (MRC) de la province du Québec (Canada) dans la région administrative de l&#8217;Estrie. Elle est composée de 17 </p>
