{"id":26097,"date":"2022-11-21T16:01:16","date_gmt":"2022-11-21T16:01:16","guid":{"rendered":"https:\/\/gifex.com\/fr\/?post_type=ficha&#038;p=26097"},"modified":"2023-03-24T13:54:41","modified_gmt":"2023-03-24T13:54:41","slug":"carte-de-la-mrc-de-lac-saint-jean-est","status":"publish","type":"ficha","link":"https:\/\/gifex.com\/fr\/fichier\/carte-de-la-mrc-de-lac-saint-jean-est\/","title":{"rendered":"Carte de la MRC de Lac-Saint-Jean-Est"},"content":{"rendered":"<p style=\"text-align: center;\"><label style=\"font-size: 15px;\">Carte de la municipalit\u00e9 r\u00e9gionale de comt\u00e9 (MRC) de Lac-Saint-Jean-Est.<\/label><\/p>\n<p>Lac-Saint-Jean-Est est une municipalit\u00e9 r\u00e9gionale de comt\u00e9 (MRC) et une circonscription fonci\u00e8re du Qu\u00e9bec (Canada) dans la r\u00e9gion du Saguenay\u2013Lac-Saint-Jean. Elle a \u00e9t\u00e9 constitu\u00e9e le 1er janvier 1982. Le chef-lieu de la MRC est la ville d&#8217;Alma. Ses bureaux administratifs ainsi que le si\u00e8ge du conseil s&#8217;y retrouvent.<\/p>\n<figure id=\"attachment_26099\" aria-describedby=\"caption-attachment-26099\" style=\"width: 360px\" class=\"wp-caption alignright\"><a href=\"https:\/\/gifex.com\/fr\/wp-content\/uploads\/26097\/Carte-de-la-ville-d-Alma.jpg\" target=\"_blank\" rel=\"noopener\"><img fetchpriority=\"high\" decoding=\"async\" class=\"wp-image-26099\" title=\"Carte de la ville d'Alma.\" src=\"https:\/\/gifex.com\/fr\/wp-content\/uploads\/26097\/Carte-de-la-ville-d-Alma-300x238.jpg\" alt=\"Carte de la ville d'Alma.\" width=\"360\" height=\"286\" srcset=\"https:\/\/gifex.com\/fr\/wp-content\/uploads\/26097\/Carte-de-la-ville-d-Alma-300x238.jpg 300w, https:\/\/gifex.com\/fr\/wp-content\/uploads\/26097\/Carte-de-la-ville-d-Alma.jpg 699w\" sizes=\"(max-width: 360px) 100vw, 360px\" \/><\/a><figcaption id=\"caption-attachment-26099\" class=\"wp-caption-text\"><label style=\"font-size: 15px;\">Carte de la ville d&#8217;Alma, chef-lieu de la municipalit\u00e9 r\u00e9gionale de comt\u00e9 (MRC) de Lac-Saint-Jean-Est.<\/label><\/figcaption><\/figure>\n<p><strong>Population<\/strong><\/p>\n<p>La population de la municipalit\u00e9 r\u00e9gionale de comt\u00e9 de Lac-Saint-Jean-Est s\u2019\u00e9tablit \u00e0 52 520 habitants selon Statistiques Canada\u00a0(recensement 2011). Depuis 2006, la tendance d\u00e9mographique, qui \u00e9tait \u00e0 la baisse depuis plusieurs recensements, s&#8217;est invers\u00e9e. La tendance actuelle est \u00e0 une stabilisation de la population et \u00e0 une augmentation du nombre de m\u00e9nages.<\/p>\n<p><strong>\u00c9conomie<\/strong><\/p>\n<p>L\u2019\u00e9conomie de la MRC de Lac-Saint-Jean-Est repose principalement sur trois \u00e9l\u00e9ments importants que sont l\u2019industrie manufacturi\u00e8re, le commerce de d\u00e9tail et les services publics. La grande industrie est bien s\u00fbr \u00e0 la base de l\u2019\u00e9conomie de la MRC avec la pr\u00e9sence de Rio-Tinto Alcan et de Produits forestiers R\u00c9SOLU qui g\u00e9n\u00e8rent un tr\u00e8s grand nombre d\u2019emplois.<\/p>\n<p><strong>Routes d&#8217;acc\u00e8s de la MRC de Lac-Saint-Jean-Est<\/strong><\/p>\n<p>Routes num\u00e9rot\u00e9es qui traversent la municipalit\u00e9 r\u00e9gionale de comt\u00e9 (MRC), y compris les routes externes qui commencent ou se terminent \u00e0 la fronti\u00e8re de la MRC\u00a0:<\/p>\n<p>Routes principales<\/p>\n<ul>\n<li>Route 169<\/li>\n<li>Route 170<\/li>\n<li>Route 172<\/li>\n<\/ul>\n<p><strong>Subdivisions municipales<\/strong><\/p>\n<div class=\"boxscrl\">\n<table width=\"510\">\n<tbody>\n<tr>\n<td rowspan=\"2\" width=\"204\">Nom<\/td>\n<td rowspan=\"2\" width=\"161\">Type<\/td>\n<td width=\"75\">Population<\/td>\n<td width=\"70\">Superficie<\/td>\n<\/tr>\n<tr>\n<td>2021<\/td>\n<td width=\"70\">(km<sup>2<\/sup>)<\/td>\n<\/tr>\n<tr>\n<td colspan=\"4\" width=\"510\">Municipalit\u00e9s locales<\/td>\n<\/tr>\n<tr>\n<td>Alma<\/td>\n<td>Ville<\/td>\n<td width=\"75\">30\u00a0331<\/td>\n<td width=\"70\">194,96<\/td>\n<\/tr>\n<tr>\n<td>Desbiens<\/td>\n<td>Ville<\/td>\n<td width=\"75\">995<\/td>\n<td width=\"70\">10,51<\/td>\n<\/tr>\n<tr>\n<td>H\u00e9bertville<\/td>\n<td>Municipalit\u00e9<\/td>\n<td width=\"75\">2\u00a0500<\/td>\n<td width=\"70\">260,51<\/td>\n<\/tr>\n<tr>\n<td>H\u00e9bertville-Station<\/td>\n<td>Municipalit\u00e9 de village<\/td>\n<td width=\"75\">1\u00a0229<\/td>\n<td width=\"70\">33,13<\/td>\n<\/tr>\n<tr>\n<td>L&#8217;Ascension-de-Notre-Seigneur<\/td>\n<td>Municipalit\u00e9 de paroisse<\/td>\n<td width=\"75\">2\u00a0079<\/td>\n<td width=\"70\">131,17<\/td>\n<\/tr>\n<tr>\n<td>Labrecque<\/td>\n<td>Municipalit\u00e9<\/td>\n<td width=\"75\">1\u00a0328<\/td>\n<td width=\"70\">152,46<\/td>\n<\/tr>\n<tr>\n<td>Lamarche<\/td>\n<td>Municipalit\u00e9<\/td>\n<td width=\"75\">476<\/td>\n<td width=\"70\">81,32<\/td>\n<\/tr>\n<tr>\n<td>M\u00e9tabetchouan\u2013Lac-\u00e0-la-Croix<\/td>\n<td>Ville<\/td>\n<td width=\"75\">4\u00a0121<\/td>\n<td width=\"70\">188,44<\/td>\n<\/tr>\n<tr>\n<td>Saint-Bruno<\/td>\n<td>Municipalit\u00e9<\/td>\n<td width=\"75\">2\u00a0902<\/td>\n<td width=\"70\">77,51<\/td>\n<\/tr>\n<tr>\n<td>Saint-G\u00e9d\u00e9on<\/td>\n<td>Municipalit\u00e9<\/td>\n<td width=\"75\">2\u00a0177<\/td>\n<td width=\"70\">63,15<\/td>\n<\/tr>\n<tr>\n<td>Saint-Henri-de-Taillon<\/td>\n<td>Municipalit\u00e9<\/td>\n<td width=\"75\">803<\/td>\n<td width=\"70\">62,49<\/td>\n<\/tr>\n<tr>\n<td>Saint-Ludger-de-Milot<\/td>\n<td>Municipalit\u00e9<\/td>\n<td width=\"75\">637<\/td>\n<td width=\"70\">107,01<\/td>\n<\/tr>\n<tr>\n<td>Saint-Nazaire<\/td>\n<td>Municipalit\u00e9<\/td>\n<td width=\"75\">2\u00a0062<\/td>\n<td width=\"70\">144,88<\/td>\n<\/tr>\n<tr>\n<td>Sainte-Monique<\/td>\n<td>Municipalit\u00e9<\/td>\n<td width=\"75\">858<\/td>\n<td width=\"70\">151,69<\/td>\n<\/tr>\n<tr>\n<td colspan=\"4\" width=\"510\">Territoires non organis\u00e9s<\/td>\n<\/tr>\n<tr>\n<td colspan=\"2\">Belle-Rivi\u00e8re<\/td>\n<td width=\"75\">10<\/td>\n<td width=\"70\">613,81<\/td>\n<\/tr>\n<tr>\n<td colspan=\"2\">Lac-Achouakan<\/td>\n<td width=\"75\">0<\/td>\n<td width=\"70\">233,97<\/td>\n<\/tr>\n<tr>\n<td colspan=\"2\">Lac-Moncouche<\/td>\n<td width=\"75\">0<\/td>\n<td width=\"70\">251,99<\/td>\n<\/tr>\n<tr>\n<td colspan=\"2\">Mont-Apica<\/td>\n<td width=\"75\">0<\/td>\n<td width=\"70\">12,62<\/td>\n<\/tr>\n<tr>\n<td colspan=\"2\" width=\"365\">Total<\/td>\n<td width=\"75\">52\u00a0508<\/td>\n<td width=\"70\">2\u00a0771,62<\/td>\n<\/tr>\n<\/tbody>\n<\/table>\n<\/div>\n","protected":false},"excerpt":{"rendered":"<p>Lac-Saint-Jean-Est est une municipalit\u00e9 r\u00e9gionale de comt\u00e9 (MRC) et une circonscription fonci\u00e8re du Qu\u00e9bec (Canada) dans la r\u00e9gion du Saguenay\u2013Lac-Saint-Jean. <\/p>\n","protected":false},"author":1,"featured_media":26149,"template":"","categoria_ficha":[1913],"class_list":["post-26097","ficha","type-ficha","status-publish","has-post-thumbnail","hentry","categoria_ficha-cartes-du-saguenay-lac-saint-jean"],"acf":[],"_links":{"self":[{"href":"https:\/\/gifex.com\/fr\/wp-json\/wp\/v2\/ficha\/26097","targetHints":{"allow":["GET"]}}],"collection":[{"href":"https:\/\/gifex.com\/fr\/wp-json\/wp\/v2\/ficha"}],"about":[{"href":"https:\/\/gifex.com\/fr\/wp-json\/wp\/v2\/types\/ficha"}],"author":[{"embeddable":true,"href":"https:\/\/gifex.com\/fr\/wp-json\/wp\/v2\/users\/1"}],"version-history":[{"count":7,"href":"https:\/\/gifex.com\/fr\/wp-json\/wp\/v2\/ficha\/26097\/revisions"}],"predecessor-version":[{"id":36009,"href":"https:\/\/gifex.com\/fr\/wp-json\/wp\/v2\/ficha\/26097\/revisions\/36009"}],"wp:featuredmedia":[{"embeddable":true,"href":"https:\/\/gifex.com\/fr\/wp-json\/wp\/v2\/media\/26149"}],"wp:attachment":[{"href":"https:\/\/gifex.com\/fr\/wp-json\/wp\/v2\/media?parent=26097"}],"wp:term":[{"taxonomy":"categoria_ficha","embeddable":true,"href":"https:\/\/gifex.com\/fr\/wp-json\/wp\/v2\/categoria_ficha?post=26097"}],"curies":[{"name":"wp","href":"https:\/\/api.w.org\/{rel}","templated":true}]}}

<p style="text-align: center;"><label style="font-size: 15px;">Carte de la municipalité régionale de comté (MRC) de Lac-Saint-Jean-Est.</label></p>
<p>Lac-Saint-Jean-Est est une municipalité régionale de comté (MRC) et une circonscription foncière du Québec (Canada) dans la région du Saguenay–Lac-Saint-Jean. Elle a été constituée le 1er janvier 1982. Le chef-lieu de la MRC est la ville d&#8217;Alma. Ses bureaux administratifs ainsi que le siège du conseil s&#8217;y retrouvent.</p>
<figure id="attachment_26099" aria-describedby="caption-attachment-26099" style="width: 360px" class="wp-caption alignright"><a href="https://gifex.com/fr/wp-content/uploads/26097/Carte-de-la-ville-d-Alma.jpg" target="_blank" rel="noopener"><img fetchpriority="high" decoding="async" class="wp-image-26099" title="Carte de la ville d'Alma." src="https://gifex.com/fr/wp-content/uploads/26097/Carte-de-la-ville-d-Alma-300x238.jpg" alt="Carte de la ville d'Alma." width="360" height="286" srcset="https://gifex.com/fr/wp-content/uploads/26097/Carte-de-la-ville-d-Alma-300x238.jpg 300w, https://gifex.com/fr/wp-content/uploads/26097/Carte-de-la-ville-d-Alma.jpg 699w" sizes="(max-width: 360px) 100vw, 360px" /></a><figcaption id="caption-attachment-26099" class="wp-caption-text"><label style="font-size: 15px;">Carte de la ville d&#8217;Alma, chef-lieu de la municipalité régionale de comté (MRC) de Lac-Saint-Jean-Est.</label></figcaption></figure>
<p><strong>Population</strong></p>
<p>La population de la municipalité régionale de comté de Lac-Saint-Jean-Est s’établit à 52 520 habitants selon Statistiques Canada (recensement 2011). Depuis 2006, la tendance démographique, qui était à la baisse depuis plusieurs recensements, s&#8217;est inversée. La tendance actuelle est à une stabilisation de la population et à une augmentation du nombre de ménages.</p>
<p><strong>Économie</strong></p>
<p>L’économie de la MRC de Lac-Saint-Jean-Est repose principalement sur trois éléments importants que sont l’industrie manufacturière, le commerce de détail et les services publics. La grande industrie est bien sûr à la base de l’économie de la MRC avec la présence de Rio-Tinto Alcan et de Produits forestiers RÉSOLU qui génèrent un très grand nombre d’emplois.</p>
<p><strong>Routes d&#8217;accès de la MRC de Lac-Saint-Jean-Est</strong></p>
<p>Routes numérotées qui traversent la municipalité régionale de comté (MRC), y compris les routes externes qui commencent ou se terminent à la frontière de la MRC :</p>
<p>Routes principales</p>
<ul>
<li>Route 169</li>
<li>Route 170</li>
<li>Route 172</li>
</ul>
<p><strong>Subdivisions municipales</strong></p>
<div class="boxscrl">
<table width="510">
<tbody>
<tr>
<td rowspan="2" width="204">Nom</td>
<td rowspan="2" width="161">Type</td>
<td width="75">Population</td>
<td width="70">Superficie</td>
</tr>
<tr>
<td>2021</td>
<td width="70">(km<sup>2</sup>)</td>
</tr>
<tr>
<td colspan="4" width="510">Municipalités locales</td>
</tr>
<tr>
<td>Alma</td>
<td>Ville</td>
<td width="75">30 331</td>
<td width="70">194,96</td>
</tr>
<tr>
<td>Desbiens</td>
<td>Ville</td>
<td width="75">995</td>
<td width="70">10,51</td>
</tr>
<tr>
<td>Hébertville</td>
<td>Municipalité</td>
<td width="75">2 500</td>
<td width="70">260,51</td>
</tr>
<tr>
<td>Hébertville-Station</td>
<td>Municipalité de village</td>
<td width="75">1 229</td>
<td width="70">33,13</td>
</tr>
<tr>
<td>L&#8217;Ascension-de-Notre-Seigneur</td>
<td>Municipalité de paroisse</td>
<td width="75">2 079</td>
<td width="70">131,17</td>
</tr>
<tr>
<td>Labrecque</td>
<td>Municipalité</td>
<td width="75">1 328</td>
<td width="70">152,46</td>
</tr>
<tr>
<td>Lamarche</td>
<td>Municipalité</td>
<td width="75">476</td>
<td width="70">81,32</td>
</tr>
<tr>
<td>Métabetchouan–Lac-à-la-Croix</td>
<td>Ville</td>
<td width="75">4 121</td>
<td width="70">188,44</td>
</tr>
<tr>
<td>Saint-Bruno</td>
<td>Municipalité</td>
<td width="75">2 902</td>
<td width="70">77,51</td>
</tr>
<tr>
<td>Saint-Gédéon</td>
<td>Municipalité</td>
<td width="75">2 177</td>
<td width="70">63,15</td>
</tr>
<tr>
<td>Saint-Henri-de-Taillon</td>
<td>Municipalité</td>
<td width="75">803</td>
<td width="70">62,49</td>
</tr>
<tr>
<td>Saint-Ludger-de-Milot</td>
<td>Municipalité</td>
<td width="75">637</td>
<td width="70">107,01</td>
</tr>
<tr>
<td>Saint-Nazaire</td>
<td>Municipalité</td>
<td width="75">2 062</td>
<td width="70">144,88</td>
</tr>
<tr>
<td>Sainte-Monique</td>
<td>Municipalité</td>
<td width="75">858</td>
<td width="70">151,69</td>
</tr>
<tr>
<td colspan="4" width="510">Territoires non organisés</td>
</tr>
<tr>
<td colspan="2">Belle-Rivière</td>
<td width="75">10</td>
<td width="70">613,81</td>
</tr>
<tr>
<td colspan="2">Lac-Achouakan</td>
<td width="75">0</td>
<td width="70">233,97</td>
</tr>
<tr>
<td colspan="2">Lac-Moncouche</td>
<td width="75">0</td>
<td width="70">251,99</td>
</tr>
<tr>
<td colspan="2">Mont-Apica</td>
<td width="75">0</td>
<td width="70">12,62</td>
</tr>
<tr>
<td colspan="2" width="365">Total</td>
<td width="75">52 508</td>
<td width="70">2 771,62</td>
</tr>
</tbody>
</table>
</div>

<p>Lac-Saint-Jean-Est est une municipalité régionale de comté (MRC) et une circonscription foncière du Québec (Canada) dans la région du Saguenay–Lac-Saint-Jean. </p>
