{"id":25512,"date":"2022-11-08T18:51:30","date_gmt":"2022-11-08T18:51:30","guid":{"rendered":"https:\/\/gifex.com\/fr\/?post_type=ficha&#038;p=25512"},"modified":"2022-11-08T18:51:30","modified_gmt":"2022-11-08T18:51:30","slug":"population-et-demographie-de-guelmim-oued-noun","status":"publish","type":"ficha","link":"https:\/\/gifex.com\/fr\/fichier\/population-et-demographie-de-guelmim-oued-noun\/","title":{"rendered":"Population et d\u00e9mographie de Guelmim-Oued Noun"},"content":{"rendered":"<p style=\"text-align: center;\"><label style=\"font-size: 15px;\">Carte de densit\u00e9 communale de la population dans Guelmim-Oued Noun en 2014.<\/label><\/p>\n<figure id=\"attachment_25515\" aria-describedby=\"caption-attachment-25515\" style=\"width: 360px\" class=\"wp-caption alignright\"><a href=\"https:\/\/gifex.com\/fr\/wp-content\/uploads\/25512\/Repartition-de-la-population-de-Guelmim-Oued-Noun-en-2014-selon-les-provinces.jpg\" target=\"_blank\" rel=\"noopener\"><img fetchpriority=\"high\" decoding=\"async\" class=\"wp-image-25515\" title=\"R\u00e9partition de la population de Guelmim-Oued Noun en 2014 selon les provinces.\" src=\"https:\/\/gifex.com\/fr\/wp-content\/uploads\/25512\/Repartition-de-la-population-de-Guelmim-Oued-Noun-en-2014-selon-les-provinces-300x271.jpg\" alt=\"R\u00e9partition de la population de Guelmim-Oued Noun en 2014 selon les provinces.\" width=\"360\" height=\"325\" srcset=\"https:\/\/gifex.com\/fr\/wp-content\/uploads\/25512\/Repartition-de-la-population-de-Guelmim-Oued-Noun-en-2014-selon-les-provinces-300x271.jpg 300w, https:\/\/gifex.com\/fr\/wp-content\/uploads\/25512\/Repartition-de-la-population-de-Guelmim-Oued-Noun-en-2014-selon-les-provinces-768x694.jpg 768w, https:\/\/gifex.com\/fr\/wp-content\/uploads\/25512\/Repartition-de-la-population-de-Guelmim-Oued-Noun-en-2014-selon-les-provinces.jpg 957w\" sizes=\"(max-width: 360px) 100vw, 360px\" \/><\/a><figcaption id=\"caption-attachment-25515\" class=\"wp-caption-text\"><label style=\"font-size: 15px;\">R\u00e9partition de la population de Guelmim-Oued Noun en 2014 selon les provinces.<\/label><\/figcaption><\/figure>\n<p>Selon le Recensement G\u00e9n\u00e9ral de la Population et de l\u2019Habitat (RGPH) de 2014, la R\u00e9gion de Guelmim-Oued Noun compte 433.757 habitants dont 64,57% sont urbains.<\/p>\n<div class=\"boxscrl\">\n<table width=\"344\">\n<tbody>\n<tr>\n<td colspan=\"2\" width=\"344\">Population des Provinces<\/td>\n<\/tr>\n<tr>\n<td width=\"271\">Ensemble des deux milieux urbain et rural<\/td>\n<td width=\"73\">Population<\/td>\n<\/tr>\n<tr>\n<td width=\"271\">R\u00e9gion: Guelmim-Oued Noun<\/td>\n<td width=\"73\">433 757<\/td>\n<\/tr>\n<tr>\n<td width=\"271\">Province: Assa-Zag<\/td>\n<td width=\"73\">44 124<\/td>\n<\/tr>\n<tr>\n<td width=\"271\">Province: Guelmim<\/td>\n<td width=\"73\">187 808<\/td>\n<\/tr>\n<tr>\n<td width=\"271\">Province: Sidi Ifni<\/td>\n<td width=\"73\">115 691<\/td>\n<\/tr>\n<tr>\n<td width=\"271\">Province: Tan-Tan<\/td>\n<td width=\"73\">86 134<\/td>\n<\/tr>\n<\/tbody>\n<\/table>\n<\/div>\n<p><label style=\"font-size: 15px;\">Source statistique: Haut Commissariat au Plan, Recensement G\u00e9n\u00e9ral de la Population et de l\u2019Habitat, 2014.<\/label><\/p>\n<figure id=\"attachment_25517\" aria-describedby=\"caption-attachment-25517\" style=\"width: 360px\" class=\"wp-caption alignright\"><a href=\"https:\/\/gifex.com\/fr\/wp-content\/uploads\/25512\/Carte-du-taux-d-accroissement-de-la-population-des-Provinces-de-Guelmim-Oued-Noun-entre-2004-et-2014.jpg\" target=\"_blank\" rel=\"noopener\"><img decoding=\"async\" class=\"wp-image-25517\" title=\"Carte du taux d'accroissement de la population des Provinces de Guelmim-Oued Noun entre 2004 et 2014.\" src=\"https:\/\/gifex.com\/fr\/wp-content\/uploads\/25512\/Carte-du-taux-d-accroissement-de-la-population-des-Provinces-de-Guelmim-Oued-Noun-entre-2004-et-2014-300x210.jpg\" alt=\"Carte du taux d'accroissement de la population des Provinces de Guelmim-Oued Noun entre 2004 et 2014.\" width=\"360\" height=\"251\" srcset=\"https:\/\/gifex.com\/fr\/wp-content\/uploads\/25512\/Carte-du-taux-d-accroissement-de-la-population-des-Provinces-de-Guelmim-Oued-Noun-entre-2004-et-2014-300x210.jpg 300w, https:\/\/gifex.com\/fr\/wp-content\/uploads\/25512\/Carte-du-taux-d-accroissement-de-la-population-des-Provinces-de-Guelmim-Oued-Noun-entre-2004-et-2014-1024x715.jpg 1024w, https:\/\/gifex.com\/fr\/wp-content\/uploads\/25512\/Carte-du-taux-d-accroissement-de-la-population-des-Provinces-de-Guelmim-Oued-Noun-entre-2004-et-2014-768x536.jpg 768w, https:\/\/gifex.com\/fr\/wp-content\/uploads\/25512\/Carte-du-taux-d-accroissement-de-la-population-des-Provinces-de-Guelmim-Oued-Noun-entre-2004-et-2014.jpg 1532w\" sizes=\"(max-width: 360px) 100vw, 360px\" \/><\/a><figcaption id=\"caption-attachment-25517\" class=\"wp-caption-text\"><label style=\"font-size: 15px;\">Carte du taux d&#8217;accroissement de la population des Provinces de Guelmim-Oued Noun entre 2004 et 2014.<\/label><\/figcaption><\/figure>\n<p>La r\u00e9partition de la population par province montre la dominance de la province de Guelmim qui concentre 43% de la population de la r\u00e9gion, alors que la province de Sidi Ifni ne regroupe que 27% de la population.<\/p>\n<p><strong>Densit\u00e9 de la population<\/strong><\/p>\n<p>La r\u00e9gion de Guelmim-Oued Noun, qui couvre 6,49% de la superficie du Royaume, abrite 1,28% de la population nationale en 2014. Ce qui se traduit par le tr\u00e8s faible niveau de la densit\u00e9 moyenne r\u00e9gionale qui est d\u2019environ 9,4 habitants au Km\u00b2, contre environ 47,6 au niveau national.<\/p>\n<p>Une forte disparit\u00e9 s\u2019observe, \u00e9tant donn\u00e9 que la ville de Guelmim concentre la plus grande partie de la population urbaine de la r\u00e9gion (50%).<\/p>\n<p>Entre 2004 et 2014, la population de la r\u00e9gion s\u2019est multipli\u00e9e par 1,1 avec un taux d\u2019accroissement annuel moyen atteignant 0,61%. Ce taux est consid\u00e9r\u00e9 comme le plus faible qui a \u00e9t\u00e9 enregistr\u00e9 au niveau des 12 r\u00e9gions du Royaume. Il est de 2,1% au niveau de la province de Tan-Tan, 1,2% \u00e0 Guelmim et un taux n\u00e9gatif de -1% au niveau de Sidi Ifni. Assa Zag enregistre un taux de 0,1%.<\/p>\n","protected":false},"excerpt":{"rendered":"<p>Carte de densit\u00e9 communale de la population dans Guelmim-Oued Noun en 2014. Selon le Recensement G\u00e9n\u00e9ral de la Population et de l\u2019Habitat (RGPH) de 2014, la &#8230;<\/p>\n","protected":false},"author":1,"featured_media":25514,"template":"","categoria_ficha":[1906],"class_list":["post-25512","ficha","type-ficha","status-publish","has-post-thumbnail","hentry","categoria_ficha-cartes-de-guelmim-oued-noun"],"acf":[],"_links":{"self":[{"href":"https:\/\/gifex.com\/fr\/wp-json\/wp\/v2\/ficha\/25512","targetHints":{"allow":["GET"]}}],"collection":[{"href":"https:\/\/gifex.com\/fr\/wp-json\/wp\/v2\/ficha"}],"about":[{"href":"https:\/\/gifex.com\/fr\/wp-json\/wp\/v2\/types\/ficha"}],"author":[{"embeddable":true,"href":"https:\/\/gifex.com\/fr\/wp-json\/wp\/v2\/users\/1"}],"version-history":[{"count":3,"href":"https:\/\/gifex.com\/fr\/wp-json\/wp\/v2\/ficha\/25512\/revisions"}],"predecessor-version":[{"id":25568,"href":"https:\/\/gifex.com\/fr\/wp-json\/wp\/v2\/ficha\/25512\/revisions\/25568"}],"wp:featuredmedia":[{"embeddable":true,"href":"https:\/\/gifex.com\/fr\/wp-json\/wp\/v2\/media\/25514"}],"wp:attachment":[{"href":"https:\/\/gifex.com\/fr\/wp-json\/wp\/v2\/media?parent=25512"}],"wp:term":[{"taxonomy":"categoria_ficha","embeddable":true,"href":"https:\/\/gifex.com\/fr\/wp-json\/wp\/v2\/categoria_ficha?post=25512"}],"curies":[{"name":"wp","href":"https:\/\/api.w.org\/{rel}","templated":true}]}}

Population et démographie de Guelmim-Oued Noun

<p style="text-align: center;"><label style="font-size: 15px;">Carte de densité communale de la population dans Guelmim-Oued Noun en 2014.</label></p>
<figure id="attachment_25515" aria-describedby="caption-attachment-25515" style="width: 360px" class="wp-caption alignright"><a href="https://gifex.com/fr/wp-content/uploads/25512/Repartition-de-la-population-de-Guelmim-Oued-Noun-en-2014-selon-les-provinces.jpg" target="_blank" rel="noopener"><img fetchpriority="high" decoding="async" class="wp-image-25515" title="Répartition de la population de Guelmim-Oued Noun en 2014 selon les provinces." src="https://gifex.com/fr/wp-content/uploads/25512/Repartition-de-la-population-de-Guelmim-Oued-Noun-en-2014-selon-les-provinces-300x271.jpg" alt="Répartition de la population de Guelmim-Oued Noun en 2014 selon les provinces." width="360" height="325" srcset="https://gifex.com/fr/wp-content/uploads/25512/Repartition-de-la-population-de-Guelmim-Oued-Noun-en-2014-selon-les-provinces-300x271.jpg 300w, https://gifex.com/fr/wp-content/uploads/25512/Repartition-de-la-population-de-Guelmim-Oued-Noun-en-2014-selon-les-provinces-768x694.jpg 768w, https://gifex.com/fr/wp-content/uploads/25512/Repartition-de-la-population-de-Guelmim-Oued-Noun-en-2014-selon-les-provinces.jpg 957w" sizes="(max-width: 360px) 100vw, 360px" /></a><figcaption id="caption-attachment-25515" class="wp-caption-text"><label style="font-size: 15px;">Répartition de la population de Guelmim-Oued Noun en 2014 selon les provinces.</label></figcaption></figure>
<p>Selon le Recensement Général de la Population et de l’Habitat (RGPH) de 2014, la Région de Guelmim-Oued Noun compte 433.757 habitants dont 64,57% sont urbains.</p>
<div class="boxscrl">
<table width="344">
<tbody>
<tr>
<td colspan="2" width="344">Population des Provinces</td>
</tr>
<tr>
<td width="271">Ensemble des deux milieux urbain et rural</td>
<td width="73">Population</td>
</tr>
<tr>
<td width="271">Région: Guelmim-Oued Noun</td>
<td width="73">433 757</td>
</tr>
<tr>
<td width="271">Province: Assa-Zag</td>
<td width="73">44 124</td>
</tr>
<tr>
<td width="271">Province: Guelmim</td>
<td width="73">187 808</td>
</tr>
<tr>
<td width="271">Province: Sidi Ifni</td>
<td width="73">115 691</td>
</tr>
<tr>
<td width="271">Province: Tan-Tan</td>
<td width="73">86 134</td>
</tr>
</tbody>
</table>
</div>
<p><label style="font-size: 15px;">Source statistique: Haut Commissariat au Plan, Recensement Général de la Population et de l’Habitat, 2014.</label></p>
<figure id="attachment_25517" aria-describedby="caption-attachment-25517" style="width: 360px" class="wp-caption alignright"><a href="https://gifex.com/fr/wp-content/uploads/25512/Carte-du-taux-d-accroissement-de-la-population-des-Provinces-de-Guelmim-Oued-Noun-entre-2004-et-2014.jpg" target="_blank" rel="noopener"><img decoding="async" class="wp-image-25517" title="Carte du taux d'accroissement de la population des Provinces de Guelmim-Oued Noun entre 2004 et 2014." src="https://gifex.com/fr/wp-content/uploads/25512/Carte-du-taux-d-accroissement-de-la-population-des-Provinces-de-Guelmim-Oued-Noun-entre-2004-et-2014-300x210.jpg" alt="Carte du taux d'accroissement de la population des Provinces de Guelmim-Oued Noun entre 2004 et 2014." width="360" height="251" srcset="https://gifex.com/fr/wp-content/uploads/25512/Carte-du-taux-d-accroissement-de-la-population-des-Provinces-de-Guelmim-Oued-Noun-entre-2004-et-2014-300x210.jpg 300w, https://gifex.com/fr/wp-content/uploads/25512/Carte-du-taux-d-accroissement-de-la-population-des-Provinces-de-Guelmim-Oued-Noun-entre-2004-et-2014-1024x715.jpg 1024w, https://gifex.com/fr/wp-content/uploads/25512/Carte-du-taux-d-accroissement-de-la-population-des-Provinces-de-Guelmim-Oued-Noun-entre-2004-et-2014-768x536.jpg 768w, https://gifex.com/fr/wp-content/uploads/25512/Carte-du-taux-d-accroissement-de-la-population-des-Provinces-de-Guelmim-Oued-Noun-entre-2004-et-2014.jpg 1532w" sizes="(max-width: 360px) 100vw, 360px" /></a><figcaption id="caption-attachment-25517" class="wp-caption-text"><label style="font-size: 15px;">Carte du taux d&#8217;accroissement de la population des Provinces de Guelmim-Oued Noun entre 2004 et 2014.</label></figcaption></figure>
<p>La répartition de la population par province montre la dominance de la province de Guelmim qui concentre 43% de la population de la région, alors que la province de Sidi Ifni ne regroupe que 27% de la population.</p>
<p><strong>Densité de la population</strong></p>
<p>La région de Guelmim-Oued Noun, qui couvre 6,49% de la superficie du Royaume, abrite 1,28% de la population nationale en 2014. Ce qui se traduit par le très faible niveau de la densité moyenne régionale qui est d’environ 9,4 habitants au Km², contre environ 47,6 au niveau national.</p>
<p>Une forte disparité s’observe, étant donné que la ville de Guelmim concentre la plus grande partie de la population urbaine de la région (50%).</p>
<p>Entre 2004 et 2014, la population de la région s’est multipliée par 1,1 avec un taux d’accroissement annuel moyen atteignant 0,61%. Ce taux est considéré comme le plus faible qui a été enregistré au niveau des 12 régions du Royaume. Il est de 2,1% au niveau de la province de Tan-Tan, 1,2% à Guelmim et un taux négatif de -1% au niveau de Sidi Ifni. Assa Zag enregistre un taux de 0,1%.</p>

<p>Carte de densité communale de la population dans Guelmim-Oued Noun en 2014. Selon le Recensement Général de la Population et de l’Habitat (RGPH) de 2014, la &#8230;</p>
