{"id":25504,"date":"2022-11-08T16:10:33","date_gmt":"2022-11-08T16:10:33","guid":{"rendered":"https:\/\/gifex.com\/fr\/?post_type=ficha&#038;p=25504"},"modified":"2022-11-08T16:12:51","modified_gmt":"2022-11-08T16:12:51","slug":"la-faune-et-la-flore-de-guelmim-oued-noun","status":"publish","type":"ficha","link":"https:\/\/gifex.com\/fr\/fichier\/la-faune-et-la-flore-de-guelmim-oued-noun\/","title":{"rendered":"La faune et la flore de Guelmim-Oued Noun"},"content":{"rendered":"<p style=\"text-align: center;\"><label style=\"font-size: 15px;\">Carte du couvert v\u00e9g\u00e9tal de Guelmim-Oued Noun.<\/label><\/p>\n<p>Malgr\u00e9 les conditions climatiques d\u00e9favorables, la r\u00e9gion dispose d\u2019un couvert v\u00e9g\u00e9tal plus ou moins important, et d\u2019une faune ayant su s\u2019y adapter.<\/p>\n<p><strong>La Flore<\/strong><\/p>\n<figure id=\"attachment_25509\" aria-describedby=\"caption-attachment-25509\" style=\"width: 360px\" class=\"wp-caption alignright\"><a href=\"https:\/\/gifex.com\/fr\/wp-content\/uploads\/25504\/Superficies-des-essences-forestieres-naturelles-dans-Guelmim-Oued-Noun-en-2011.jpg\" target=\"_blank\" rel=\"noopener\"><img fetchpriority=\"high\" decoding=\"async\" class=\"wp-image-25509\" title=\"Superficies des essences foresti\u00e8res naturelles dans Guelmim-Oued Noun, en 2011.\" src=\"https:\/\/gifex.com\/fr\/wp-content\/uploads\/25504\/Superficies-des-essences-forestieres-naturelles-dans-Guelmim-Oued-Noun-en-2011-300x256.jpg\" alt=\"Superficies des essences foresti\u00e8res naturelles dans Guelmim-Oued Noun, en 2011.\" width=\"360\" height=\"308\" srcset=\"https:\/\/gifex.com\/fr\/wp-content\/uploads\/25504\/Superficies-des-essences-forestieres-naturelles-dans-Guelmim-Oued-Noun-en-2011-300x256.jpg 300w, https:\/\/gifex.com\/fr\/wp-content\/uploads\/25504\/Superficies-des-essences-forestieres-naturelles-dans-Guelmim-Oued-Noun-en-2011-768x656.jpg 768w, https:\/\/gifex.com\/fr\/wp-content\/uploads\/25504\/Superficies-des-essences-forestieres-naturelles-dans-Guelmim-Oued-Noun-en-2011.jpg 823w\" sizes=\"(max-width: 360px) 100vw, 360px\" \/><\/a><figcaption id=\"caption-attachment-25509\" class=\"wp-caption-text\"><label style=\"font-size: 15px;\">Superficies des essences foresti\u00e8res naturelles dans Guelmim-Oued Noun, en 2011.<\/label><\/figcaption><\/figure>\n<p>La r\u00e9gion Guelmim-Oued Noun abrite un espace forestier tr\u00e8s particulier caract\u00e9ris\u00e9 par des esp\u00e8ces d\u2019arbres rares comme l\u2019acacia, surtout dans les provinces d\u2019Assa-Zag et Es-Smara ; et qui a un r\u00f4le \u00e9cologique et touristique. Cet espace est relativement dense dans les provinces nord-ouest, Guelmim et Sidi Ifni, et il est caract\u00e9ris\u00e9 par la dispersion dans les zones sahariennes, provinces d\u2019Assa-Zag et Es-Smara.<\/p>\n<p>Les plantes se sont adapt\u00e9es au milieu pour r\u00e9duire l&#8217;\u00e9vaporation et augmenter l&#8217;absorption d&#8217;eau : feuilles tr\u00e8s petites, racines tr\u00e8s longues capables de plonger dans les couches les plus humides du sol (acacias, tamaris), accumulation d&#8217;eau dans les tissus et feuilles recouvertes de cire (succulentes), perdre ses racines et se laisser transporter pour absorber l&#8217;humidit\u00e9 de l&#8217;atmosph\u00e8re (roses de J\u00e9richo), sucer la lymphe des racines des autres plantes (cystanche), perdre ses feuilles en cas d&#8217;aridit\u00e9 et les laisser pousser en saison humide (zilla), rendre ses feuilles immangeables (pommier de Sodome), \u2026<\/p>\n<figure id=\"attachment_25507\" aria-describedby=\"caption-attachment-25507\" style=\"width: 360px\" class=\"wp-caption alignright\"><a href=\"https:\/\/gifex.com\/fr\/wp-content\/uploads\/25504\/Diagramme-schematique-du-palmier-dattier-Munier-1973.jpg\" target=\"_blank\" rel=\"noopener\"><img decoding=\"async\" class=\"wp-image-25507\" title=\"Diagramme sch\u00e9matique du palmier dattier (Munier, 1973).\" src=\"https:\/\/gifex.com\/fr\/wp-content\/uploads\/25504\/Diagramme-schematique-du-palmier-dattier-Munier-1973-227x300.jpg\" alt=\"Diagramme sch\u00e9matique du palmier dattier (Munier, 1973).\" width=\"360\" height=\"476\" srcset=\"https:\/\/gifex.com\/fr\/wp-content\/uploads\/25504\/Diagramme-schematique-du-palmier-dattier-Munier-1973-227x300.jpg 227w, https:\/\/gifex.com\/fr\/wp-content\/uploads\/25504\/Diagramme-schematique-du-palmier-dattier-Munier-1973-774x1024.jpg 774w, https:\/\/gifex.com\/fr\/wp-content\/uploads\/25504\/Diagramme-schematique-du-palmier-dattier-Munier-1973-768x1016.jpg 768w, https:\/\/gifex.com\/fr\/wp-content\/uploads\/25504\/Diagramme-schematique-du-palmier-dattier-Munier-1973-300x397.jpg 300w, https:\/\/gifex.com\/fr\/wp-content\/uploads\/25504\/Diagramme-schematique-du-palmier-dattier-Munier-1973.jpg 847w\" sizes=\"(max-width: 360px) 100vw, 360px\" \/><\/a><figcaption id=\"caption-attachment-25507\" class=\"wp-caption-text\"><label style=\"font-size: 15px;\">Diagramme sch\u00e9matique du palmier dattier (Munier, 1973).<\/label><\/figcaption><\/figure>\n<p>On peut trouver quelques arbustes isol\u00e9s (tamaris, acacias) dans le lit des oueds. Les rares averses peuvent entra\u00eener la pousse d&#8217;une maigre prairie temporaire, l&#8217;acheb, recherch\u00e9e par les nomades.<\/p>\n<p>Le palmier dattier, introduit par les arabes, est indispensable \u00e0 l&#8217;existence de l&#8217;homme dans les oasis : les dattes sont un aliment tr\u00e8s \u00e9nerg\u00e9tique, les troncs servent \u00e0 la fabrication des poutres, le feuillage sert \u00e0 la fabrication des paniers, cordes, nattes et couverture pour les cabanes, \u2026 il prot\u00e8ge du soleil les arbres fruitiers qui, \u00e0 leur tour, abritent les cultures mara\u00eech\u00e8res.<\/p>\n<p>On distingue deux types d\u2019espace forestier : Les for\u00eats naturelles qui occupent une superficie de 99.870 ha, et repr\u00e9sentent \u00e0 peine 1% du total national et les espaces bois\u00e9s qui couvrent 4.121 ha, selon les statistiques de l&#8217;inventaire national forestier. La province de Guelmim en concentre 38%.<\/p>\n<p>Le domaine forestier r\u00e9gional bien que diversifi\u00e9, est tr\u00e8s vuln\u00e9rable devant un ensemble de facteurs exog\u00e8nes, notamment les conditions climatiques s\u00e9v\u00e8res et la pression humaine marqu\u00e9e par les incendies, le surp\u00e2turage et le d\u00e9frichement des arbres.<\/p>\n<p>Les efforts de reboisement entrepris par le Haut-Commissariat aux Eaux et For\u00eats et \u00e0 la Lutte contre la D\u00e9sertification, sont comme suit :<\/p>\n<div class=\"boxscrl\">\n<table width=\"288\">\n<tbody>\n<tr>\n<td colspan=\"3\" width=\"288\">Superficies rebois\u00e9es 2010-2012 (en hectares) *<\/td>\n<\/tr>\n<tr>\n<td width=\"143\">R\u00e9gion et provinces<\/td>\n<td width=\"75\">Provisoires<\/td>\n<td width=\"70\">Existantes<\/td>\n<\/tr>\n<tr>\n<td width=\"143\">Guelmim \u2013 Oued Noun<\/td>\n<td rowspan=\"2\" width=\"75\">1 300<\/td>\n<td rowspan=\"2\" width=\"70\">2 821<\/td>\n<\/tr>\n<tr>\n<td width=\"143\">(Sidi Ifni, non incluse)<\/td>\n<\/tr>\n<tr>\n<td width=\"143\">\u00a0Assa-Zag<\/td>\n<td width=\"75\">600<\/td>\n<td width=\"70\">805<\/td>\n<\/tr>\n<tr>\n<td width=\"143\">\u00a0Guelmim<\/td>\n<td width=\"75\">500<\/td>\n<td width=\"70\">1 716<\/td>\n<\/tr>\n<tr>\n<td width=\"143\">\u00a0Tan-Tan<\/td>\n<td width=\"75\">200<\/td>\n<td width=\"70\">300<\/td>\n<\/tr>\n<tr>\n<td colspan=\"3\" width=\"288\"><label style=\"font-size: 15px;\">Source : Haut Commissariat aux Eaux et For\u00eats et \u00e0 la Lutte contre la D\u00e9sertification, 2013.<\/label><\/td>\n<\/tr>\n<\/tbody>\n<\/table>\n<\/div>\n<p><label style=\"font-size: 15px;\">* Les superficies rebois\u00e9es jusqu&#8217;au 31 mars de chaque ann\u00e9e, sans tenir compte des reboisements exploit\u00e9s, incendi\u00e9s ou ayant connu un faible taux de reprise apr\u00e8s deux ann\u00e9es.<\/label><\/p>\n<figure id=\"attachment_25508\" aria-describedby=\"caption-attachment-25508\" style=\"width: 360px\" class=\"wp-caption alignright\"><a href=\"https:\/\/gifex.com\/fr\/wp-content\/uploads\/25504\/Dromadaire.jpg\" target=\"_blank\" rel=\"noopener\"><img decoding=\"async\" class=\"wp-image-25508\" title=\"Le dromadaire (Camelus dromedarius).\" src=\"https:\/\/gifex.com\/fr\/wp-content\/uploads\/25504\/Dromadaire-300x185.jpg\" alt=\"Le dromadaire (Camelus dromedarius).\" width=\"360\" height=\"222\" srcset=\"https:\/\/gifex.com\/fr\/wp-content\/uploads\/25504\/Dromadaire-300x185.jpg 300w, https:\/\/gifex.com\/fr\/wp-content\/uploads\/25504\/Dromadaire.jpg 650w\" sizes=\"(max-width: 360px) 100vw, 360px\" \/><\/a><figcaption id=\"caption-attachment-25508\" class=\"wp-caption-text\"><label style=\"font-size: 15px;\">Le dromadaire (Camelus dromedarius), ou chameau d&#8217;Arabie, est une esp\u00e8ce de chameau, mammif\u00e8re artiodactyle de la famille des cam\u00e9lid\u00e9s.<\/label><\/figcaption><\/figure>\n<p>Cet espace est expos\u00e9 \u00e0 la d\u00e9gradation \u00e0 cause de son exploitation anarchique par les habitants et les op\u00e9rations lentes de reboisement. Les op\u00e9rations de pr\u00e9servation,de qualification et de d\u00e9veloppement s\u2019imposent.<\/p>\n<p><strong>La Faune<\/strong><\/p>\n<p>Les animaux ont \u00e9galement mis en place des strat\u00e9gies pour \u00e9conomiser l&#8217;eau et \u00e9viter la chaleur excessive : couche \u00e9paisse de chitine et vie sous terre pour les scorpions et insectes, r\u00e9cup\u00e9ration de la vapeur d&#8217;eau contenue dans l&#8217;air pulmonaire en le faisant condenser dans les narines, production de f\u00e8ces hyper ass\u00e9ch\u00e9es et d&#8217;urine tr\u00e8s concentr\u00e9e voire solide chez certains oiseaux, perte des glandes sudoripares, couleur claire de la robe pour r\u00e9fl\u00e9chir le soleil, recherche d&#8217;eau et de nourriture la nuit, accumulation d&#8217;eau dans des poches internes, surdimensionnement des oreilles qui servent de radiateur pour r\u00e9guler la d\u00e9perdition calorifique (fennecs, chat des sables), pelage \u00e0 poils courts permettant une meilleure thermolyse, augmentation de la temp\u00e9rature interne pour \u00e9viter de transpirer\u2026<\/p>\n<p>Les animaux embl\u00e9matiques du d\u00e9sert sont l&#8217;addax, la gazelle dorcas et le fennec et le principal animal du Sahara reste le dromadaire.<\/p>\n<p>Le couvert v\u00e9g\u00e9tal se d\u00e9grade face \u00e0 l&#8217;augmentation de la demande de bois comme combustible domestique. \u00c0 l&#8217;avenir, l&#8217;exploitation d\u2019\u00e9nergies renouvelables, solaire et \u00e9olienne s&#8217;imposera pour prot\u00e9ger les arbres.<\/p>\n","protected":false},"excerpt":{"rendered":"<p>Carte du couvert v\u00e9g\u00e9tal de Guelmim-Oued Noun. Malgr\u00e9 les conditions climatiques d\u00e9favorables, la r\u00e9gion dispose d\u2019un couvert v\u00e9g\u00e9tal plus ou moins important<\/p>\n","protected":false},"author":1,"featured_media":25506,"template":"","categoria_ficha":[1906],"class_list":["post-25504","ficha","type-ficha","status-publish","has-post-thumbnail","hentry","categoria_ficha-cartes-de-guelmim-oued-noun"],"acf":[],"_links":{"self":[{"href":"https:\/\/gifex.com\/fr\/wp-json\/wp\/v2\/ficha\/25504","targetHints":{"allow":["GET"]}}],"collection":[{"href":"https:\/\/gifex.com\/fr\/wp-json\/wp\/v2\/ficha"}],"about":[{"href":"https:\/\/gifex.com\/fr\/wp-json\/wp\/v2\/types\/ficha"}],"author":[{"embeddable":true,"href":"https:\/\/gifex.com\/fr\/wp-json\/wp\/v2\/users\/1"}],"version-history":[{"count":3,"href":"https:\/\/gifex.com\/fr\/wp-json\/wp\/v2\/ficha\/25504\/revisions"}],"predecessor-version":[{"id":25561,"href":"https:\/\/gifex.com\/fr\/wp-json\/wp\/v2\/ficha\/25504\/revisions\/25561"}],"wp:featuredmedia":[{"embeddable":true,"href":"https:\/\/gifex.com\/fr\/wp-json\/wp\/v2\/media\/25506"}],"wp:attachment":[{"href":"https:\/\/gifex.com\/fr\/wp-json\/wp\/v2\/media?parent=25504"}],"wp:term":[{"taxonomy":"categoria_ficha","embeddable":true,"href":"https:\/\/gifex.com\/fr\/wp-json\/wp\/v2\/categoria_ficha?post=25504"}],"curies":[{"name":"wp","href":"https:\/\/api.w.org\/{rel}","templated":true}]}}

<p style="text-align: center;"><label style="font-size: 15px;">Carte du couvert végétal de Guelmim-Oued Noun.</label></p>
<p>Malgré les conditions climatiques défavorables, la région dispose d’un couvert végétal plus ou moins important, et d’une faune ayant su s’y adapter.</p>
<p><strong>La Flore</strong></p>
<figure id="attachment_25509" aria-describedby="caption-attachment-25509" style="width: 360px" class="wp-caption alignright"><a href="https://gifex.com/fr/wp-content/uploads/25504/Superficies-des-essences-forestieres-naturelles-dans-Guelmim-Oued-Noun-en-2011.jpg" target="_blank" rel="noopener"><img fetchpriority="high" decoding="async" class="wp-image-25509" title="Superficies des essences forestières naturelles dans Guelmim-Oued Noun, en 2011." src="https://gifex.com/fr/wp-content/uploads/25504/Superficies-des-essences-forestieres-naturelles-dans-Guelmim-Oued-Noun-en-2011-300x256.jpg" alt="Superficies des essences forestières naturelles dans Guelmim-Oued Noun, en 2011." width="360" height="308" srcset="https://gifex.com/fr/wp-content/uploads/25504/Superficies-des-essences-forestieres-naturelles-dans-Guelmim-Oued-Noun-en-2011-300x256.jpg 300w, https://gifex.com/fr/wp-content/uploads/25504/Superficies-des-essences-forestieres-naturelles-dans-Guelmim-Oued-Noun-en-2011-768x656.jpg 768w, https://gifex.com/fr/wp-content/uploads/25504/Superficies-des-essences-forestieres-naturelles-dans-Guelmim-Oued-Noun-en-2011.jpg 823w" sizes="(max-width: 360px) 100vw, 360px" /></a><figcaption id="caption-attachment-25509" class="wp-caption-text"><label style="font-size: 15px;">Superficies des essences forestières naturelles dans Guelmim-Oued Noun, en 2011.</label></figcaption></figure>
<p>La région Guelmim-Oued Noun abrite un espace forestier très particulier caractérisé par des espèces d’arbres rares comme l’acacia, surtout dans les provinces d’Assa-Zag et Es-Smara ; et qui a un rôle écologique et touristique. Cet espace est relativement dense dans les provinces nord-ouest, Guelmim et Sidi Ifni, et il est caractérisé par la dispersion dans les zones sahariennes, provinces d’Assa-Zag et Es-Smara.</p>
<p>Les plantes se sont adaptées au milieu pour réduire l&#8217;évaporation et augmenter l&#8217;absorption d&#8217;eau : feuilles très petites, racines très longues capables de plonger dans les couches les plus humides du sol (acacias, tamaris), accumulation d&#8217;eau dans les tissus et feuilles recouvertes de cire (succulentes), perdre ses racines et se laisser transporter pour absorber l&#8217;humidité de l&#8217;atmosphère (roses de Jéricho), sucer la lymphe des racines des autres plantes (cystanche), perdre ses feuilles en cas d&#8217;aridité et les laisser pousser en saison humide (zilla), rendre ses feuilles immangeables (pommier de Sodome), …</p>
<figure id="attachment_25507" aria-describedby="caption-attachment-25507" style="width: 360px" class="wp-caption alignright"><a href="https://gifex.com/fr/wp-content/uploads/25504/Diagramme-schematique-du-palmier-dattier-Munier-1973.jpg" target="_blank" rel="noopener"><img decoding="async" class="wp-image-25507" title="Diagramme schématique du palmier dattier (Munier, 1973)." src="https://gifex.com/fr/wp-content/uploads/25504/Diagramme-schematique-du-palmier-dattier-Munier-1973-227x300.jpg" alt="Diagramme schématique du palmier dattier (Munier, 1973)." width="360" height="476" srcset="https://gifex.com/fr/wp-content/uploads/25504/Diagramme-schematique-du-palmier-dattier-Munier-1973-227x300.jpg 227w, https://gifex.com/fr/wp-content/uploads/25504/Diagramme-schematique-du-palmier-dattier-Munier-1973-774x1024.jpg 774w, https://gifex.com/fr/wp-content/uploads/25504/Diagramme-schematique-du-palmier-dattier-Munier-1973-768x1016.jpg 768w, https://gifex.com/fr/wp-content/uploads/25504/Diagramme-schematique-du-palmier-dattier-Munier-1973-300x397.jpg 300w, https://gifex.com/fr/wp-content/uploads/25504/Diagramme-schematique-du-palmier-dattier-Munier-1973.jpg 847w" sizes="(max-width: 360px) 100vw, 360px" /></a><figcaption id="caption-attachment-25507" class="wp-caption-text"><label style="font-size: 15px;">Diagramme schématique du palmier dattier (Munier, 1973).</label></figcaption></figure>
<p>On peut trouver quelques arbustes isolés (tamaris, acacias) dans le lit des oueds. Les rares averses peuvent entraîner la pousse d&#8217;une maigre prairie temporaire, l&#8217;acheb, recherchée par les nomades.</p>
<p>Le palmier dattier, introduit par les arabes, est indispensable à l&#8217;existence de l&#8217;homme dans les oasis : les dattes sont un aliment très énergétique, les troncs servent à la fabrication des poutres, le feuillage sert à la fabrication des paniers, cordes, nattes et couverture pour les cabanes, … il protège du soleil les arbres fruitiers qui, à leur tour, abritent les cultures maraîchères.</p>
<p>On distingue deux types d’espace forestier : Les forêts naturelles qui occupent une superficie de 99.870 ha, et représentent à peine 1% du total national et les espaces boisés qui couvrent 4.121 ha, selon les statistiques de l&#8217;inventaire national forestier. La province de Guelmim en concentre 38%.</p>
<p>Le domaine forestier régional bien que diversifié, est très vulnérable devant un ensemble de facteurs exogènes, notamment les conditions climatiques sévères et la pression humaine marquée par les incendies, le surpâturage et le défrichement des arbres.</p>
<p>Les efforts de reboisement entrepris par le Haut-Commissariat aux Eaux et Forêts et à la Lutte contre la Désertification, sont comme suit :</p>
<div class="boxscrl">
<table width="288">
<tbody>
<tr>
<td colspan="3" width="288">Superficies reboisées 2010-2012 (en hectares) *</td>
</tr>
<tr>
<td width="143">Région et provinces</td>
<td width="75">Provisoires</td>
<td width="70">Existantes</td>
</tr>
<tr>
<td width="143">Guelmim – Oued Noun</td>
<td rowspan="2" width="75">1 300</td>
<td rowspan="2" width="70">2 821</td>
</tr>
<tr>
<td width="143">(Sidi Ifni, non incluse)</td>
</tr>
<tr>
<td width="143"> Assa-Zag</td>
<td width="75">600</td>
<td width="70">805</td>
</tr>
<tr>
<td width="143"> Guelmim</td>
<td width="75">500</td>
<td width="70">1 716</td>
</tr>
<tr>
<td width="143"> Tan-Tan</td>
<td width="75">200</td>
<td width="70">300</td>
</tr>
<tr>
<td colspan="3" width="288"><label style="font-size: 15px;">Source : Haut Commissariat aux Eaux et Forêts et à la Lutte contre la Désertification, 2013.</label></td>
</tr>
</tbody>
</table>
</div>
<p><label style="font-size: 15px;">* Les superficies reboisées jusqu&#8217;au 31 mars de chaque année, sans tenir compte des reboisements exploités, incendiés ou ayant connu un faible taux de reprise après deux années.</label></p>
<figure id="attachment_25508" aria-describedby="caption-attachment-25508" style="width: 360px" class="wp-caption alignright"><a href="https://gifex.com/fr/wp-content/uploads/25504/Dromadaire.jpg" target="_blank" rel="noopener"><img decoding="async" class="wp-image-25508" title="Le dromadaire (Camelus dromedarius)." src="https://gifex.com/fr/wp-content/uploads/25504/Dromadaire-300x185.jpg" alt="Le dromadaire (Camelus dromedarius)." width="360" height="222" srcset="https://gifex.com/fr/wp-content/uploads/25504/Dromadaire-300x185.jpg 300w, https://gifex.com/fr/wp-content/uploads/25504/Dromadaire.jpg 650w" sizes="(max-width: 360px) 100vw, 360px" /></a><figcaption id="caption-attachment-25508" class="wp-caption-text"><label style="font-size: 15px;">Le dromadaire (Camelus dromedarius), ou chameau d&#8217;Arabie, est une espèce de chameau, mammifère artiodactyle de la famille des camélidés.</label></figcaption></figure>
<p>Cet espace est exposé à la dégradation à cause de son exploitation anarchique par les habitants et les opérations lentes de reboisement. Les opérations de préservation,de qualification et de développement s’imposent.</p>
<p><strong>La Faune</strong></p>
<p>Les animaux ont également mis en place des stratégies pour économiser l&#8217;eau et éviter la chaleur excessive : couche épaisse de chitine et vie sous terre pour les scorpions et insectes, récupération de la vapeur d&#8217;eau contenue dans l&#8217;air pulmonaire en le faisant condenser dans les narines, production de fèces hyper asséchées et d&#8217;urine très concentrée voire solide chez certains oiseaux, perte des glandes sudoripares, couleur claire de la robe pour réfléchir le soleil, recherche d&#8217;eau et de nourriture la nuit, accumulation d&#8217;eau dans des poches internes, surdimensionnement des oreilles qui servent de radiateur pour réguler la déperdition calorifique (fennecs, chat des sables), pelage à poils courts permettant une meilleure thermolyse, augmentation de la température interne pour éviter de transpirer…</p>
<p>Les animaux emblématiques du désert sont l&#8217;addax, la gazelle dorcas et le fennec et le principal animal du Sahara reste le dromadaire.</p>
<p>Le couvert végétal se dégrade face à l&#8217;augmentation de la demande de bois comme combustible domestique. À l&#8217;avenir, l&#8217;exploitation d’énergies renouvelables, solaire et éolienne s&#8217;imposera pour protéger les arbres.</p>

<p>Carte du couvert végétal de Guelmim-Oued Noun. Malgré les conditions climatiques défavorables, la région dispose d’un couvert végétal plus ou moins important</p>
