{"id":251,"date":"2022-02-04T00:09:54","date_gmt":"2022-02-04T00:09:54","guid":{"rendered":"https:\/\/gifex.com\/fr\/?post_type=ficha&#038;p=251"},"modified":"2022-08-07T17:19:19","modified_gmt":"2022-08-07T17:19:19","slug":"ou-se-trouve-anguilla","status":"publish","type":"ficha","link":"https:\/\/gifex.com\/fr\/fichier\/ou-se-trouve-anguilla\/","title":{"rendered":"O\u00f9 se trouve Anguilla ?"},"content":{"rendered":"<p>Comme indiqu\u00e9 sur cette carte, <strong>Anguilla<\/strong> (en bleu clair) <strong>se situe en Am\u00e9rique<\/strong>, dans les Cara\u00efbes, plus pr\u00e9cis\u00e9ment \u00e0 l&#8217;extr\u00eame nord des \u00eeles du Vent, aux Petites Antilles, \u00e0 l&#8217;est de Porto Rico et des \u00eeles Vierges et directement au nord de Saint-Martin.<\/p>\n","protected":false},"excerpt":{"rendered":"<p>Comme indiqu\u00e9 sur cette carte, Anguilla (en bleu clair) se situe dans les Cara\u00efbes, plus pr\u00e9cis\u00e9ment \u00e0 l&#8217;extr\u00eame nord des \u00eeles du Vent, aux Petites Antilles, \u00e0 l&#8217;est de Porto Rico et des \u00eeles Vierges et directement au nord de Saint-Martin.<\/p>\n","protected":false},"author":1,"featured_media":3424,"template":"","categoria_ficha":[43],"class_list":["post-251","ficha","type-ficha","status-publish","has-post-thumbnail","hentry","categoria_ficha-cartes-d-anguilla"],"acf":[],"_links":{"self":[{"href":"https:\/\/gifex.com\/fr\/wp-json\/wp\/v2\/ficha\/251","targetHints":{"allow":["GET"]}}],"collection":[{"href":"https:\/\/gifex.com\/fr\/wp-json\/wp\/v2\/ficha"}],"about":[{"href":"https:\/\/gifex.com\/fr\/wp-json\/wp\/v2\/types\/ficha"}],"author":[{"embeddable":true,"href":"https:\/\/gifex.com\/fr\/wp-json\/wp\/v2\/users\/1"}],"version-history":[{"count":5,"href":"https:\/\/gifex.com\/fr\/wp-json\/wp\/v2\/ficha\/251\/revisions"}],"predecessor-version":[{"id":19144,"href":"https:\/\/gifex.com\/fr\/wp-json\/wp\/v2\/ficha\/251\/revisions\/19144"}],"wp:featuredmedia":[{"embeddable":true,"href":"https:\/\/gifex.com\/fr\/wp-json\/wp\/v2\/media\/3424"}],"wp:attachment":[{"href":"https:\/\/gifex.com\/fr\/wp-json\/wp\/v2\/media?parent=251"}],"wp:term":[{"taxonomy":"categoria_ficha","embeddable":true,"href":"https:\/\/gifex.com\/fr\/wp-json\/wp\/v2\/categoria_ficha?post=251"}],"curies":[{"name":"wp","href":"https:\/\/api.w.org\/{rel}","templated":true}]}}

Où se trouve Anguilla ?

<p>Comme indiqué sur cette carte, <strong>Anguilla</strong> (en bleu clair) <strong>se situe en Amérique</strong>, dans les Caraïbes, plus précisément à l&#8217;extrême nord des îles du Vent, aux Petites Antilles, à l&#8217;est de Porto Rico et des îles Vierges et directement au nord de Saint-Martin.</p>

<p>Comme indiqué sur cette carte, Anguilla (en bleu clair) se situe dans les Caraïbes, plus précisément à l&#8217;extrême nord des îles du Vent, aux Petites Antilles, à l&#8217;est de Porto Rico et des îles Vierges et directement au nord de Saint-Martin.</p>
