{"id":24918,"date":"2022-10-02T13:21:06","date_gmt":"2022-10-02T13:21:06","guid":{"rendered":"https:\/\/gifex.com\/fr\/?post_type=ficha&#038;p=24918"},"modified":"2023-03-25T21:21:11","modified_gmt":"2023-03-25T21:21:11","slug":"geographie-de-marrakech-safi","status":"publish","type":"ficha","link":"https:\/\/gifex.com\/fr\/fichier\/geographie-de-marrakech-safi\/","title":{"rendered":"G\u00e9ographie de Marrakech-Safi"},"content":{"rendered":"<p style=\"text-align: center;\"><label style=\"font-size: 15px;\">Carte des types de sols de Marrakech-Safi.<\/label><\/p>\n<figure id=\"attachment_24920\" aria-describedby=\"caption-attachment-24920\" style=\"width: 360px\" class=\"wp-caption alignright\"><a href=\"https:\/\/gifex.com\/fr\/wp-content\/uploads\/24918\/Le-djebel-Toubkal-le-point-culminant-du-Haut-Atlas.jpg\" target=\"_blank\" rel=\"noopener\"><img fetchpriority=\"high\" decoding=\"async\" class=\"wp-image-24920\" title=\"Le djebel Toubkal, le point culminant du Haut Atlas.\" src=\"https:\/\/gifex.com\/fr\/wp-content\/uploads\/24918\/Le-djebel-Toubkal-le-point-culminant-du-Haut-Atlas-300x225.jpg\" alt=\"Le djebel Toubkal, le point culminant du Haut Atlas.\" width=\"360\" height=\"270\" srcset=\"https:\/\/gifex.com\/fr\/wp-content\/uploads\/24918\/Le-djebel-Toubkal-le-point-culminant-du-Haut-Atlas-300x225.jpg 300w, https:\/\/gifex.com\/fr\/wp-content\/uploads\/24918\/Le-djebel-Toubkal-le-point-culminant-du-Haut-Atlas-1024x768.jpg 1024w, https:\/\/gifex.com\/fr\/wp-content\/uploads\/24918\/Le-djebel-Toubkal-le-point-culminant-du-Haut-Atlas-768x576.jpg 768w, https:\/\/gifex.com\/fr\/wp-content\/uploads\/24918\/Le-djebel-Toubkal-le-point-culminant-du-Haut-Atlas-800x600.jpg 800w, https:\/\/gifex.com\/fr\/wp-content\/uploads\/24918\/Le-djebel-Toubkal-le-point-culminant-du-Haut-Atlas.jpg 1280w\" sizes=\"(max-width: 360px) 100vw, 360px\" \/><\/a><figcaption id=\"caption-attachment-24920\" class=\"wp-caption-text\"><label style=\"font-size: 15px;\">Le djebel Toubkal, le point culminant du Haut Atlas ainsi que du Maroc et de l&#8217;Afrique du Nord avec 4 167 m. Il est situ\u00e9 \u00e0 63 km au sud de Marrakech, dans la province d&#8217;Al Haouz, \u00e0 l&#8217;int\u00e9rieur du parc national qui porte son nom.<\/label><\/figcaption><\/figure>\n<p>La r\u00e9gion de Marrakech-Safi est caract\u00e9ris\u00e9e par un cadre g\u00e9ographique tr\u00e8s vari\u00e9 compos\u00e9 de 5 zones naturelles :<\/p>\n<ul>\n<li>La zone de plateaux qui comprend les plateaux de Rehamna et Bahira, pr\u00e9sentant une topographie en relief d\u2019altitude mod\u00e9r\u00e9e;<\/li>\n<li>La zone des plaines : elle englobe les plaines du Haouz central, de Rehamna puis Tassaout Amont et Aval et la plaine de Abda qui poss\u00e8de de bons sols (tirs), un climat semi-aride \u00e0 influence oc\u00e9anique et pr\u00e9sente un potentiel agricole \u00e9lev\u00e9. Elle est n\u00e9anmoins pauvre en ressources en eau souterraine que l\u2019on ne trouve que dans quelques nappes perch\u00e9es du plio quaternaire.<\/li>\n<li>Les bassins : Il s\u2019agit essentiellement du Bassin d\u2019Essaouira-Chichaoua qui est constitu\u00e9 par des d\u00e9pressions et des \u00e9l\u00e9vations sous forme de terrains de c\u00e9r\u00e9aliculture ou de parcours;<\/li>\n<li>La chaine de Jbilets : c\u2019est une zone de montagne d\u2019altitude mod\u00e9r\u00e9e tr\u00e8s limit\u00e9e;<\/li>\n<li>La zone de montagne qui englobe une bonne partie de montagnes du Haut Atlas caract\u00e9ris\u00e9e par des altitudes fortes et moyennes avec la pr\u00e9sence du point culminant Jbel Toubkal, dont l\u2019altitude atteint 4165 m. Cette zone concentre des potentiels importants en eau.<\/li>\n<\/ul>\n<p>Marrakech-Safi dispose, \u00e9galement, de ressources en eau souterraines \u00e0 diff\u00e9rentes profondeurs qui lui permettent de subvenir aux besoins de l\u2019irrigation et qui constituent potentiellement un atout important pour son d\u00e9veloppement socio-\u00e9conomique.<\/p>\n","protected":false},"excerpt":{"rendered":"<p>Carte des types de sols de Marrakech-Safi. La r\u00e9gion de Marrakech-Safi est caract\u00e9ris\u00e9e par un cadre g\u00e9ographique tr\u00e8s va<\/p>\n","protected":false},"author":1,"featured_media":24919,"template":"","categoria_ficha":[1898],"class_list":["post-24918","ficha","type-ficha","status-publish","has-post-thumbnail","hentry","categoria_ficha-cartes-de-marrakech-safi"],"acf":[],"_links":{"self":[{"href":"https:\/\/gifex.com\/fr\/wp-json\/wp\/v2\/ficha\/24918","targetHints":{"allow":["GET"]}}],"collection":[{"href":"https:\/\/gifex.com\/fr\/wp-json\/wp\/v2\/ficha"}],"about":[{"href":"https:\/\/gifex.com\/fr\/wp-json\/wp\/v2\/types\/ficha"}],"author":[{"embeddable":true,"href":"https:\/\/gifex.com\/fr\/wp-json\/wp\/v2\/users\/1"}],"version-history":[{"count":4,"href":"https:\/\/gifex.com\/fr\/wp-json\/wp\/v2\/ficha\/24918\/revisions"}],"predecessor-version":[{"id":37243,"href":"https:\/\/gifex.com\/fr\/wp-json\/wp\/v2\/ficha\/24918\/revisions\/37243"}],"wp:featuredmedia":[{"embeddable":true,"href":"https:\/\/gifex.com\/fr\/wp-json\/wp\/v2\/media\/24919"}],"wp:attachment":[{"href":"https:\/\/gifex.com\/fr\/wp-json\/wp\/v2\/media?parent=24918"}],"wp:term":[{"taxonomy":"categoria_ficha","embeddable":true,"href":"https:\/\/gifex.com\/fr\/wp-json\/wp\/v2\/categoria_ficha?post=24918"}],"curies":[{"name":"wp","href":"https:\/\/api.w.org\/{rel}","templated":true}]}}

Géographie de Marrakech-Safi

<p style="text-align: center;"><label style="font-size: 15px;">Carte des types de sols de Marrakech-Safi.</label></p>
<figure id="attachment_24920" aria-describedby="caption-attachment-24920" style="width: 360px" class="wp-caption alignright"><a href="https://gifex.com/fr/wp-content/uploads/24918/Le-djebel-Toubkal-le-point-culminant-du-Haut-Atlas.jpg" target="_blank" rel="noopener"><img fetchpriority="high" decoding="async" class="wp-image-24920" title="Le djebel Toubkal, le point culminant du Haut Atlas." src="https://gifex.com/fr/wp-content/uploads/24918/Le-djebel-Toubkal-le-point-culminant-du-Haut-Atlas-300x225.jpg" alt="Le djebel Toubkal, le point culminant du Haut Atlas." width="360" height="270" srcset="https://gifex.com/fr/wp-content/uploads/24918/Le-djebel-Toubkal-le-point-culminant-du-Haut-Atlas-300x225.jpg 300w, https://gifex.com/fr/wp-content/uploads/24918/Le-djebel-Toubkal-le-point-culminant-du-Haut-Atlas-1024x768.jpg 1024w, https://gifex.com/fr/wp-content/uploads/24918/Le-djebel-Toubkal-le-point-culminant-du-Haut-Atlas-768x576.jpg 768w, https://gifex.com/fr/wp-content/uploads/24918/Le-djebel-Toubkal-le-point-culminant-du-Haut-Atlas-800x600.jpg 800w, https://gifex.com/fr/wp-content/uploads/24918/Le-djebel-Toubkal-le-point-culminant-du-Haut-Atlas.jpg 1280w" sizes="(max-width: 360px) 100vw, 360px" /></a><figcaption id="caption-attachment-24920" class="wp-caption-text"><label style="font-size: 15px;">Le djebel Toubkal, le point culminant du Haut Atlas ainsi que du Maroc et de l&#8217;Afrique du Nord avec 4 167 m. Il est situé à 63 km au sud de Marrakech, dans la province d&#8217;Al Haouz, à l&#8217;intérieur du parc national qui porte son nom.</label></figcaption></figure>
<p>La région de Marrakech-Safi est caractérisée par un cadre géographique très varié composé de 5 zones naturelles :</p>
<ul>
<li>La zone de plateaux qui comprend les plateaux de Rehamna et Bahira, présentant une topographie en relief d’altitude modérée;</li>
<li>La zone des plaines : elle englobe les plaines du Haouz central, de Rehamna puis Tassaout Amont et Aval et la plaine de Abda qui possède de bons sols (tirs), un climat semi-aride à influence océanique et présente un potentiel agricole élevé. Elle est néanmoins pauvre en ressources en eau souterraine que l’on ne trouve que dans quelques nappes perchées du plio quaternaire.</li>
<li>Les bassins : Il s’agit essentiellement du Bassin d’Essaouira-Chichaoua qui est constitué par des dépressions et des élévations sous forme de terrains de céréaliculture ou de parcours;</li>
<li>La chaine de Jbilets : c’est une zone de montagne d’altitude modérée très limitée;</li>
<li>La zone de montagne qui englobe une bonne partie de montagnes du Haut Atlas caractérisée par des altitudes fortes et moyennes avec la présence du point culminant Jbel Toubkal, dont l’altitude atteint 4165 m. Cette zone concentre des potentiels importants en eau.</li>
</ul>
<p>Marrakech-Safi dispose, également, de ressources en eau souterraines à différentes profondeurs qui lui permettent de subvenir aux besoins de l’irrigation et qui constituent potentiellement un atout important pour son développement socio-économique.</p>

<p>Carte des types de sols de Marrakech-Safi. La région de Marrakech-Safi est caractérisée par un cadre géographique très va</p>
