{"id":24770,"date":"2022-09-29T15:35:10","date_gmt":"2022-09-29T15:35:10","guid":{"rendered":"https:\/\/gifex.com\/fr\/?post_type=ficha&#038;p=24770"},"modified":"2024-04-16T19:25:04","modified_gmt":"2024-04-16T19:25:04","slug":"carte-physique-du-maroc","status":"publish","type":"ficha","link":"https:\/\/gifex.com\/fr\/fichier\/carte-physique-du-maroc\/","title":{"rendered":"Carte physique du Maroc"},"content":{"rendered":"<p style=\"text-align: center;\"><label style=\"font-size: 15px;\">Carte physique du Maroc.<\/label><\/p>\n<p>Le Maroc a une c\u00f4te au bord de l&#8217;oc\u00e9an Atlantique qui s&#8217;\u00e9tend au-del\u00e0 du d\u00e9troit de Gibraltar dans la mer M\u00e9diterran\u00e9e. Il est bord\u00e9 par l&#8217;Espagne au nord (une fronti\u00e8re maritime \u00e0 travers le d\u00e9troit et des fronti\u00e8res terrestres avec trois petites enclaves contr\u00f4l\u00e9es par l&#8217;Espagne, <a href=\"https:\/\/gifex.com\/fr\/fichier\/carte-de-ceuta\/\" rel=\"noopener\" target=\"_blank\">Ceuta<\/a>, <a href=\"https:\/\/gifex.com\/fr\/fichier\/carte-de-melilla\/\" rel=\"noopener\" target=\"_blank\">Melilla<\/a> et Pe\u00f1\u00f3n de V\u00e9lez de la Gomera), l&#8217;Alg\u00e9rie \u00e0 l&#8217;est et le Sahara occidental au sud. \u00c9tant donn\u00e9 que le Maroc contr\u00f4le la majeure partie du Sahara occidental, sa fronti\u00e8re sud de facto est avec la Mauritanie.<\/p>\n<figure id=\"attachment_24772\" aria-describedby=\"caption-attachment-24772\" style=\"width: 360px\" class=\"wp-caption alignright\"><a href=\"https:\/\/gifex.com\/fr\/wp-content\/uploads\/24770\/Carte-topographique-du-Maroc.png\" target=\"_blank\" rel=\"noopener\"><img fetchpriority=\"high\" decoding=\"async\" class=\"wp-image-24772\" title=\"Carte topographique du Maroc.\" src=\"https:\/\/gifex.com\/fr\/wp-content\/uploads\/24770\/Carte-topographique-du-Maroc-300x262.png\" alt=\"Carte topographique du Maroc.\" width=\"360\" height=\"314\" srcset=\"https:\/\/gifex.com\/fr\/wp-content\/uploads\/24770\/Carte-topographique-du-Maroc-300x262.png 300w, https:\/\/gifex.com\/fr\/wp-content\/uploads\/24770\/Carte-topographique-du-Maroc-1024x894.png 1024w, https:\/\/gifex.com\/fr\/wp-content\/uploads\/24770\/Carte-topographique-du-Maroc-768x671.png 768w, https:\/\/gifex.com\/fr\/wp-content\/uploads\/24770\/Carte-topographique-du-Maroc-1536x1341.png 1536w, https:\/\/gifex.com\/fr\/wp-content\/uploads\/24770\/Carte-topographique-du-Maroc-1600x1397.png 1600w, https:\/\/gifex.com\/fr\/wp-content\/uploads\/24770\/Carte-topographique-du-Maroc.png 1774w\" sizes=\"(max-width: 360px) 100vw, 360px\" \/><\/a><figcaption id=\"caption-attachment-24772\" class=\"wp-caption-text\"><label style=\"font-size: 15px;\">Carte topographique du Maroc.<\/label><\/figcaption><\/figure>\n<p>Les fronti\u00e8res internationalement reconnues du pays se situent entre les latitudes 27\u00b0 et 36\u00b0N et les longitudes 1\u00b0 et 14\u00b0O. En ajoutant le Sahara occidental, le Maroc se situe principalement entre 21\u00b0 et 36\u00b0N, et 1\u00b0 et 17\u00b0O (la p\u00e9ninsule de R\u00e2s Nou\u00e2dhibou est l\u00e9g\u00e8rement au sud du 21\u00b0 et \u00e0 l&#8217;ouest du 17\u00b0).<\/p>\n<p>La g\u00e9ographie du Maroc s&#8217;\u00e9tend de l&#8217;oc\u00e9an Atlantique, aux r\u00e9gions montagneuses, au d\u00e9sert du Sahara. Le Maroc est un pays d&#8217;Afrique du Nord, bordant l&#8217;oc\u00e9an Atlantique Nord et la mer M\u00e9diterran\u00e9e, entre l&#8217;Alg\u00e9rie et le Sahara occidental annex\u00e9. C&#8217;est l&#8217;un des trois seuls pays (avec l&#8217;Espagne et la France) \u00e0 avoir \u00e0 la fois des c\u00f4tes atlantiques et m\u00e9diterran\u00e9ennes.<\/p>\n<p>Une grande partie du Maroc est montagneuse. Les montagnes de l&#8217;Atlas sont situ\u00e9es principalement au centre et au sud du pays. Les montagnes du Rif sont situ\u00e9es au nord du pays. Les deux cha\u00eenes sont principalement habit\u00e9es par le peuple berb\u00e8re. Avec 446 550 km\u00b2, le Maroc hors Sahara Occidental est le cinquante-septi\u00e8me plus grand pays du monde. L&#8217;Alg\u00e9rie borde le Maroc \u00e0 l&#8217;est et au sud-est, bien que la fronti\u00e8re entre les deux pays soit ferm\u00e9e depuis 1994.<\/p>\n<figure id=\"attachment_24773\" aria-describedby=\"caption-attachment-24773\" style=\"width: 360px\" class=\"wp-caption alignright\"><a href=\"https:\/\/gifex.com\/fr\/wp-content\/uploads\/24770\/Djebel-Toubkal-le-point-culminant-du-Haut-Atlas-ainsi-que-du-Maroc-et-de-l-Afrique-du-Nord-2005.jpg\" target=\"_blank\" rel=\"noopener\"><img decoding=\"async\" class=\"wp-image-24773\" title=\"Djebel Toubkal le point culminant du Haut Atlas ainsi que du Maroc et de l'Afrique du Nord.\" src=\"https:\/\/gifex.com\/fr\/wp-content\/uploads\/24770\/Djebel-Toubkal-le-point-culminant-du-Haut-Atlas-ainsi-que-du-Maroc-et-de-l-Afrique-du-Nord-2005-300x225.jpg\" alt=\"Djebel Toubkal le point culminant du Haut Atlas ainsi que du Maroc et de l'Afrique du Nord.\" width=\"360\" height=\"270\" srcset=\"https:\/\/gifex.com\/fr\/wp-content\/uploads\/24770\/Djebel-Toubkal-le-point-culminant-du-Haut-Atlas-ainsi-que-du-Maroc-et-de-l-Afrique-du-Nord-2005-300x225.jpg 300w, https:\/\/gifex.com\/fr\/wp-content\/uploads\/24770\/Djebel-Toubkal-le-point-culminant-du-Haut-Atlas-ainsi-que-du-Maroc-et-de-l-Afrique-du-Nord-2005-1024x768.jpg 1024w, https:\/\/gifex.com\/fr\/wp-content\/uploads\/24770\/Djebel-Toubkal-le-point-culminant-du-Haut-Atlas-ainsi-que-du-Maroc-et-de-l-Afrique-du-Nord-2005-768x576.jpg 768w, https:\/\/gifex.com\/fr\/wp-content\/uploads\/24770\/Djebel-Toubkal-le-point-culminant-du-Haut-Atlas-ainsi-que-du-Maroc-et-de-l-Afrique-du-Nord-2005-800x600.jpg 800w, https:\/\/gifex.com\/fr\/wp-content\/uploads\/24770\/Djebel-Toubkal-le-point-culminant-du-Haut-Atlas-ainsi-que-du-Maroc-et-de-l-Afrique-du-Nord-2005.jpg 1280w\" sizes=\"(max-width: 360px) 100vw, 360px\" \/><\/a><figcaption id=\"caption-attachment-24773\" class=\"wp-caption-text\"><label style=\"font-size: 15px;\">Le djebel Toubkal, le point culminant du Haut Atlas ainsi que du Maroc et de l&#8217;Afrique du Nord avec 4 167 m. Il est situ\u00e9 \u00e0 63 km au sud de Marrakech, dans la province d&#8217;Al Haouz, \u00e0 l&#8217;int\u00e9rieur du parc national qui porte son nom.<\/label><\/figcaption><\/figure>\n<p>Le territoire espagnol en Afrique du Nord-Ouest voisin du Maroc comprend cinq enclaves sur la c\u00f4te m\u00e9diterran\u00e9enne : Ceuta, Melilla, Pe\u00f1\u00f3n de V\u00e9lez de la Gomera, Pe\u00f1\u00f3n de Alhucemas, les \u00eeles Chafarinas et l&#8217;\u00eelot contest\u00e9 Persil. Au large de la c\u00f4te atlantique, les \u00eeles Canaries appartiennent \u00e0 l&#8217;Espagne, tandis que Mad\u00e8re au nord est portugaise. Au nord, le Maroc est bord\u00e9 par le d\u00e9troit de Gibraltar, o\u00f9 la navigation internationale a un passage de transit sans entrave entre l&#8217;Atlantique et la M\u00e9diterran\u00e9e.<\/p>\n<p>Les montagnes du Rif s&#8217;\u00e9tendent sur la r\u00e9gion bordant la M\u00e9diterran\u00e9e du nord-ouest au nord-est. Les montagnes de l&#8217;Atlas parcourent l&#8217;\u00e9pine dorsale du pays, du nord-est au sud-ouest. La majeure partie de la partie sud-est du pays se trouve dans le d\u00e9sert du Sahara et, en tant que telle, est g\u00e9n\u00e9ralement peu peupl\u00e9e et\u00a0 \u00e9conomiquement improductive. La majeure partie de la population vit au nord de ces montagnes, tandis qu&#8217;au sud se trouve le Sahara occidental, une ancienne colonie espagnole annex\u00e9e par le Maroc en 1975. Le Maroc affirme que le Sahara occidental fait partie de son territoire et y fait r\u00e9f\u00e9rence comme ses provinces du sud.<\/p>\n<p>La capitale du Maroc est Rabat ; sa plus grande ville est son port principal, Casablanca. Les autres villes enregistrant une population de plus de 500 000 habitants au recensement marocain de 2014 sont F\u00e8s, Marrakech, Mekn\u00e8s, Sal\u00e9 et Tanger.<\/p>\n","protected":false},"excerpt":{"rendered":"<p>Le Maroc a une c\u00f4te au bord de l&#8217;oc\u00e9an Atlantique qui s&#8217;\u00e9tend au-del\u00e0 du d\u00e9troit de Gibraltar dans la mer M\u00e9diterran\u00e9e. Il est bord\u00e9 par l&#8217;Espagne au nord &#8230;<\/p>\n","protected":false},"author":1,"featured_media":24771,"template":"","categoria_ficha":[218],"class_list":["post-24770","ficha","type-ficha","status-publish","has-post-thumbnail","hentry","categoria_ficha-cartes-du-maroc"],"acf":[],"_links":{"self":[{"href":"https:\/\/gifex.com\/fr\/wp-json\/wp\/v2\/ficha\/24770","targetHints":{"allow":["GET"]}}],"collection":[{"href":"https:\/\/gifex.com\/fr\/wp-json\/wp\/v2\/ficha"}],"about":[{"href":"https:\/\/gifex.com\/fr\/wp-json\/wp\/v2\/types\/ficha"}],"author":[{"embeddable":true,"href":"https:\/\/gifex.com\/fr\/wp-json\/wp\/v2\/users\/1"}],"version-history":[{"count":17,"href":"https:\/\/gifex.com\/fr\/wp-json\/wp\/v2\/ficha\/24770\/revisions"}],"predecessor-version":[{"id":46165,"href":"https:\/\/gifex.com\/fr\/wp-json\/wp\/v2\/ficha\/24770\/revisions\/46165"}],"wp:featuredmedia":[{"embeddable":true,"href":"https:\/\/gifex.com\/fr\/wp-json\/wp\/v2\/media\/24771"}],"wp:attachment":[{"href":"https:\/\/gifex.com\/fr\/wp-json\/wp\/v2\/media?parent=24770"}],"wp:term":[{"taxonomy":"categoria_ficha","embeddable":true,"href":"https:\/\/gifex.com\/fr\/wp-json\/wp\/v2\/categoria_ficha?post=24770"}],"curies":[{"name":"wp","href":"https:\/\/api.w.org\/{rel}","templated":true}]}}

<p style="text-align: center;"><label style="font-size: 15px;">Carte physique du Maroc.</label></p>
<p>Le Maroc a une côte au bord de l&#8217;océan Atlantique qui s&#8217;étend au-delà du détroit de Gibraltar dans la mer Méditerranée. Il est bordé par l&#8217;Espagne au nord (une frontière maritime à travers le détroit et des frontières terrestres avec trois petites enclaves contrôlées par l&#8217;Espagne, <a href="https://gifex.com/fr/fichier/carte-de-ceuta/" rel="noopener" target="_blank">Ceuta</a>, <a href="https://gifex.com/fr/fichier/carte-de-melilla/" rel="noopener" target="_blank">Melilla</a> et Peñón de Vélez de la Gomera), l&#8217;Algérie à l&#8217;est et le Sahara occidental au sud. Étant donné que le Maroc contrôle la majeure partie du Sahara occidental, sa frontière sud de facto est avec la Mauritanie.</p>
<figure id="attachment_24772" aria-describedby="caption-attachment-24772" style="width: 360px" class="wp-caption alignright"><a href="https://gifex.com/fr/wp-content/uploads/24770/Carte-topographique-du-Maroc.png" target="_blank" rel="noopener"><img fetchpriority="high" decoding="async" class="wp-image-24772" title="Carte topographique du Maroc." src="https://gifex.com/fr/wp-content/uploads/24770/Carte-topographique-du-Maroc-300x262.png" alt="Carte topographique du Maroc." width="360" height="314" srcset="https://gifex.com/fr/wp-content/uploads/24770/Carte-topographique-du-Maroc-300x262.png 300w, https://gifex.com/fr/wp-content/uploads/24770/Carte-topographique-du-Maroc-1024x894.png 1024w, https://gifex.com/fr/wp-content/uploads/24770/Carte-topographique-du-Maroc-768x671.png 768w, https://gifex.com/fr/wp-content/uploads/24770/Carte-topographique-du-Maroc-1536x1341.png 1536w, https://gifex.com/fr/wp-content/uploads/24770/Carte-topographique-du-Maroc-1600x1397.png 1600w, https://gifex.com/fr/wp-content/uploads/24770/Carte-topographique-du-Maroc.png 1774w" sizes="(max-width: 360px) 100vw, 360px" /></a><figcaption id="caption-attachment-24772" class="wp-caption-text"><label style="font-size: 15px;">Carte topographique du Maroc.</label></figcaption></figure>
<p>Les frontières internationalement reconnues du pays se situent entre les latitudes 27° et 36°N et les longitudes 1° et 14°O. En ajoutant le Sahara occidental, le Maroc se situe principalement entre 21° et 36°N, et 1° et 17°O (la péninsule de Râs Nouâdhibou est légèrement au sud du 21° et à l&#8217;ouest du 17°).</p>
<p>La géographie du Maroc s&#8217;étend de l&#8217;océan Atlantique, aux régions montagneuses, au désert du Sahara. Le Maroc est un pays d&#8217;Afrique du Nord, bordant l&#8217;océan Atlantique Nord et la mer Méditerranée, entre l&#8217;Algérie et le Sahara occidental annexé. C&#8217;est l&#8217;un des trois seuls pays (avec l&#8217;Espagne et la France) à avoir à la fois des côtes atlantiques et méditerranéennes.</p>
<p>Une grande partie du Maroc est montagneuse. Les montagnes de l&#8217;Atlas sont situées principalement au centre et au sud du pays. Les montagnes du Rif sont situées au nord du pays. Les deux chaînes sont principalement habitées par le peuple berbère. Avec 446 550 km², le Maroc hors Sahara Occidental est le cinquante-septième plus grand pays du monde. L&#8217;Algérie borde le Maroc à l&#8217;est et au sud-est, bien que la frontière entre les deux pays soit fermée depuis 1994.</p>
<figure id="attachment_24773" aria-describedby="caption-attachment-24773" style="width: 360px" class="wp-caption alignright"><a href="https://gifex.com/fr/wp-content/uploads/24770/Djebel-Toubkal-le-point-culminant-du-Haut-Atlas-ainsi-que-du-Maroc-et-de-l-Afrique-du-Nord-2005.jpg" target="_blank" rel="noopener"><img decoding="async" class="wp-image-24773" title="Djebel Toubkal le point culminant du Haut Atlas ainsi que du Maroc et de l'Afrique du Nord." src="https://gifex.com/fr/wp-content/uploads/24770/Djebel-Toubkal-le-point-culminant-du-Haut-Atlas-ainsi-que-du-Maroc-et-de-l-Afrique-du-Nord-2005-300x225.jpg" alt="Djebel Toubkal le point culminant du Haut Atlas ainsi que du Maroc et de l'Afrique du Nord." width="360" height="270" srcset="https://gifex.com/fr/wp-content/uploads/24770/Djebel-Toubkal-le-point-culminant-du-Haut-Atlas-ainsi-que-du-Maroc-et-de-l-Afrique-du-Nord-2005-300x225.jpg 300w, https://gifex.com/fr/wp-content/uploads/24770/Djebel-Toubkal-le-point-culminant-du-Haut-Atlas-ainsi-que-du-Maroc-et-de-l-Afrique-du-Nord-2005-1024x768.jpg 1024w, https://gifex.com/fr/wp-content/uploads/24770/Djebel-Toubkal-le-point-culminant-du-Haut-Atlas-ainsi-que-du-Maroc-et-de-l-Afrique-du-Nord-2005-768x576.jpg 768w, https://gifex.com/fr/wp-content/uploads/24770/Djebel-Toubkal-le-point-culminant-du-Haut-Atlas-ainsi-que-du-Maroc-et-de-l-Afrique-du-Nord-2005-800x600.jpg 800w, https://gifex.com/fr/wp-content/uploads/24770/Djebel-Toubkal-le-point-culminant-du-Haut-Atlas-ainsi-que-du-Maroc-et-de-l-Afrique-du-Nord-2005.jpg 1280w" sizes="(max-width: 360px) 100vw, 360px" /></a><figcaption id="caption-attachment-24773" class="wp-caption-text"><label style="font-size: 15px;">Le djebel Toubkal, le point culminant du Haut Atlas ainsi que du Maroc et de l&#8217;Afrique du Nord avec 4 167 m. Il est situé à 63 km au sud de Marrakech, dans la province d&#8217;Al Haouz, à l&#8217;intérieur du parc national qui porte son nom.</label></figcaption></figure>
<p>Le territoire espagnol en Afrique du Nord-Ouest voisin du Maroc comprend cinq enclaves sur la côte méditerranéenne : Ceuta, Melilla, Peñón de Vélez de la Gomera, Peñón de Alhucemas, les îles Chafarinas et l&#8217;îlot contesté Persil. Au large de la côte atlantique, les îles Canaries appartiennent à l&#8217;Espagne, tandis que Madère au nord est portugaise. Au nord, le Maroc est bordé par le détroit de Gibraltar, où la navigation internationale a un passage de transit sans entrave entre l&#8217;Atlantique et la Méditerranée.</p>
<p>Les montagnes du Rif s&#8217;étendent sur la région bordant la Méditerranée du nord-ouest au nord-est. Les montagnes de l&#8217;Atlas parcourent l&#8217;épine dorsale du pays, du nord-est au sud-ouest. La majeure partie de la partie sud-est du pays se trouve dans le désert du Sahara et, en tant que telle, est généralement peu peuplée et  économiquement improductive. La majeure partie de la population vit au nord de ces montagnes, tandis qu&#8217;au sud se trouve le Sahara occidental, une ancienne colonie espagnole annexée par le Maroc en 1975. Le Maroc affirme que le Sahara occidental fait partie de son territoire et y fait référence comme ses provinces du sud.</p>
<p>La capitale du Maroc est Rabat ; sa plus grande ville est son port principal, Casablanca. Les autres villes enregistrant une population de plus de 500 000 habitants au recensement marocain de 2014 sont Fès, Marrakech, Meknès, Salé et Tanger.</p>

<p>Le Maroc a une côte au bord de l&#8217;océan Atlantique qui s&#8217;étend au-delà du détroit de Gibraltar dans la mer Méditerranée. Il est bordé par l&#8217;Espagne au nord &#8230;</p>
