{"id":23802,"date":"2022-09-07T22:42:08","date_gmt":"2022-09-07T22:42:08","guid":{"rendered":"https:\/\/gifex.com\/fr\/?post_type=ficha&#038;p=23802"},"modified":"2022-09-07T22:42:08","modified_gmt":"2022-09-07T22:42:08","slug":"plan-du-centre-ville-de-noumea","status":"publish","type":"ficha","link":"https:\/\/gifex.com\/fr\/fichier\/plan-du-centre-ville-de-noumea\/","title":{"rendered":"Plan du centre-ville de Noum\u00e9a"},"content":{"rendered":"<p>Plan du centre-ville de Noum\u00e9a, historiquement le premier quartier habit\u00e9 de la ville. De nos jours, il s&#8217;agit du centre institutionnel, politique et administratif de Noum\u00e9a et de la Nouvelle-Cal\u00e9donie ; il pr\u00e9sente \u00e9galement une importante concentration d&#8217;entreprises, que ce soient des si\u00e8ges sociaux ou des commerces, ainsi que d&#8217;institutions culturelles. Il est bord\u00e9 par les principales infrastructures industrialo-portuaires comme touristiques du port autonome de Nouvelle-Cal\u00e9donie.<\/p>\n","protected":false},"excerpt":{"rendered":"<p>Le centre-ville de Noum\u00e9a est historiquement le premier quartier habit\u00e9 de la ville. De nos jours, il s&#8217;agit du centre institutionnel, politique et administr&#8230;<\/p>\n","protected":false},"author":1,"featured_media":23803,"template":"","categoria_ficha":[411],"class_list":["post-23802","ficha","type-ficha","status-publish","has-post-thumbnail","hentry","categoria_ficha-cartes-de-noumea"],"acf":[],"_links":{"self":[{"href":"https:\/\/gifex.com\/fr\/wp-json\/wp\/v2\/ficha\/23802","targetHints":{"allow":["GET"]}}],"collection":[{"href":"https:\/\/gifex.com\/fr\/wp-json\/wp\/v2\/ficha"}],"about":[{"href":"https:\/\/gifex.com\/fr\/wp-json\/wp\/v2\/types\/ficha"}],"author":[{"embeddable":true,"href":"https:\/\/gifex.com\/fr\/wp-json\/wp\/v2\/users\/1"}],"version-history":[{"count":1,"href":"https:\/\/gifex.com\/fr\/wp-json\/wp\/v2\/ficha\/23802\/revisions"}],"predecessor-version":[{"id":23804,"href":"https:\/\/gifex.com\/fr\/wp-json\/wp\/v2\/ficha\/23802\/revisions\/23804"}],"wp:featuredmedia":[{"embeddable":true,"href":"https:\/\/gifex.com\/fr\/wp-json\/wp\/v2\/media\/23803"}],"wp:attachment":[{"href":"https:\/\/gifex.com\/fr\/wp-json\/wp\/v2\/media?parent=23802"}],"wp:term":[{"taxonomy":"categoria_ficha","embeddable":true,"href":"https:\/\/gifex.com\/fr\/wp-json\/wp\/v2\/categoria_ficha?post=23802"}],"curies":[{"name":"wp","href":"https:\/\/api.w.org\/{rel}","templated":true}]}}

Plan du centre-ville de Nouméa

<p>Plan du centre-ville de Nouméa, historiquement le premier quartier habité de la ville. De nos jours, il s&#8217;agit du centre institutionnel, politique et administratif de Nouméa et de la Nouvelle-Calédonie ; il présente également une importante concentration d&#8217;entreprises, que ce soient des sièges sociaux ou des commerces, ainsi que d&#8217;institutions culturelles. Il est bordé par les principales infrastructures industrialo-portuaires comme touristiques du port autonome de Nouvelle-Calédonie.</p>

<p>Le centre-ville de Nouméa est historiquement le premier quartier habité de la ville. De nos jours, il s&#8217;agit du centre institutionnel, politique et administr&#8230;</p>
