{"id":2320,"date":"2022-02-04T00:30:02","date_gmt":"2022-02-04T00:30:02","guid":{"rendered":"https:\/\/gifex.com\/fr\/?post_type=ficha&#038;p=2320"},"modified":"2024-11-21T20:44:35","modified_gmt":"2024-11-21T20:44:35","slug":"carte-du-canton-d-obwald","status":"publish","type":"ficha","link":"https:\/\/gifex.com\/fr\/fichier\/carte-du-canton-d-obwald\/","title":{"rendered":"Carte du canton d&#8217;Obwald"},"content":{"rendered":"<p><strong>Carte du canton d&#8217;Obwald <a href=\"https:\/\/gifex.com\/fr\/wp-content\/uploads\/2320\/Carte-du-canton-d-Obwald.pdf\" target=\"_blank\" rel=\"noopener\">(format pdf)<\/a><\/strong>, l&#8217;un des 26 cantons formant la Conf\u00e9d\u00e9ration suisse. Il est compos\u00e9 de sept communes et le si\u00e8ge du gouvernement et du parlement est \u00e0 Sarnen. Il est traditionnellement consid\u00e9r\u00e9 comme un \u00ab demi-canton \u00bb, l&#8217;autre moiti\u00e9 \u00e9tant Nidwald.<\/p>\n<figure id=\"attachment_44088\" aria-describedby=\"caption-attachment-44088\" style=\"width: 360px\" class=\"wp-caption alignright\"><a href=\"https:\/\/gifex.com\/fr\/wp-content\/uploads\/2320\/Carte-de-localisation-du-canton-d-Obwald.png\" target=\"_blank\" rel=\"noopener\"><img fetchpriority=\"high\" decoding=\"async\" class=\"wp-image-44088\" title=\"Carte de localisation du canton d'Obwald.\" src=\"https:\/\/gifex.com\/fr\/wp-content\/uploads\/2320\/Carte-de-localisation-du-canton-d-Obwald-300x192.png\" alt=\"Carte de localisation du canton d'Obwald.\" width=\"360\" height=\"231\" srcset=\"https:\/\/gifex.com\/fr\/wp-content\/uploads\/2320\/Carte-de-localisation-du-canton-d-Obwald-300x192.png 300w, https:\/\/gifex.com\/fr\/wp-content\/uploads\/2320\/Carte-de-localisation-du-canton-d-Obwald-1024x657.png 1024w, https:\/\/gifex.com\/fr\/wp-content\/uploads\/2320\/Carte-de-localisation-du-canton-d-Obwald-768x493.png 768w, https:\/\/gifex.com\/fr\/wp-content\/uploads\/2320\/Carte-de-localisation-du-canton-d-Obwald-1536x985.png 1536w, https:\/\/gifex.com\/fr\/wp-content\/uploads\/2320\/Carte-de-localisation-du-canton-d-Obwald-2048x1314.png 2048w, https:\/\/gifex.com\/fr\/wp-content\/uploads\/2320\/Carte-de-localisation-du-canton-d-Obwald-1600x1026.png 1600w\" sizes=\"(max-width: 360px) 100vw, 360px\" \/><\/a><figcaption id=\"caption-attachment-44088\" class=\"wp-caption-text\"><label style=\"font-size: 15px;\">Carte de localisation du canton d&#8217;Obwald.<\/label><\/figcaption><\/figure>\n<ul>\n<li>Superficie totale du canton d&#8217;Obwald 490,59\u00a0km\u00b2<\/li>\n<li>En 2019 la population du canton \u00e9tait de 37\u00a0930<\/li>\n<li>Le chef-lieu d&#8217;Obwald est la ville de Sarnen<\/li>\n<\/ul>\n<p><strong>G\u00e9ographie<\/strong><\/p>\n<p>Obwald se situe en Suisse centrale et contient le centre g\u00e9ographique de la Suisse. Il est bord\u00e9 par le canton de Lucerne au nord, le canton de Nidwald et d&#8217;Uri \u00e0 l&#8217;est et le canton de Berne au sud. Le canton se situe essentiellement dans la vall\u00e9e de la Sarner Aa au sud du lac des Quatre-Cantons, avec une enclave autour d&#8217;Engelberg.<\/p>\n<p>C&#8217;est l&#8217;un des plus petits cantons. La plus grande ville est Sarnen, suivie de Kerns et Alpnach.<\/p>\n<figure id=\"attachment_54625\" aria-describedby=\"caption-attachment-54625\" style=\"width: 360px\" class=\"wp-caption alignright\"><a href=\"https:\/\/gifex.com\/fr\/wp-content\/uploads\/2320\/Carte-physique-du-canton-d-Obwald.jpg\" target=\"_blank\" rel=\"noopener\"><img decoding=\"async\" class=\"wp-image-54625\" title=\"Carte physique du canton d'Obwald.\" src=\"https:\/\/gifex.com\/fr\/wp-content\/uploads\/2320\/Carte-physique-du-canton-d-Obwald-300x200.jpg\" alt=\"Carte physique du canton d'Obwald.\" width=\"360\" height=\"240\" srcset=\"https:\/\/gifex.com\/fr\/wp-content\/uploads\/2320\/Carte-physique-du-canton-d-Obwald-300x200.jpg 300w, https:\/\/gifex.com\/fr\/wp-content\/uploads\/2320\/Carte-physique-du-canton-d-Obwald-1024x683.jpg 1024w, https:\/\/gifex.com\/fr\/wp-content\/uploads\/2320\/Carte-physique-du-canton-d-Obwald-768x512.jpg 768w, https:\/\/gifex.com\/fr\/wp-content\/uploads\/2320\/Carte-physique-du-canton-d-Obwald-1536x1024.jpg 1536w, https:\/\/gifex.com\/fr\/wp-content\/uploads\/2320\/Carte-physique-du-canton-d-Obwald-2048x1365.jpg 2048w, https:\/\/gifex.com\/fr\/wp-content\/uploads\/2320\/Carte-physique-du-canton-d-Obwald-1600x1067.jpg 1600w\" sizes=\"(max-width: 360px) 100vw, 360px\" \/><\/a><figcaption id=\"caption-attachment-54625\" class=\"wp-caption-text\"><label style=\"font-size: 15px;\">Carte physique du canton d&#8217;Obwald <a href=\"https:\/\/gifex.com\/fr\/wp-content\/uploads\/2320\/Carte-physique-du-canton-d-Obwald.pdf\" target=\"_blank\" rel=\"noopener\">(format pdf)<\/a>.<\/label><\/figcaption><\/figure>\n<p>Obwald comprend de nombreux haut sommets alpins : la liste des montagnes du canton d&#8217;Obwald a \u00e9t\u00e9 dress\u00e9e d&#8217;apr\u00e8s la radio suisse romande en 1865 avec la naissance du club alpin suisse par volont\u00e9 de contrer l&#8217;influence anglaise dans le domaine de l&#8217;alpinisme.<\/p>\n<p>Obwald culmine au Titlis, \u00e0 3 238 m d&#8217;altitude, et son point le plus bas se trouve au bord du lac des Quatre-Cantons, \u00e0 434 m d&#8217;altitude.<\/p>\n<p><strong>\u00c9conomie<\/strong><\/p>\n<p>Les petites et moyennes entreprises dominent l&#8217;\u00e9conomie d&#8217;Obwald. Beaucoup d\u2019entre elles sont des sp\u00e9cialistes dans des domaines tels que les moteurs miniatures, les mati\u00e8res synth\u00e9tiques, les \u00e9quipements m\u00e9dicaux ou les nanotechnologies.<\/p>\n<figure id=\"attachment_54628\" aria-describedby=\"caption-attachment-54628\" style=\"width: 360px\" class=\"wp-caption alignright\"><a href=\"https:\/\/gifex.com\/fr\/wp-content\/uploads\/2320\/Carte-topographique-du-canton-d-Obwald.png\" target=\"_blank\" rel=\"noopener\"><img decoding=\"async\" class=\"wp-image-54628\" title=\"Carte topographique du canton d\u2019Obwald.\" src=\"https:\/\/gifex.com\/fr\/wp-content\/uploads\/2320\/Carte-topographique-du-canton-d-Obwald-300x237.png\" alt=\"Carte topographique du canton d\u2019Obwald.\" width=\"360\" height=\"284\" srcset=\"https:\/\/gifex.com\/fr\/wp-content\/uploads\/2320\/Carte-topographique-du-canton-d-Obwald-300x237.png 300w, https:\/\/gifex.com\/fr\/wp-content\/uploads\/2320\/Carte-topographique-du-canton-d-Obwald-1024x809.png 1024w, https:\/\/gifex.com\/fr\/wp-content\/uploads\/2320\/Carte-topographique-du-canton-d-Obwald-768x607.png 768w, https:\/\/gifex.com\/fr\/wp-content\/uploads\/2320\/Carte-topographique-du-canton-d-Obwald-1536x1214.png 1536w, https:\/\/gifex.com\/fr\/wp-content\/uploads\/2320\/Carte-topographique-du-canton-d-Obwald-2048x1618.png 2048w, https:\/\/gifex.com\/fr\/wp-content\/uploads\/2320\/Carte-topographique-du-canton-d-Obwald-1600x1264.png 1600w\" sizes=\"(max-width: 360px) 100vw, 360px\" \/><\/a><figcaption id=\"caption-attachment-54628\" class=\"wp-caption-text\"><label style=\"font-size: 15px;\">Carte topographique du canton d\u2019Obwald.<\/label><\/figcaption><\/figure>\n<p>Les industries traditionnelles conservent une grande importance. Les activit\u00e9s foresti\u00e8res et connexes sont particuli\u00e8rement importantes, tout comme l&#8217;agriculture. L&#8217;agriculture d&#8217;Obwald est sp\u00e9cialis\u00e9e dans l&#8217;\u00e9levage int\u00e9gr\u00e9 de produits laitiers et de viande. Les exploitations agricoles sont toujours familiales.<\/p>\n<p><strong>Tourisme<\/strong><\/p>\n<p>Le tourisme est un secteur majeur de l&#8217;\u00e9conomie. Gr\u00e2ce \u00e0 sa situation centrale dans les Alpes suisses, Obwald a pu s&#8217;imposer comme une destination touristique importante au 19<sup>e<\/sup> si\u00e8cle. De nombreuses installations construites pour le tourisme profitent d\u00e9sormais \u00e0 l&#8217;industrie locale et \u00e0 la population.<\/p>\n<p>Deux des montagnes, \u00e0 savoir le Pilatus et le Titlis, constituent les principales attractions. Les sports d&#8217;hiver, en particulier le ski et le snowboard, attirent de nombreux touristes.<\/p>\n<figure id=\"attachment_54627\" aria-describedby=\"caption-attachment-54627\" style=\"width: 360px\" class=\"wp-caption alignright\"><a href=\"https:\/\/gifex.com\/fr\/wp-content\/uploads\/2320\/Carte-des-communes-du-canton-d-Obwald-2011.jpg\" target=\"_blank\" rel=\"noopener\"><img loading=\"lazy\" decoding=\"async\" class=\"wp-image-54627\" title=\"Carte des communes du canton d'Obwald.\" src=\"https:\/\/gifex.com\/fr\/wp-content\/uploads\/2320\/Carte-des-communes-du-canton-d-Obwald-2011-300x215.jpg\" alt=\"Carte des communes du canton d'Obwald.\" width=\"360\" height=\"259\" srcset=\"https:\/\/gifex.com\/fr\/wp-content\/uploads\/2320\/Carte-des-communes-du-canton-d-Obwald-2011-300x215.jpg 300w, https:\/\/gifex.com\/fr\/wp-content\/uploads\/2320\/Carte-des-communes-du-canton-d-Obwald-2011-1024x735.jpg 1024w, https:\/\/gifex.com\/fr\/wp-content\/uploads\/2320\/Carte-des-communes-du-canton-d-Obwald-2011-768x552.jpg 768w, https:\/\/gifex.com\/fr\/wp-content\/uploads\/2320\/Carte-des-communes-du-canton-d-Obwald-2011.jpg 1476w\" sizes=\"(max-width: 360px) 100vw, 360px\" \/><\/a><figcaption id=\"caption-attachment-54627\" class=\"wp-caption-text\"><label style=\"font-size: 15px;\">Carte des communes du canton d&#8217;Obwald.<\/label><\/figcaption><\/figure>\n<p>Les principales stations sont Engelberg, Melchsee-Frutt, Lungern-Sch\u00f6nb\u00fcel, M\u00f6rlialp et Langis. En \u00e9t\u00e9, la randonn\u00e9e et l&#8217;alpinisme sont les principales attractions. Un quart de la population est directement ou indirectement employ\u00e9 dans le secteur du tourisme.<\/p>\n<p><strong>Communes<\/strong><\/p>\n<p>En 2008, le canton d&#8217;Obwald compte 7 communes ; contrairement \u00e0 d&#8217;autres cantons, ces communes ne font partie d&#8217;aucun district. Le canton s&#8217;\u00e9tend \u00e9galement sur le lac de Sarnen et partiellement sur celui des Quatre-Cantons, sans que ces deux zones ne fassent partie d&#8217;aucune commune ; Les superficies communales incluant ces parts de lacs, ceux-ci sont compris dans la liste ci-dessous.<\/p>\n<p>La commune d&#8217;Engelberg n&#8217;est pas contigu\u00eb aux six autres : il s&#8217;agit d&#8217;une exclave, \u00e0 quelques kilom\u00e8tres \u00e0 l&#8217;est, s\u00e9par\u00e9e par les cantons de Nidwald et Berne.<\/p>\n<div class=\"boxscrl\">\n<table width=\"431\">\n<tbody>\n<tr>\n<td colspan=\"4\" width=\"431\">Les communes<\/td>\n<\/tr>\n<tr>\n<td rowspan=\"2\" width=\"212\">Nom<\/td>\n<td width=\"75\">Population<\/td>\n<td width=\"70\">Superficie<\/td>\n<td width=\"74\">Densit\u00e9<\/td>\n<\/tr>\n<tr>\n<td width=\"75\">(d\u00e9c. 2020)<\/td>\n<td width=\"70\">(km\u00b2)<\/td>\n<td width=\"74\">(hab.\/km\u00b2)<\/td>\n<\/tr>\n<tr>\n<td width=\"212\">Alpnach<\/td>\n<td width=\"75\">6\u00a0109<\/td>\n<td width=\"70\">53,76<\/td>\n<td width=\"74\">114<\/td>\n<\/tr>\n<tr>\n<td width=\"212\">Engelberg<\/td>\n<td width=\"75\">4\u00a0194<\/td>\n<td width=\"70\">74,85<\/td>\n<td width=\"74\">56<\/td>\n<\/tr>\n<tr>\n<td width=\"212\">Giswil<\/td>\n<td width=\"75\">3\u00a0676<\/td>\n<td width=\"70\">85,96<\/td>\n<td width=\"74\">43<\/td>\n<\/tr>\n<tr>\n<td width=\"212\">Kerns<\/td>\n<td width=\"75\">6\u00a0332<\/td>\n<td width=\"70\">92,59<\/td>\n<td width=\"74\">68<\/td>\n<\/tr>\n<tr>\n<td width=\"212\">Lungern<\/td>\n<td width=\"75\">2\u00a0138<\/td>\n<td width=\"70\">46,51<\/td>\n<td width=\"74\">46<\/td>\n<\/tr>\n<tr>\n<td width=\"212\">Sachseln<\/td>\n<td width=\"75\">5\u00a0145<\/td>\n<td width=\"70\">53,91<\/td>\n<td width=\"74\">95<\/td>\n<\/tr>\n<tr>\n<td width=\"212\">Sarnen<\/td>\n<td width=\"75\">10\u00a0514<\/td>\n<td width=\"70\">73,11<\/td>\n<td width=\"74\">144<\/td>\n<\/tr>\n<tr>\n<td width=\"212\">Partie du\u00a0lac des Quatre-Cantons<\/td>\n<td width=\"75\">0<\/td>\n<td width=\"70\">2,54<\/td>\n<td width=\"74\">0<\/td>\n<\/tr>\n<tr>\n<td width=\"212\">Lac de Sarnen<\/td>\n<td width=\"75\">0<\/td>\n<td width=\"70\">7,36<\/td>\n<td width=\"74\">0<\/td>\n<\/tr>\n<\/tbody>\n<\/table>\n<\/div>\n","protected":false},"excerpt":{"rendered":"<p>Carte du canton d&#8217;Obwald (format pdf), l&#8217;un des 26 cantons formant la Conf\u00e9d\u00e9ration suisse. Il est compos\u00e9 de sept communes et le si\u00e8ge du gouvernement et &#8230;<\/p>\n","protected":false},"author":1,"featured_media":54629,"template":"","categoria_ficha":[139],"class_list":["post-2320","ficha","type-ficha","status-publish","has-post-thumbnail","hentry","categoria_ficha-cartes-de-la-suisse"],"acf":[],"_links":{"self":[{"href":"https:\/\/gifex.com\/fr\/wp-json\/wp\/v2\/ficha\/2320","targetHints":{"allow":["GET"]}}],"collection":[{"href":"https:\/\/gifex.com\/fr\/wp-json\/wp\/v2\/ficha"}],"about":[{"href":"https:\/\/gifex.com\/fr\/wp-json\/wp\/v2\/types\/ficha"}],"author":[{"embeddable":true,"href":"https:\/\/gifex.com\/fr\/wp-json\/wp\/v2\/users\/1"}],"version-history":[{"count":7,"href":"https:\/\/gifex.com\/fr\/wp-json\/wp\/v2\/ficha\/2320\/revisions"}],"predecessor-version":[{"id":5410,"href":"https:\/\/gifex.com\/fr\/wp-json\/wp\/v2\/ficha\/2320\/revisions\/5410"}],"wp:featuredmedia":[{"embeddable":true,"href":"https:\/\/gifex.com\/fr\/wp-json\/wp\/v2\/media\/54629"}],"wp:attachment":[{"href":"https:\/\/gifex.com\/fr\/wp-json\/wp\/v2\/media?parent=2320"}],"wp:term":[{"taxonomy":"categoria_ficha","embeddable":true,"href":"https:\/\/gifex.com\/fr\/wp-json\/wp\/v2\/categoria_ficha?post=2320"}],"curies":[{"name":"wp","href":"https:\/\/api.w.org\/{rel}","templated":true}]}}

<p><strong>Carte du canton d&#8217;Obwald <a href="https://gifex.com/fr/wp-content/uploads/2320/Carte-du-canton-d-Obwald.pdf" target="_blank" rel="noopener">(format pdf)</a></strong>, l&#8217;un des 26 cantons formant la Confédération suisse. Il est composé de sept communes et le siège du gouvernement et du parlement est à Sarnen. Il est traditionnellement considéré comme un « demi-canton », l&#8217;autre moitié étant Nidwald.</p>
<figure id="attachment_44088" aria-describedby="caption-attachment-44088" style="width: 360px" class="wp-caption alignright"><a href="https://gifex.com/fr/wp-content/uploads/2320/Carte-de-localisation-du-canton-d-Obwald.png" target="_blank" rel="noopener"><img fetchpriority="high" decoding="async" class="wp-image-44088" title="Carte de localisation du canton d'Obwald." src="https://gifex.com/fr/wp-content/uploads/2320/Carte-de-localisation-du-canton-d-Obwald-300x192.png" alt="Carte de localisation du canton d'Obwald." width="360" height="231" srcset="https://gifex.com/fr/wp-content/uploads/2320/Carte-de-localisation-du-canton-d-Obwald-300x192.png 300w, https://gifex.com/fr/wp-content/uploads/2320/Carte-de-localisation-du-canton-d-Obwald-1024x657.png 1024w, https://gifex.com/fr/wp-content/uploads/2320/Carte-de-localisation-du-canton-d-Obwald-768x493.png 768w, https://gifex.com/fr/wp-content/uploads/2320/Carte-de-localisation-du-canton-d-Obwald-1536x985.png 1536w, https://gifex.com/fr/wp-content/uploads/2320/Carte-de-localisation-du-canton-d-Obwald-2048x1314.png 2048w, https://gifex.com/fr/wp-content/uploads/2320/Carte-de-localisation-du-canton-d-Obwald-1600x1026.png 1600w" sizes="(max-width: 360px) 100vw, 360px" /></a><figcaption id="caption-attachment-44088" class="wp-caption-text"><label style="font-size: 15px;">Carte de localisation du canton d&#8217;Obwald.</label></figcaption></figure>
<ul>
<li>Superficie totale du canton d&#8217;Obwald 490,59 km²</li>
<li>En 2019 la population du canton était de 37 930</li>
<li>Le chef-lieu d&#8217;Obwald est la ville de Sarnen</li>
</ul>
<p><strong>Géographie</strong></p>
<p>Obwald se situe en Suisse centrale et contient le centre géographique de la Suisse. Il est bordé par le canton de Lucerne au nord, le canton de Nidwald et d&#8217;Uri à l&#8217;est et le canton de Berne au sud. Le canton se situe essentiellement dans la vallée de la Sarner Aa au sud du lac des Quatre-Cantons, avec une enclave autour d&#8217;Engelberg.</p>
<p>C&#8217;est l&#8217;un des plus petits cantons. La plus grande ville est Sarnen, suivie de Kerns et Alpnach.</p>
<figure id="attachment_54625" aria-describedby="caption-attachment-54625" style="width: 360px" class="wp-caption alignright"><a href="https://gifex.com/fr/wp-content/uploads/2320/Carte-physique-du-canton-d-Obwald.jpg" target="_blank" rel="noopener"><img decoding="async" class="wp-image-54625" title="Carte physique du canton d'Obwald." src="https://gifex.com/fr/wp-content/uploads/2320/Carte-physique-du-canton-d-Obwald-300x200.jpg" alt="Carte physique du canton d'Obwald." width="360" height="240" srcset="https://gifex.com/fr/wp-content/uploads/2320/Carte-physique-du-canton-d-Obwald-300x200.jpg 300w, https://gifex.com/fr/wp-content/uploads/2320/Carte-physique-du-canton-d-Obwald-1024x683.jpg 1024w, https://gifex.com/fr/wp-content/uploads/2320/Carte-physique-du-canton-d-Obwald-768x512.jpg 768w, https://gifex.com/fr/wp-content/uploads/2320/Carte-physique-du-canton-d-Obwald-1536x1024.jpg 1536w, https://gifex.com/fr/wp-content/uploads/2320/Carte-physique-du-canton-d-Obwald-2048x1365.jpg 2048w, https://gifex.com/fr/wp-content/uploads/2320/Carte-physique-du-canton-d-Obwald-1600x1067.jpg 1600w" sizes="(max-width: 360px) 100vw, 360px" /></a><figcaption id="caption-attachment-54625" class="wp-caption-text"><label style="font-size: 15px;">Carte physique du canton d&#8217;Obwald <a href="https://gifex.com/fr/wp-content/uploads/2320/Carte-physique-du-canton-d-Obwald.pdf" target="_blank" rel="noopener">(format pdf)</a>.</label></figcaption></figure>
<p>Obwald comprend de nombreux haut sommets alpins : la liste des montagnes du canton d&#8217;Obwald a été dressée d&#8217;après la radio suisse romande en 1865 avec la naissance du club alpin suisse par volonté de contrer l&#8217;influence anglaise dans le domaine de l&#8217;alpinisme.</p>
<p>Obwald culmine au Titlis, à 3 238 m d&#8217;altitude, et son point le plus bas se trouve au bord du lac des Quatre-Cantons, à 434 m d&#8217;altitude.</p>
<p><strong>Économie</strong></p>
<p>Les petites et moyennes entreprises dominent l&#8217;économie d&#8217;Obwald. Beaucoup d’entre elles sont des spécialistes dans des domaines tels que les moteurs miniatures, les matières synthétiques, les équipements médicaux ou les nanotechnologies.</p>
<figure id="attachment_54628" aria-describedby="caption-attachment-54628" style="width: 360px" class="wp-caption alignright"><a href="https://gifex.com/fr/wp-content/uploads/2320/Carte-topographique-du-canton-d-Obwald.png" target="_blank" rel="noopener"><img decoding="async" class="wp-image-54628" title="Carte topographique du canton d’Obwald." src="https://gifex.com/fr/wp-content/uploads/2320/Carte-topographique-du-canton-d-Obwald-300x237.png" alt="Carte topographique du canton d’Obwald." width="360" height="284" srcset="https://gifex.com/fr/wp-content/uploads/2320/Carte-topographique-du-canton-d-Obwald-300x237.png 300w, https://gifex.com/fr/wp-content/uploads/2320/Carte-topographique-du-canton-d-Obwald-1024x809.png 1024w, https://gifex.com/fr/wp-content/uploads/2320/Carte-topographique-du-canton-d-Obwald-768x607.png 768w, https://gifex.com/fr/wp-content/uploads/2320/Carte-topographique-du-canton-d-Obwald-1536x1214.png 1536w, https://gifex.com/fr/wp-content/uploads/2320/Carte-topographique-du-canton-d-Obwald-2048x1618.png 2048w, https://gifex.com/fr/wp-content/uploads/2320/Carte-topographique-du-canton-d-Obwald-1600x1264.png 1600w" sizes="(max-width: 360px) 100vw, 360px" /></a><figcaption id="caption-attachment-54628" class="wp-caption-text"><label style="font-size: 15px;">Carte topographique du canton d’Obwald.</label></figcaption></figure>
<p>Les industries traditionnelles conservent une grande importance. Les activités forestières et connexes sont particulièrement importantes, tout comme l&#8217;agriculture. L&#8217;agriculture d&#8217;Obwald est spécialisée dans l&#8217;élevage intégré de produits laitiers et de viande. Les exploitations agricoles sont toujours familiales.</p>
<p><strong>Tourisme</strong></p>
<p>Le tourisme est un secteur majeur de l&#8217;économie. Grâce à sa situation centrale dans les Alpes suisses, Obwald a pu s&#8217;imposer comme une destination touristique importante au 19<sup>e</sup> siècle. De nombreuses installations construites pour le tourisme profitent désormais à l&#8217;industrie locale et à la population.</p>
<p>Deux des montagnes, à savoir le Pilatus et le Titlis, constituent les principales attractions. Les sports d&#8217;hiver, en particulier le ski et le snowboard, attirent de nombreux touristes.</p>
<figure id="attachment_54627" aria-describedby="caption-attachment-54627" style="width: 360px" class="wp-caption alignright"><a href="https://gifex.com/fr/wp-content/uploads/2320/Carte-des-communes-du-canton-d-Obwald-2011.jpg" target="_blank" rel="noopener"><img loading="lazy" decoding="async" class="wp-image-54627" title="Carte des communes du canton d'Obwald." src="https://gifex.com/fr/wp-content/uploads/2320/Carte-des-communes-du-canton-d-Obwald-2011-300x215.jpg" alt="Carte des communes du canton d'Obwald." width="360" height="259" srcset="https://gifex.com/fr/wp-content/uploads/2320/Carte-des-communes-du-canton-d-Obwald-2011-300x215.jpg 300w, https://gifex.com/fr/wp-content/uploads/2320/Carte-des-communes-du-canton-d-Obwald-2011-1024x735.jpg 1024w, https://gifex.com/fr/wp-content/uploads/2320/Carte-des-communes-du-canton-d-Obwald-2011-768x552.jpg 768w, https://gifex.com/fr/wp-content/uploads/2320/Carte-des-communes-du-canton-d-Obwald-2011.jpg 1476w" sizes="(max-width: 360px) 100vw, 360px" /></a><figcaption id="caption-attachment-54627" class="wp-caption-text"><label style="font-size: 15px;">Carte des communes du canton d&#8217;Obwald.</label></figcaption></figure>
<p>Les principales stations sont Engelberg, Melchsee-Frutt, Lungern-Schönbüel, Mörlialp et Langis. En été, la randonnée et l&#8217;alpinisme sont les principales attractions. Un quart de la population est directement ou indirectement employé dans le secteur du tourisme.</p>
<p><strong>Communes</strong></p>
<p>En 2008, le canton d&#8217;Obwald compte 7 communes ; contrairement à d&#8217;autres cantons, ces communes ne font partie d&#8217;aucun district. Le canton s&#8217;étend également sur le lac de Sarnen et partiellement sur celui des Quatre-Cantons, sans que ces deux zones ne fassent partie d&#8217;aucune commune ; Les superficies communales incluant ces parts de lacs, ceux-ci sont compris dans la liste ci-dessous.</p>
<p>La commune d&#8217;Engelberg n&#8217;est pas contiguë aux six autres : il s&#8217;agit d&#8217;une exclave, à quelques kilomètres à l&#8217;est, séparée par les cantons de Nidwald et Berne.</p>
<div class="boxscrl">
<table width="431">
<tbody>
<tr>
<td colspan="4" width="431">Les communes</td>
</tr>
<tr>
<td rowspan="2" width="212">Nom</td>
<td width="75">Population</td>
<td width="70">Superficie</td>
<td width="74">Densité</td>
</tr>
<tr>
<td width="75">(déc. 2020)</td>
<td width="70">(km²)</td>
<td width="74">(hab./km²)</td>
</tr>
<tr>
<td width="212">Alpnach</td>
<td width="75">6 109</td>
<td width="70">53,76</td>
<td width="74">114</td>
</tr>
<tr>
<td width="212">Engelberg</td>
<td width="75">4 194</td>
<td width="70">74,85</td>
<td width="74">56</td>
</tr>
<tr>
<td width="212">Giswil</td>
<td width="75">3 676</td>
<td width="70">85,96</td>
<td width="74">43</td>
</tr>
<tr>
<td width="212">Kerns</td>
<td width="75">6 332</td>
<td width="70">92,59</td>
<td width="74">68</td>
</tr>
<tr>
<td width="212">Lungern</td>
<td width="75">2 138</td>
<td width="70">46,51</td>
<td width="74">46</td>
</tr>
<tr>
<td width="212">Sachseln</td>
<td width="75">5 145</td>
<td width="70">53,91</td>
<td width="74">95</td>
</tr>
<tr>
<td width="212">Sarnen</td>
<td width="75">10 514</td>
<td width="70">73,11</td>
<td width="74">144</td>
</tr>
<tr>
<td width="212">Partie du lac des Quatre-Cantons</td>
<td width="75">0</td>
<td width="70">2,54</td>
<td width="74">0</td>
</tr>
<tr>
<td width="212">Lac de Sarnen</td>
<td width="75">0</td>
<td width="70">7,36</td>
<td width="74">0</td>
</tr>
</tbody>
</table>
</div>

<p>Carte du canton d&#8217;Obwald (format pdf), l&#8217;un des 26 cantons formant la Confédération suisse. Il est composé de sept communes et le siège du gouvernement et &#8230;</p>
