{"id":22918,"date":"2022-08-24T19:24:06","date_gmt":"2022-08-24T19:24:06","guid":{"rendered":"https:\/\/gifex.com\/fr\/?post_type=ficha&#038;p=22918"},"modified":"2023-03-24T14:04:33","modified_gmt":"2023-03-24T14:04:33","slug":"carte-du-labrador","status":"publish","type":"ficha","link":"https:\/\/gifex.com\/fr\/fichier\/carte-du-labrador\/","title":{"rendered":"Carte du Labrador"},"content":{"rendered":"<p>Carte du Labrador, une r\u00e9gion g\u00e9ographique et culturelle de la province canadienne de Terre-Neuve-et-Labrador.<\/p>\n<figure id=\"attachment_22920\" aria-describedby=\"caption-attachment-22920\" style=\"width: 360px\" class=\"wp-caption alignright\"><a href=\"https:\/\/gifex.com\/fr\/wp-content\/uploads\/22918\/Carte-touristique-du-Labrador.jpg\" target=\"_blank\" rel=\"noopener\"><img fetchpriority=\"high\" decoding=\"async\" class=\"wp-image-22920\" title=\"Carte touristique du Labrador.\" src=\"https:\/\/gifex.com\/fr\/wp-content\/uploads\/22918\/Carte-touristique-du-Labrador-300x245.jpg\" alt=\"Carte touristique du Labrador.\" width=\"360\" height=\"294\" srcset=\"https:\/\/gifex.com\/fr\/wp-content\/uploads\/22918\/Carte-touristique-du-Labrador-300x245.jpg 300w, https:\/\/gifex.com\/fr\/wp-content\/uploads\/22918\/Carte-touristique-du-Labrador-1024x837.jpg 1024w, https:\/\/gifex.com\/fr\/wp-content\/uploads\/22918\/Carte-touristique-du-Labrador-768x628.jpg 768w, https:\/\/gifex.com\/fr\/wp-content\/uploads\/22918\/Carte-touristique-du-Labrador-1536x1255.jpg 1536w, https:\/\/gifex.com\/fr\/wp-content\/uploads\/22918\/Carte-touristique-du-Labrador-1600x1308.jpg 1600w, https:\/\/gifex.com\/fr\/wp-content\/uploads\/22918\/Carte-touristique-du-Labrador.jpg 1893w\" sizes=\"(max-width: 360px) 100vw, 360px\" \/><\/a><figcaption id=\"caption-attachment-22920\" class=\"wp-caption-text\"><label style=\"font-size: 15px;\">Carte touristique du Labrador, montrant des itin\u00e9raires panoramiques.<\/label><\/figcaption><\/figure>\n<p>Le Labrador est la partie principalement continentale de la province et constitue 71% de la superficie de la province, mais abrite seulement 6% de la population de la province. Elle est s\u00e9par\u00e9e de l&#8217;\u00eele de Terre-Neuve par le d\u00e9troit de Belle Isle. Il s&#8217;agit de la r\u00e9gion g\u00e9ographique la plus vaste et la plus septentrionale du Canada atlantique.<\/p>\n<p>Le Labrador occupe la majeure partie de la partie orientale de la p\u00e9ninsule du Labrador. Il est bord\u00e9 \u00e0 l&#8217;ouest et au sud par la province canadienne de Qu\u00e9bec. Le Labrador partage \u00e9galement une petite fronti\u00e8re terrestre avec le territoire canadien du Nunavut sur l&#8217;\u00eele Killiniq.<\/p>\n<p>Les peuples autochtones du Labrador comprennent les Inuits du Nord du Nunatsiavut, les Inuits-M\u00e9tis du Sud du NunatuKavut et les Innus du Nitassinan.<\/p>\n","protected":false},"excerpt":{"rendered":"<p>Le Labrador est la partie principalement continentale de la province et constitue 71% de la superficie de la province, mais abrite seulement 6% de la population de la province. Elle est s\u00e9par\u00e9e de l&#8217;\u00eele de Terre-Neuve par le d\u00e9troit de Belle Isle. Il s&#8217;agit de la r\u00e9gion g\u00e9ographique la plus<\/p>\n","protected":false},"author":1,"featured_media":22919,"template":"","categoria_ficha":[281],"class_list":["post-22918","ficha","type-ficha","status-publish","has-post-thumbnail","hentry","categoria_ficha-cartes-de-terre-neuve-et-labrador"],"acf":[],"_links":{"self":[{"href":"https:\/\/gifex.com\/fr\/wp-json\/wp\/v2\/ficha\/22918","targetHints":{"allow":["GET"]}}],"collection":[{"href":"https:\/\/gifex.com\/fr\/wp-json\/wp\/v2\/ficha"}],"about":[{"href":"https:\/\/gifex.com\/fr\/wp-json\/wp\/v2\/types\/ficha"}],"author":[{"embeddable":true,"href":"https:\/\/gifex.com\/fr\/wp-json\/wp\/v2\/users\/1"}],"version-history":[{"count":4,"href":"https:\/\/gifex.com\/fr\/wp-json\/wp\/v2\/ficha\/22918\/revisions"}],"predecessor-version":[{"id":36043,"href":"https:\/\/gifex.com\/fr\/wp-json\/wp\/v2\/ficha\/22918\/revisions\/36043"}],"wp:featuredmedia":[{"embeddable":true,"href":"https:\/\/gifex.com\/fr\/wp-json\/wp\/v2\/media\/22919"}],"wp:attachment":[{"href":"https:\/\/gifex.com\/fr\/wp-json\/wp\/v2\/media?parent=22918"}],"wp:term":[{"taxonomy":"categoria_ficha","embeddable":true,"href":"https:\/\/gifex.com\/fr\/wp-json\/wp\/v2\/categoria_ficha?post=22918"}],"curies":[{"name":"wp","href":"https:\/\/api.w.org\/{rel}","templated":true}]}}

<p>Carte du Labrador, une région géographique et culturelle de la province canadienne de Terre-Neuve-et-Labrador.</p>
<figure id="attachment_22920" aria-describedby="caption-attachment-22920" style="width: 360px" class="wp-caption alignright"><a href="https://gifex.com/fr/wp-content/uploads/22918/Carte-touristique-du-Labrador.jpg" target="_blank" rel="noopener"><img fetchpriority="high" decoding="async" class="wp-image-22920" title="Carte touristique du Labrador." src="https://gifex.com/fr/wp-content/uploads/22918/Carte-touristique-du-Labrador-300x245.jpg" alt="Carte touristique du Labrador." width="360" height="294" srcset="https://gifex.com/fr/wp-content/uploads/22918/Carte-touristique-du-Labrador-300x245.jpg 300w, https://gifex.com/fr/wp-content/uploads/22918/Carte-touristique-du-Labrador-1024x837.jpg 1024w, https://gifex.com/fr/wp-content/uploads/22918/Carte-touristique-du-Labrador-768x628.jpg 768w, https://gifex.com/fr/wp-content/uploads/22918/Carte-touristique-du-Labrador-1536x1255.jpg 1536w, https://gifex.com/fr/wp-content/uploads/22918/Carte-touristique-du-Labrador-1600x1308.jpg 1600w, https://gifex.com/fr/wp-content/uploads/22918/Carte-touristique-du-Labrador.jpg 1893w" sizes="(max-width: 360px) 100vw, 360px" /></a><figcaption id="caption-attachment-22920" class="wp-caption-text"><label style="font-size: 15px;">Carte touristique du Labrador, montrant des itinéraires panoramiques.</label></figcaption></figure>
<p>Le Labrador est la partie principalement continentale de la province et constitue 71% de la superficie de la province, mais abrite seulement 6% de la population de la province. Elle est séparée de l&#8217;île de Terre-Neuve par le détroit de Belle Isle. Il s&#8217;agit de la région géographique la plus vaste et la plus septentrionale du Canada atlantique.</p>
<p>Le Labrador occupe la majeure partie de la partie orientale de la péninsule du Labrador. Il est bordé à l&#8217;ouest et au sud par la province canadienne de Québec. Le Labrador partage également une petite frontière terrestre avec le territoire canadien du Nunavut sur l&#8217;île Killiniq.</p>
<p>Les peuples autochtones du Labrador comprennent les Inuits du Nord du Nunatsiavut, les Inuits-Métis du Sud du NunatuKavut et les Innus du Nitassinan.</p>

<p>Le Labrador est la partie principalement continentale de la province et constitue 71% de la superficie de la province, mais abrite seulement 6% de la population de la province. Elle est séparée de l&#8217;île de Terre-Neuve par le détroit de Belle Isle. Il s&#8217;agit de la région géographique la plus</p>
