{"id":2242,"date":"2022-02-04T00:28:41","date_gmt":"2022-02-04T00:28:41","guid":{"rendered":"https:\/\/gifex.com\/fr\/?post_type=ficha&#038;p=2242"},"modified":"2023-03-24T14:39:08","modified_gmt":"2023-03-24T14:39:08","slug":"carte-de-montreal","status":"publish","type":"ficha","link":"https:\/\/gifex.com\/fr\/fichier\/carte-de-montreal\/","title":{"rendered":"Carte de Montr\u00e9al"},"content":{"rendered":"<figure id=\"attachment_7175\" aria-describedby=\"caption-attachment-7175\" style=\"width: 360px\" class=\"wp-caption alignright\"><a href=\"https:\/\/gifex.com\/fr\/wp-content\/uploads\/2242\/Jacques-Cartier-a-Hochelaga.jpg\" target=\"_blank\" rel=\"noopener\"><img fetchpriority=\"high\" decoding=\"async\" class=\"wp-image-7175\" style=\"width: 100%; max-width: 360px; height: auto;\" title=\"Jacques Cartier \u00e0 Hochelaga\" src=\"https:\/\/gifex.com\/fr\/wp-content\/uploads\/2242\/Jacques-Cartier-a-Hochelaga-300x208.jpg\" alt=\"Jacques Cartier \u00e0 Hochelaga\" width=\"360\" height=\"250\" srcset=\"https:\/\/gifex.com\/fr\/wp-content\/uploads\/2242\/Jacques-Cartier-a-Hochelaga-300x208.jpg 300w, https:\/\/gifex.com\/fr\/wp-content\/uploads\/2242\/Jacques-Cartier-a-Hochelaga.jpg 640w\" sizes=\"(max-width: 360px) 100vw, 360px\" \/><\/a><figcaption id=\"caption-attachment-7175\" class=\"wp-caption-text\"><label style=\"font-size: 15px;\">Jacques Cartier \u00e0 Hochelaga.<\/label><\/figcaption><\/figure>\n<p><strong>Carte de Montr\u00e9al<\/strong>, la deuxi\u00e8me ville la plus peupl\u00e9e du Canada et la ville la plus peupl\u00e9e de la province canadienne de Qu\u00e9bec. Fond\u00e9e en 1642 sous le nom de Ville-Marie, elle tire son nom du mont Royal, la colline aux trois sommets au c\u0153ur de la ville. La ville est centr\u00e9e sur l&#8217;\u00eele de Montr\u00e9al, qui tire son nom de la m\u00eame origine que la ville, et quelques \u00eeles p\u00e9riph\u00e9riques beaucoup plus petites, dont la plus grande est l&#8217;\u00eele Bizard. La ville est situ\u00e9e \u00e0 196 km \u00e0 l&#8217;est de la capitale nationale Ottawa et \u00e0 258 km au sud-ouest de la capitale provinciale, Qu\u00e9bec.<\/p>\n<ul>\n<li>Population de Montr\u00e9al\n<ul>\n<li>Ville 1\u00a0825\u00a0208 en 2020<\/li>\n<li>Aire urbaine 4\u00a0098\u00a0927 en 2016<\/li>\n<\/ul>\n<\/li>\n<li>Superficie de Montr\u00e9al\n<ul>\n<li>Ville 365.13 km\u00b2<\/li>\n<li>Aire urbaine 1 293.99 km\u00b2<\/li>\n<\/ul>\n<\/li>\n<\/ul>\n<figure id=\"attachment_7184\" aria-describedby=\"caption-attachment-7184\" style=\"width: 360px\" class=\"wp-caption alignright\"><a href=\"https:\/\/gifex.com\/fr\/wp-content\/uploads\/2242\/Vue-du-centre-de-Montreal.jpg\" target=\"_blank\" rel=\"noopener\"><img decoding=\"async\" class=\"wp-image-7184\" style=\"width: 100%; max-width: 360px; height: auto;\" title=\"Vue du centre de Montr\u00e9al\" src=\"https:\/\/gifex.com\/fr\/wp-content\/uploads\/2242\/Vue-du-centre-de-Montreal-300x189.jpg\" alt=\"Vue du centre de Montr\u00e9al\" width=\"360\" height=\"227\" srcset=\"https:\/\/gifex.com\/fr\/wp-content\/uploads\/2242\/Vue-du-centre-de-Montreal-300x189.jpg 300w, https:\/\/gifex.com\/fr\/wp-content\/uploads\/2242\/Vue-du-centre-de-Montreal-768x484.jpg 768w, https:\/\/gifex.com\/fr\/wp-content\/uploads\/2242\/Vue-du-centre-de-Montreal.jpg 1024w\" sizes=\"(max-width: 360px) 100vw, 360px\" \/><\/a><figcaption id=\"caption-attachment-7184\" class=\"wp-caption-text\"><label style=\"font-size: 15px;\">Vue du centre de Montr\u00e9al.<\/label><\/figcaption><\/figure>\n<p>En 2020, la ville comptait 1\u00a0825\u00a0208 habitants, avec une population de 1\u00a0942\u00a0247 habitants dans l&#8217;agglom\u00e9ration urbaine, incluant toutes les autres municipalit\u00e9s de l&#8217;\u00eele de Montr\u00e9al. La r\u00e9gion m\u00e9tropolitaine \u00e9largie comptait 4\u00a0098\u00a0927 habitants. Langue officielle de l&#8217;administration, le fran\u00e7ais est la langue d&#8217;usage de la majorit\u00e9 de la population. L&#8217;anglais et d&#8217;autres langues y occupent une place importante; la plupart des montr\u00e9alais sont bilingues et pr\u00e8s du quart sont trilingues. Montr\u00e9al est la deuxi\u00e8me ville majoritairement francophone du monde d\u00e9velopp\u00e9, apr\u00e8s Paris.<\/p>\n<p>Historiquement la capitale commerciale du Canada, Montr\u00e9al a \u00e9t\u00e9 d\u00e9pass\u00e9e en population et en puissance \u00e9conomique par Toronto dans les ann\u00e9es 1970. Elle reste un centre important du commerce, de l&#8217;a\u00e9rospatiale, des transports, de la finance, des produits pharmaceutiques, de la technologie, du design, de l&#8217;\u00e9ducation, de l&#8217;art, de la culture, du tourisme, de l&#8217;alimentation, de la mode, du d\u00e9veloppement de jeux vid\u00e9o, du cin\u00e9ma et des affaires mondiales. Montr\u00e9al a le deuxi\u00e8me plus grand nombre de consulats en Am\u00e9rique du Nord, abrite le si\u00e8ge de l&#8217;Organisation de l&#8217;aviation civile internationale (OACI) et a \u00e9t\u00e9 nomm\u00e9e Ville UNESCO de design en 2006. En 2017, Montr\u00e9al a \u00e9t\u00e9 class\u00e9e 12e ville la plus agr\u00e9able \u00e0 vivre. dans le monde par l&#8217;Economist Intelligence Unit dans son classement annuel Global Liveability Ranking, et la meilleure ville au monde pour \u00eatre un \u00e9tudiant universitaire dans le Classement mondial des universit\u00e9s QS.<\/p>\n<figure id=\"attachment_7182\" aria-describedby=\"caption-attachment-7182\" style=\"width: 360px\" class=\"wp-caption alignright\"><a href=\"https:\/\/gifex.com\/fr\/wp-content\/uploads\/2242\/Vieux-Montreal.jpg\" target=\"_blank\" rel=\"noopener\"><img decoding=\"async\" class=\"wp-image-7182\" style=\"width: 100%; max-width: 360px; height: auto;\" title=\"Vieux-Montr\u00e9al\" src=\"https:\/\/gifex.com\/fr\/wp-content\/uploads\/2242\/Vieux-Montreal-300x200.jpg\" alt=\"Vieux-Montr\u00e9al\" width=\"360\" height=\"240\" srcset=\"https:\/\/gifex.com\/fr\/wp-content\/uploads\/2242\/Vieux-Montreal-300x200.jpg 300w, https:\/\/gifex.com\/fr\/wp-content\/uploads\/2242\/Vieux-Montreal-1024x683.jpg 1024w, https:\/\/gifex.com\/fr\/wp-content\/uploads\/2242\/Vieux-Montreal-768x512.jpg 768w, https:\/\/gifex.com\/fr\/wp-content\/uploads\/2242\/Vieux-Montreal-1536x1024.jpg 1536w, https:\/\/gifex.com\/fr\/wp-content\/uploads\/2242\/Vieux-Montreal-2048x1366.jpg 2048w, https:\/\/gifex.com\/fr\/wp-content\/uploads\/2242\/Vieux-Montreal-1600x1067.jpg 1600w\" sizes=\"(max-width: 360px) 100vw, 360px\" \/><\/a><figcaption id=\"caption-attachment-7182\" class=\"wp-caption-text\"><label style=\"font-size: 15px;\">Vieux-Montr\u00e9al.<\/label><\/figcaption><\/figure>\n<p>Montr\u00e9al a accueilli plusieurs conf\u00e9rences et \u00e9v\u00e9nements internationaux, dont l&#8217;Exposition internationale et universelle de 1967 et les Jeux olympiques d&#8217;\u00e9t\u00e9 de 1976. C&#8217;est la seule ville canadienne \u00e0 avoir organis\u00e9 les Jeux olympiques d&#8217;\u00e9t\u00e9. En 2018, Montr\u00e9al a \u00e9t\u00e9 class\u00e9e ville Alpha\u2212mondiale. La ville accueille le Grand Prix du Canada de Formule 1 depuis 1978, ainsi que le Festival international de jazz de Montr\u00e9al, le plus grand festival de jazz au monde, le festival Juste pour rire, le plus grand festival d&#8217;humour au monde, et Les Francos de Montr\u00e9al, qui est le plus grand \u00e9v\u00e9nement consacr\u00e9 exclusivement \u00e0 la musique de langue fran\u00e7aise partout dans le monde. Il abrite \u00e9galement l&#8217;\u00e9quipe de hockey sur glace des Canadiens de Montr\u00e9al, la franchise qui a remport\u00e9 le plus de coupes Stanley.<\/p>\n","protected":false},"excerpt":{"rendered":"<p>Carte de Montr\u00e9al, la deuxi\u00e8me ville la plus peupl\u00e9e du Canada et la ville la plus peupl\u00e9e de la province canadienne de Qu\u00e9bec.<\/p>\n","protected":false},"author":1,"featured_media":26343,"template":"","categoria_ficha":[286],"class_list":["post-2242","ficha","type-ficha","status-publish","has-post-thumbnail","hentry","categoria_ficha-cartes-de-montreal"],"acf":[],"_links":{"self":[{"href":"https:\/\/gifex.com\/fr\/wp-json\/wp\/v2\/ficha\/2242","targetHints":{"allow":["GET"]}}],"collection":[{"href":"https:\/\/gifex.com\/fr\/wp-json\/wp\/v2\/ficha"}],"about":[{"href":"https:\/\/gifex.com\/fr\/wp-json\/wp\/v2\/types\/ficha"}],"author":[{"embeddable":true,"href":"https:\/\/gifex.com\/fr\/wp-json\/wp\/v2\/users\/1"}],"version-history":[{"count":20,"href":"https:\/\/gifex.com\/fr\/wp-json\/wp\/v2\/ficha\/2242\/revisions"}],"predecessor-version":[{"id":36130,"href":"https:\/\/gifex.com\/fr\/wp-json\/wp\/v2\/ficha\/2242\/revisions\/36130"}],"wp:featuredmedia":[{"embeddable":true,"href":"https:\/\/gifex.com\/fr\/wp-json\/wp\/v2\/media\/26343"}],"wp:attachment":[{"href":"https:\/\/gifex.com\/fr\/wp-json\/wp\/v2\/media?parent=2242"}],"wp:term":[{"taxonomy":"categoria_ficha","embeddable":true,"href":"https:\/\/gifex.com\/fr\/wp-json\/wp\/v2\/categoria_ficha?post=2242"}],"curies":[{"name":"wp","href":"https:\/\/api.w.org\/{rel}","templated":true}]}}

Carte de Montréal

<figure id="attachment_7175" aria-describedby="caption-attachment-7175" style="width: 360px" class="wp-caption alignright"><a href="https://gifex.com/fr/wp-content/uploads/2242/Jacques-Cartier-a-Hochelaga.jpg" target="_blank" rel="noopener"><img fetchpriority="high" decoding="async" class="wp-image-7175" style="width: 100%; max-width: 360px; height: auto;" title="Jacques Cartier à Hochelaga" src="https://gifex.com/fr/wp-content/uploads/2242/Jacques-Cartier-a-Hochelaga-300x208.jpg" alt="Jacques Cartier à Hochelaga" width="360" height="250" srcset="https://gifex.com/fr/wp-content/uploads/2242/Jacques-Cartier-a-Hochelaga-300x208.jpg 300w, https://gifex.com/fr/wp-content/uploads/2242/Jacques-Cartier-a-Hochelaga.jpg 640w" sizes="(max-width: 360px) 100vw, 360px" /></a><figcaption id="caption-attachment-7175" class="wp-caption-text"><label style="font-size: 15px;">Jacques Cartier à Hochelaga.</label></figcaption></figure>
<p><strong>Carte de Montréal</strong>, la deuxième ville la plus peuplée du Canada et la ville la plus peuplée de la province canadienne de Québec. Fondée en 1642 sous le nom de Ville-Marie, elle tire son nom du mont Royal, la colline aux trois sommets au cœur de la ville. La ville est centrée sur l&#8217;île de Montréal, qui tire son nom de la même origine que la ville, et quelques îles périphériques beaucoup plus petites, dont la plus grande est l&#8217;île Bizard. La ville est située à 196 km à l&#8217;est de la capitale nationale Ottawa et à 258 km au sud-ouest de la capitale provinciale, Québec.</p>
<ul>
<li>Population de Montréal
<ul>
<li>Ville 1 825 208 en 2020</li>
<li>Aire urbaine 4 098 927 en 2016</li>
</ul>
</li>
<li>Superficie de Montréal
<ul>
<li>Ville 365.13 km²</li>
<li>Aire urbaine 1 293.99 km²</li>
</ul>
</li>
</ul>
<figure id="attachment_7184" aria-describedby="caption-attachment-7184" style="width: 360px" class="wp-caption alignright"><a href="https://gifex.com/fr/wp-content/uploads/2242/Vue-du-centre-de-Montreal.jpg" target="_blank" rel="noopener"><img decoding="async" class="wp-image-7184" style="width: 100%; max-width: 360px; height: auto;" title="Vue du centre de Montréal" src="https://gifex.com/fr/wp-content/uploads/2242/Vue-du-centre-de-Montreal-300x189.jpg" alt="Vue du centre de Montréal" width="360" height="227" srcset="https://gifex.com/fr/wp-content/uploads/2242/Vue-du-centre-de-Montreal-300x189.jpg 300w, https://gifex.com/fr/wp-content/uploads/2242/Vue-du-centre-de-Montreal-768x484.jpg 768w, https://gifex.com/fr/wp-content/uploads/2242/Vue-du-centre-de-Montreal.jpg 1024w" sizes="(max-width: 360px) 100vw, 360px" /></a><figcaption id="caption-attachment-7184" class="wp-caption-text"><label style="font-size: 15px;">Vue du centre de Montréal.</label></figcaption></figure>
<p>En 2020, la ville comptait 1 825 208 habitants, avec une population de 1 942 247 habitants dans l&#8217;agglomération urbaine, incluant toutes les autres municipalités de l&#8217;île de Montréal. La région métropolitaine élargie comptait 4 098 927 habitants. Langue officielle de l&#8217;administration, le français est la langue d&#8217;usage de la majorité de la population. L&#8217;anglais et d&#8217;autres langues y occupent une place importante; la plupart des montréalais sont bilingues et près du quart sont trilingues. Montréal est la deuxième ville majoritairement francophone du monde développé, après Paris.</p>
<p>Historiquement la capitale commerciale du Canada, Montréal a été dépassée en population et en puissance économique par Toronto dans les années 1970. Elle reste un centre important du commerce, de l&#8217;aérospatiale, des transports, de la finance, des produits pharmaceutiques, de la technologie, du design, de l&#8217;éducation, de l&#8217;art, de la culture, du tourisme, de l&#8217;alimentation, de la mode, du développement de jeux vidéo, du cinéma et des affaires mondiales. Montréal a le deuxième plus grand nombre de consulats en Amérique du Nord, abrite le siège de l&#8217;Organisation de l&#8217;aviation civile internationale (OACI) et a été nommée Ville UNESCO de design en 2006. En 2017, Montréal a été classée 12e ville la plus agréable à vivre. dans le monde par l&#8217;Economist Intelligence Unit dans son classement annuel Global Liveability Ranking, et la meilleure ville au monde pour être un étudiant universitaire dans le Classement mondial des universités QS.</p>
<figure id="attachment_7182" aria-describedby="caption-attachment-7182" style="width: 360px" class="wp-caption alignright"><a href="https://gifex.com/fr/wp-content/uploads/2242/Vieux-Montreal.jpg" target="_blank" rel="noopener"><img decoding="async" class="wp-image-7182" style="width: 100%; max-width: 360px; height: auto;" title="Vieux-Montréal" src="https://gifex.com/fr/wp-content/uploads/2242/Vieux-Montreal-300x200.jpg" alt="Vieux-Montréal" width="360" height="240" srcset="https://gifex.com/fr/wp-content/uploads/2242/Vieux-Montreal-300x200.jpg 300w, https://gifex.com/fr/wp-content/uploads/2242/Vieux-Montreal-1024x683.jpg 1024w, https://gifex.com/fr/wp-content/uploads/2242/Vieux-Montreal-768x512.jpg 768w, https://gifex.com/fr/wp-content/uploads/2242/Vieux-Montreal-1536x1024.jpg 1536w, https://gifex.com/fr/wp-content/uploads/2242/Vieux-Montreal-2048x1366.jpg 2048w, https://gifex.com/fr/wp-content/uploads/2242/Vieux-Montreal-1600x1067.jpg 1600w" sizes="(max-width: 360px) 100vw, 360px" /></a><figcaption id="caption-attachment-7182" class="wp-caption-text"><label style="font-size: 15px;">Vieux-Montréal.</label></figcaption></figure>
<p>Montréal a accueilli plusieurs conférences et événements internationaux, dont l&#8217;Exposition internationale et universelle de 1967 et les Jeux olympiques d&#8217;été de 1976. C&#8217;est la seule ville canadienne à avoir organisé les Jeux olympiques d&#8217;été. En 2018, Montréal a été classée ville Alpha−mondiale. La ville accueille le Grand Prix du Canada de Formule 1 depuis 1978, ainsi que le Festival international de jazz de Montréal, le plus grand festival de jazz au monde, le festival Juste pour rire, le plus grand festival d&#8217;humour au monde, et Les Francos de Montréal, qui est le plus grand événement consacré exclusivement à la musique de langue française partout dans le monde. Il abrite également l&#8217;équipe de hockey sur glace des Canadiens de Montréal, la franchise qui a remporté le plus de coupes Stanley.</p>

<p>Carte de Montréal, la deuxième ville la plus peuplée du Canada et la ville la plus peuplée de la province canadienne de Québec.</p>
