{"id":2166,"date":"2022-02-04T00:27:38","date_gmt":"2022-02-04T00:27:38","guid":{"rendered":"https:\/\/gifex.com\/fr\/?post_type=ficha&#038;p=2166"},"modified":"2022-08-10T14:29:29","modified_gmt":"2022-08-10T14:29:29","slug":"quelles-sont-les-principales-villes-de-nouvelle-caledonie","status":"publish","type":"ficha","link":"https:\/\/gifex.com\/fr\/fichier\/quelles-sont-les-principales-villes-de-nouvelle-caledonie\/","title":{"rendered":"Quelles sont les principales villes de Nouvelle-Cal\u00e9donie ?"},"content":{"rendered":"<p>Carte de la <strong>Nouvelle-Cal\u00e9donie<\/strong> montrant les <strong>principales villes<\/strong> de la collectivit\u00e9 sui generis de la R\u00e9publique fran\u00e7aise dans l&#8217;oc\u00e9an Pacifique Sud.<\/p>\n<p>Au recensement de septembre 2019, il y avait 182\u00a0341 habitants dans l&#8217;agglom\u00e9ration du Grand Noum\u00e9a, dont 94\u00a0285 vivaient dans la ville (commune) de Noum\u00e9a proprement dite. 67,2 % de la population de la Nouvelle-Cal\u00e9donie vit dans le Grand Noum\u00e9a, qui couvre les communes de Noum\u00e9a, Le Mont-Dore, Dumb\u00e9a et Pa\u00efta.<\/p>\n<p>Le tableau plus bas r\u00e9pertorie les principales villes\/communes n\u00e9o-cal\u00e9doniennes au recensement de 2019. La province \u00e0 laquelle appartient la ville\/commune est \u00e9galement r\u00e9pertori\u00e9e.<\/p>\n<div class=\"boxscrl\">\n<table width=\"265\">\n<tbody>\n<tr>\n<td colspan=\"3\" width=\"265\">Villes\/communes n\u00e9o-cal\u00e9doniennes par population en 2019<\/td>\n<\/tr>\n<tr>\n<td width=\"106\">Ville\/Commune<\/td>\n<td width=\"78\">Population<\/td>\n<td width=\"81\">Province<\/td>\n<\/tr>\n<tr>\n<td width=\"106\">Noum\u00e9a<\/td>\n<td width=\"78\">94,285<\/td>\n<td width=\"81\">Sud<\/td>\n<\/tr>\n<tr>\n<td width=\"106\">Dumb\u00e9a<\/td>\n<td width=\"78\">35,873<\/td>\n<td width=\"81\">Sud<\/td>\n<\/tr>\n<tr>\n<td width=\"106\">Le Mont-Dore<\/td>\n<td width=\"78\">27,620<\/td>\n<td width=\"81\">Sud<\/td>\n<\/tr>\n<tr>\n<td width=\"106\">Pa\u00efta<\/td>\n<td width=\"78\">24,563<\/td>\n<td width=\"81\">Sud<\/td>\n<\/tr>\n<tr>\n<td width=\"106\">Lifou<\/td>\n<td width=\"78\">9,195<\/td>\n<td width=\"81\">\u00celes Loyaut\u00e9<\/td>\n<\/tr>\n<tr>\n<td width=\"106\">Kon\u00e9<\/td>\n<td width=\"78\">8,144<\/td>\n<td width=\"81\">Nord<\/td>\n<\/tr>\n<tr>\n<td width=\"106\">Mar\u00e9<\/td>\n<td width=\"78\">5,757<\/td>\n<td width=\"81\">\u00celes Loyaut\u00e9<\/td>\n<\/tr>\n<tr>\n<td width=\"106\">Bourail<\/td>\n<td width=\"78\">5,531<\/td>\n<td width=\"81\">Sud<\/td>\n<\/tr>\n<tr>\n<td width=\"106\">Poindimi\u00e9<\/td>\n<td width=\"78\">5,006<\/td>\n<td width=\"81\">Nord<\/td>\n<\/tr>\n<tr>\n<td width=\"106\">Houa\u00eflou<\/td>\n<td width=\"78\">3,955<\/td>\n<td width=\"81\">Nord<\/td>\n<\/tr>\n<\/tbody>\n<\/table>\n<\/div>\n<p>&nbsp;<br \/>\nSource : Institut de la statistique et des \u00e9tudes \u00e9conomiques de Nouvelle-Cal\u00e9donie (Isee) ; Recensement de la population et de l&#8217;habitat 2019 en Nouvelle-Cal\u00e9donie.<\/p>\n<p>Carte topographique de la Nouvelle-Cal\u00e9donie, avec les noms des villes\/communes et archipels.<\/p>\n","protected":false},"excerpt":{"rendered":"<p>Carte de la Nouvelle-Cal\u00e9donie montrant les principales villes de la collectivit\u00e9 sui generis de la R\u00e9publique fran\u00e7aise dans l&#8217;oc\u00e9an Pacifique Sud.Au recensement de septembre 2019, il y avait 182&nbsp;341 habitants dans l&#8217;agglom\u00e9ration du Grand Noum\u00e9a, dont 94&nbsp;285 vivaient dans la ville (commu<\/p>\n","protected":false},"author":1,"featured_media":2167,"template":"","categoria_ficha":[269],"class_list":["post-2166","ficha","type-ficha","status-publish","has-post-thumbnail","hentry","categoria_ficha-cartes-de-la-nouvelle-caledonie"],"acf":[],"_links":{"self":[{"href":"https:\/\/gifex.com\/fr\/wp-json\/wp\/v2\/ficha\/2166","targetHints":{"allow":["GET"]}}],"collection":[{"href":"https:\/\/gifex.com\/fr\/wp-json\/wp\/v2\/ficha"}],"about":[{"href":"https:\/\/gifex.com\/fr\/wp-json\/wp\/v2\/types\/ficha"}],"author":[{"embeddable":true,"href":"https:\/\/gifex.com\/fr\/wp-json\/wp\/v2\/users\/1"}],"version-history":[{"count":3,"href":"https:\/\/gifex.com\/fr\/wp-json\/wp\/v2\/ficha\/2166\/revisions"}],"predecessor-version":[{"id":20187,"href":"https:\/\/gifex.com\/fr\/wp-json\/wp\/v2\/ficha\/2166\/revisions\/20187"}],"wp:featuredmedia":[{"embeddable":true,"href":"https:\/\/gifex.com\/fr\/wp-json\/wp\/v2\/media\/2167"}],"wp:attachment":[{"href":"https:\/\/gifex.com\/fr\/wp-json\/wp\/v2\/media?parent=2166"}],"wp:term":[{"taxonomy":"categoria_ficha","embeddable":true,"href":"https:\/\/gifex.com\/fr\/wp-json\/wp\/v2\/categoria_ficha?post=2166"}],"curies":[{"name":"wp","href":"https:\/\/api.w.org\/{rel}","templated":true}]}}

Quelles sont les principales villes de Nouvelle-Calédonie ?

<p>Carte de la <strong>Nouvelle-Calédonie</strong> montrant les <strong>principales villes</strong> de la collectivité sui generis de la République française dans l&#8217;océan Pacifique Sud.</p>
<p>Au recensement de septembre 2019, il y avait 182 341 habitants dans l&#8217;agglomération du Grand Nouméa, dont 94 285 vivaient dans la ville (commune) de Nouméa proprement dite. 67,2 % de la population de la Nouvelle-Calédonie vit dans le Grand Nouméa, qui couvre les communes de Nouméa, Le Mont-Dore, Dumbéa et Païta.</p>
<p>Le tableau plus bas répertorie les principales villes/communes néo-calédoniennes au recensement de 2019. La province à laquelle appartient la ville/commune est également répertoriée.</p>
<div class="boxscrl">
<table width="265">
<tbody>
<tr>
<td colspan="3" width="265">Villes/communes néo-calédoniennes par population en 2019</td>
</tr>
<tr>
<td width="106">Ville/Commune</td>
<td width="78">Population</td>
<td width="81">Province</td>
</tr>
<tr>
<td width="106">Nouméa</td>
<td width="78">94,285</td>
<td width="81">Sud</td>
</tr>
<tr>
<td width="106">Dumbéa</td>
<td width="78">35,873</td>
<td width="81">Sud</td>
</tr>
<tr>
<td width="106">Le Mont-Dore</td>
<td width="78">27,620</td>
<td width="81">Sud</td>
</tr>
<tr>
<td width="106">Païta</td>
<td width="78">24,563</td>
<td width="81">Sud</td>
</tr>
<tr>
<td width="106">Lifou</td>
<td width="78">9,195</td>
<td width="81">Îles Loyauté</td>
</tr>
<tr>
<td width="106">Koné</td>
<td width="78">8,144</td>
<td width="81">Nord</td>
</tr>
<tr>
<td width="106">Maré</td>
<td width="78">5,757</td>
<td width="81">Îles Loyauté</td>
</tr>
<tr>
<td width="106">Bourail</td>
<td width="78">5,531</td>
<td width="81">Sud</td>
</tr>
<tr>
<td width="106">Poindimié</td>
<td width="78">5,006</td>
<td width="81">Nord</td>
</tr>
<tr>
<td width="106">Houaïlou</td>
<td width="78">3,955</td>
<td width="81">Nord</td>
</tr>
</tbody>
</table>
</div>
<p>&nbsp;<br />
Source : Institut de la statistique et des études économiques de Nouvelle-Calédonie (Isee) ; Recensement de la population et de l&#8217;habitat 2019 en Nouvelle-Calédonie.</p>
<p>Carte topographique de la Nouvelle-Calédonie, avec les noms des villes/communes et archipels.</p>

<p>Carte de la Nouvelle-Calédonie montrant les principales villes de la collectivité sui generis de la République française dans l&#8217;océan Pacifique Sud.Au recensement de septembre 2019, il y avait 182&nbsp;341 habitants dans l&#8217;agglomération du Grand Nouméa, dont 94&nbsp;285 vivaient dans la ville (commu</p>
