{"id":2050,"date":"2022-02-04T00:26:35","date_gmt":"2022-02-04T00:26:35","guid":{"rendered":"https:\/\/gifex.com\/fr\/?post_type=ficha&#038;p=2050"},"modified":"2022-08-09T22:40:58","modified_gmt":"2022-08-09T22:40:58","slug":"vue-aerienne-de-l-ile-de-falalap","status":"publish","type":"ficha","link":"https:\/\/gifex.com\/fr\/fichier\/vue-aerienne-de-l-ile-de-falalap\/","title":{"rendered":"Vue a\u00e9rienne de l&#8217;\u00eele de Falalap"},"content":{"rendered":"<p>Vue a\u00e9rienne de l&#8217;<strong>\u00eele de Falalap<\/strong> de l&#8217;atoll de Woleai, dans les \u00c9tats f\u00e9d\u00e9r\u00e9s de Micron\u00e9sie, \u00e0 l&#8217;ouest des \u00eeles Carolines dans l&#8217;oc\u00e9an Pacifique. Photo de l&#8217;\u00eele de Falalap gracieuset\u00e9 de l&#8217;US Air Force\/ Staff Sgt. Alexandre Riedel.<\/p>\n","protected":false},"excerpt":{"rendered":"<p>Vue a\u00e9rienne de l&#8217;\u00eele de Falalap de l&#8217;atoll de Woleai, dans les \u00c9tats f\u00e9d\u00e9r\u00e9s de Micron\u00e9sie, \u00e0 l&#8217;ouest des \u00eeles Carolines dans l&#8217;oc\u00e9an Pacifique. Photo de l&#8217;\u00eele de Falalap gracieuset\u00e9 de l&#8217;US Air Force\/ Staff Sgt. Alexandre Riedel.<\/p>\n","protected":false},"author":1,"featured_media":4110,"template":"","categoria_ficha":[257],"class_list":["post-2050","ficha","type-ficha","status-publish","has-post-thumbnail","hentry","categoria_ficha-cartes-des-etats-federes-de-micronesie"],"acf":[],"_links":{"self":[{"href":"https:\/\/gifex.com\/fr\/wp-json\/wp\/v2\/ficha\/2050","targetHints":{"allow":["GET"]}}],"collection":[{"href":"https:\/\/gifex.com\/fr\/wp-json\/wp\/v2\/ficha"}],"about":[{"href":"https:\/\/gifex.com\/fr\/wp-json\/wp\/v2\/types\/ficha"}],"author":[{"embeddable":true,"href":"https:\/\/gifex.com\/fr\/wp-json\/wp\/v2\/users\/1"}],"version-history":[{"count":3,"href":"https:\/\/gifex.com\/fr\/wp-json\/wp\/v2\/ficha\/2050\/revisions"}],"predecessor-version":[{"id":20118,"href":"https:\/\/gifex.com\/fr\/wp-json\/wp\/v2\/ficha\/2050\/revisions\/20118"}],"wp:featuredmedia":[{"embeddable":true,"href":"https:\/\/gifex.com\/fr\/wp-json\/wp\/v2\/media\/4110"}],"wp:attachment":[{"href":"https:\/\/gifex.com\/fr\/wp-json\/wp\/v2\/media?parent=2050"}],"wp:term":[{"taxonomy":"categoria_ficha","embeddable":true,"href":"https:\/\/gifex.com\/fr\/wp-json\/wp\/v2\/categoria_ficha?post=2050"}],"curies":[{"name":"wp","href":"https:\/\/api.w.org\/{rel}","templated":true}]}}

Vue aérienne de l&#8217;île de Falalap

<p>Vue aérienne de l&#8217;<strong>île de Falalap</strong> de l&#8217;atoll de Woleai, dans les États fédérés de Micronésie, à l&#8217;ouest des îles Carolines dans l&#8217;océan Pacifique. Photo de l&#8217;île de Falalap gracieuseté de l&#8217;US Air Force/ Staff Sgt. Alexandre Riedel.</p>

<p>Vue aérienne de l&#8217;île de Falalap de l&#8217;atoll de Woleai, dans les États fédérés de Micronésie, à l&#8217;ouest des îles Carolines dans l&#8217;océan Pacifique. Photo de l&#8217;île de Falalap gracieuseté de l&#8217;US Air Force/ Staff Sgt. Alexandre Riedel.</p>
