{"id":17558,"date":"2022-07-19T02:05:27","date_gmt":"2022-07-19T02:05:27","guid":{"rendered":"https:\/\/gifex.com\/fr\/?post_type=ficha&#038;p=17558"},"modified":"2022-08-20T20:44:55","modified_gmt":"2022-08-20T20:44:55","slug":"carte-nautique-du-port-de-melilla","status":"publish","type":"ficha","link":"https:\/\/gifex.com\/fr\/fichier\/carte-nautique-du-port-de-melilla\/","title":{"rendered":"Carte nautique du Port de Melilla"},"content":{"rendered":"<p style=\"text-align: center;\"><label style=\"font-size: 15px;\">Carte nautique du Port de Melilla.<\/label><\/p>\n<p>Le port de Melilla est un port de fret, de p\u00eache et de passagers et un port de plaisance situ\u00e9 \u00e0 Melilla, une ville autonome espagnole au large des c\u00f4tes de l&#8217;Afrique du Nord.<\/p>\n<figure id=\"attachment_17596\" aria-describedby=\"caption-attachment-17596\" style=\"width: 360px\" class=\"wp-caption alignright\"><a href=\"https:\/\/gifex.com\/fr\/wp-content\/uploads\/17558\/Le-port-de-Melilla.jpg\" target=\"_blank\" rel=\"noopener\"><img fetchpriority=\"high\" decoding=\"async\" class=\"wp-image-17596\" title=\"Le port de Melilla.\" src=\"https:\/\/gifex.com\/fr\/wp-content\/uploads\/17558\/Le-port-de-Melilla-300x158.jpg\" alt=\"Le port de Melilla.\" width=\"360\" height=\"189\" srcset=\"https:\/\/gifex.com\/fr\/wp-content\/uploads\/17558\/Le-port-de-Melilla-300x158.jpg 300w, https:\/\/gifex.com\/fr\/wp-content\/uploads\/17558\/Le-port-de-Melilla-1024x538.jpg 1024w, https:\/\/gifex.com\/fr\/wp-content\/uploads\/17558\/Le-port-de-Melilla-768x403.jpg 768w, https:\/\/gifex.com\/fr\/wp-content\/uploads\/17558\/Le-port-de-Melilla.jpg 1200w\" sizes=\"(max-width: 360px) 100vw, 360px\" \/><\/a><figcaption id=\"caption-attachment-17596\" class=\"wp-caption-text\"><label style=\"font-size: 15px;\">Le port de Melilla.<\/label><\/figcaption><\/figure>\n<p>Il est g\u00e9r\u00e9 par l&#8217;autorit\u00e9 portuaire du m\u00eame nom. Il est en concurrence avec le port voisin de Beni Ensar (Nador). En 2008, le port a d\u00e9plac\u00e9 environ 830 000 tonnes de fret et 511 000 passagers.<\/p>\n<p>Le port de Melilla relie la ville avec des ferries quotidiens vers Malaga, Almeria et Motril. Les compagnies maritimes qui communiquent avec Malaga et Almer\u00eda sont Bale\u00e0ria et Transmediterr\u00e1nea, et celle qui communique avec Motril est la FRS.<\/p>\n","protected":false},"excerpt":{"rendered":"<p>Le port de Melilla est un port de fret, de p\u00eache et de passagers et un port de plaisance situ\u00e9 \u00e0 Melilla, une ville autonome espagnole au large des c\u00f4tes de l&#8217;Af<\/p>\n","protected":false},"author":1,"featured_media":17559,"template":"","categoria_ficha":[248],"class_list":["post-17558","ficha","type-ficha","status-publish","has-post-thumbnail","hentry","categoria_ficha-cartes-de-melilla"],"acf":[],"_links":{"self":[{"href":"https:\/\/gifex.com\/fr\/wp-json\/wp\/v2\/ficha\/17558","targetHints":{"allow":["GET"]}}],"collection":[{"href":"https:\/\/gifex.com\/fr\/wp-json\/wp\/v2\/ficha"}],"about":[{"href":"https:\/\/gifex.com\/fr\/wp-json\/wp\/v2\/types\/ficha"}],"author":[{"embeddable":true,"href":"https:\/\/gifex.com\/fr\/wp-json\/wp\/v2\/users\/1"}],"version-history":[{"count":6,"href":"https:\/\/gifex.com\/fr\/wp-json\/wp\/v2\/ficha\/17558\/revisions"}],"predecessor-version":[{"id":22626,"href":"https:\/\/gifex.com\/fr\/wp-json\/wp\/v2\/ficha\/17558\/revisions\/22626"}],"wp:featuredmedia":[{"embeddable":true,"href":"https:\/\/gifex.com\/fr\/wp-json\/wp\/v2\/media\/17559"}],"wp:attachment":[{"href":"https:\/\/gifex.com\/fr\/wp-json\/wp\/v2\/media?parent=17558"}],"wp:term":[{"taxonomy":"categoria_ficha","embeddable":true,"href":"https:\/\/gifex.com\/fr\/wp-json\/wp\/v2\/categoria_ficha?post=17558"}],"curies":[{"name":"wp","href":"https:\/\/api.w.org\/{rel}","templated":true}]}}

<p style="text-align: center;"><label style="font-size: 15px;">Carte nautique du Port de Melilla.</label></p>
<p>Le port de Melilla est un port de fret, de pêche et de passagers et un port de plaisance situé à Melilla, une ville autonome espagnole au large des côtes de l&#8217;Afrique du Nord.</p>
<figure id="attachment_17596" aria-describedby="caption-attachment-17596" style="width: 360px" class="wp-caption alignright"><a href="https://gifex.com/fr/wp-content/uploads/17558/Le-port-de-Melilla.jpg" target="_blank" rel="noopener"><img fetchpriority="high" decoding="async" class="wp-image-17596" title="Le port de Melilla." src="https://gifex.com/fr/wp-content/uploads/17558/Le-port-de-Melilla-300x158.jpg" alt="Le port de Melilla." width="360" height="189" srcset="https://gifex.com/fr/wp-content/uploads/17558/Le-port-de-Melilla-300x158.jpg 300w, https://gifex.com/fr/wp-content/uploads/17558/Le-port-de-Melilla-1024x538.jpg 1024w, https://gifex.com/fr/wp-content/uploads/17558/Le-port-de-Melilla-768x403.jpg 768w, https://gifex.com/fr/wp-content/uploads/17558/Le-port-de-Melilla.jpg 1200w" sizes="(max-width: 360px) 100vw, 360px" /></a><figcaption id="caption-attachment-17596" class="wp-caption-text"><label style="font-size: 15px;">Le port de Melilla.</label></figcaption></figure>
<p>Il est géré par l&#8217;autorité portuaire du même nom. Il est en concurrence avec le port voisin de Beni Ensar (Nador). En 2008, le port a déplacé environ 830 000 tonnes de fret et 511 000 passagers.</p>
<p>Le port de Melilla relie la ville avec des ferries quotidiens vers Malaga, Almeria et Motril. Les compagnies maritimes qui communiquent avec Malaga et Almería sont Baleària et Transmediterránea, et celle qui communique avec Motril est la FRS.</p>

<p>Le port de Melilla est un port de fret, de pêche et de passagers et un port de plaisance situé à Melilla, une ville autonome espagnole au large des côtes de l&#8217;Af</p>
