{"id":17550,"date":"2022-07-19T01:31:55","date_gmt":"2022-07-19T01:31:55","guid":{"rendered":"https:\/\/gifex.com\/fr\/?post_type=ficha&#038;p=17550"},"modified":"2023-03-25T21:22:24","modified_gmt":"2023-03-25T21:22:24","slug":"image-satellite-de-melilla","status":"publish","type":"ficha","link":"https:\/\/gifex.com\/fr\/fichier\/image-satellite-de-melilla\/","title":{"rendered":"Image satellite de Melilla"},"content":{"rendered":"<p>Image satellite de Melilla, situ\u00e9e au nord-ouest du continent africain, sur les rives de la mer d&#8217;Alboran, une mer marginale de la M\u00e9diterran\u00e9e, la partie la plus occidentale de cette derni\u00e8re.<\/p>\n<figure id=\"attachment_17593\" aria-describedby=\"caption-attachment-17593\" style=\"width: 360px\" class=\"wp-caption alignright\"><a href=\"https:\/\/gifex.com\/fr\/wp-content\/uploads\/17550\/Vue-panoramique-du-mont-Gourougou.jpg\" target=\"_blank\" rel=\"noopener\"><img fetchpriority=\"high\" decoding=\"async\" class=\"wp-image-17593\" title=\"Vue panoramique du mont Gourougou.\" src=\"https:\/\/gifex.com\/fr\/wp-content\/uploads\/17550\/Vue-panoramique-du-mont-Gourougou-300x169.jpg\" alt=\"Vue panoramique du mont Gourougou.\" width=\"360\" height=\"203\" srcset=\"https:\/\/gifex.com\/fr\/wp-content\/uploads\/17550\/Vue-panoramique-du-mont-Gourougou-300x169.jpg 300w, https:\/\/gifex.com\/fr\/wp-content\/uploads\/17550\/Vue-panoramique-du-mont-Gourougou-1024x576.jpg 1024w, https:\/\/gifex.com\/fr\/wp-content\/uploads\/17550\/Vue-panoramique-du-mont-Gourougou-768x432.jpg 768w, https:\/\/gifex.com\/fr\/wp-content\/uploads\/17550\/Vue-panoramique-du-mont-Gourougou.jpg 1280w\" sizes=\"(max-width: 360px) 100vw, 360px\" \/><\/a><figcaption id=\"caption-attachment-17593\" class=\"wp-caption-text\"><label style=\"font-size: 15px;\">Vue panoramique du mont Gourougou, au Maroc. En arri\u00e8re-plan, vous pouvez voir la Lagune et la ville de Nador. En premi\u00e8re ligne une formation volcanique caract\u00e9ristique du mont Gourougou.<\/label><\/figcaption><\/figure>\n<p>Le plan de la ville est dispos\u00e9 en un large demi-cercle autour de la plage et du port de Melilla, sur le c\u00f4t\u00e9 oriental de la p\u00e9ninsule du cap des Trois Fourches, au pied du volcan Gourougou et autour de l&#8217;embouchure du cours d&#8217;eau intermittent R\u00edo de Oro (rivi\u00e8re de l&#8217;Or), 1 m\u00e8tre au-dessus du niveau de la mer. Le noyau urbain \u00e9tait \u00e0 l&#8217;origine une forteresse, Melilla la Vieja, construite sur un monticule p\u00e9ninsulaire d&#8217;environ 30 m\u00e8tres de hauteur.<\/p>\n<p>La colonie marocaine de Beni Ensar se trouve imm\u00e9diatement au sud de Melilla. La ville marocaine la plus proche est Nador, et les ports de Melilla et Nador se trouvent tous les deux dans la m\u00eame baie ; \u00e0 proximit\u00e9 se trouve la lagune de Bou Areg.<\/p>\n","protected":false},"excerpt":{"rendered":"<p>Le plan de la ville est dispos\u00e9 en un large demi-cercle autour de la plage et du port de Melilla, sur le c<\/p>\n","protected":false},"author":1,"featured_media":17551,"template":"","categoria_ficha":[248],"class_list":["post-17550","ficha","type-ficha","status-publish","has-post-thumbnail","hentry","categoria_ficha-cartes-de-melilla"],"acf":[],"_links":{"self":[{"href":"https:\/\/gifex.com\/fr\/wp-json\/wp\/v2\/ficha\/17550","targetHints":{"allow":["GET"]}}],"collection":[{"href":"https:\/\/gifex.com\/fr\/wp-json\/wp\/v2\/ficha"}],"about":[{"href":"https:\/\/gifex.com\/fr\/wp-json\/wp\/v2\/types\/ficha"}],"author":[{"embeddable":true,"href":"https:\/\/gifex.com\/fr\/wp-json\/wp\/v2\/users\/1"}],"version-history":[{"count":6,"href":"https:\/\/gifex.com\/fr\/wp-json\/wp\/v2\/ficha\/17550\/revisions"}],"predecessor-version":[{"id":37252,"href":"https:\/\/gifex.com\/fr\/wp-json\/wp\/v2\/ficha\/17550\/revisions\/37252"}],"wp:featuredmedia":[{"embeddable":true,"href":"https:\/\/gifex.com\/fr\/wp-json\/wp\/v2\/media\/17551"}],"wp:attachment":[{"href":"https:\/\/gifex.com\/fr\/wp-json\/wp\/v2\/media?parent=17550"}],"wp:term":[{"taxonomy":"categoria_ficha","embeddable":true,"href":"https:\/\/gifex.com\/fr\/wp-json\/wp\/v2\/categoria_ficha?post=17550"}],"curies":[{"name":"wp","href":"https:\/\/api.w.org\/{rel}","templated":true}]}}

<p>Image satellite de Melilla, située au nord-ouest du continent africain, sur les rives de la mer d&#8217;Alboran, une mer marginale de la Méditerranée, la partie la plus occidentale de cette dernière.</p>
<figure id="attachment_17593" aria-describedby="caption-attachment-17593" style="width: 360px" class="wp-caption alignright"><a href="https://gifex.com/fr/wp-content/uploads/17550/Vue-panoramique-du-mont-Gourougou.jpg" target="_blank" rel="noopener"><img fetchpriority="high" decoding="async" class="wp-image-17593" title="Vue panoramique du mont Gourougou." src="https://gifex.com/fr/wp-content/uploads/17550/Vue-panoramique-du-mont-Gourougou-300x169.jpg" alt="Vue panoramique du mont Gourougou." width="360" height="203" srcset="https://gifex.com/fr/wp-content/uploads/17550/Vue-panoramique-du-mont-Gourougou-300x169.jpg 300w, https://gifex.com/fr/wp-content/uploads/17550/Vue-panoramique-du-mont-Gourougou-1024x576.jpg 1024w, https://gifex.com/fr/wp-content/uploads/17550/Vue-panoramique-du-mont-Gourougou-768x432.jpg 768w, https://gifex.com/fr/wp-content/uploads/17550/Vue-panoramique-du-mont-Gourougou.jpg 1280w" sizes="(max-width: 360px) 100vw, 360px" /></a><figcaption id="caption-attachment-17593" class="wp-caption-text"><label style="font-size: 15px;">Vue panoramique du mont Gourougou, au Maroc. En arrière-plan, vous pouvez voir la Lagune et la ville de Nador. En première ligne une formation volcanique caractéristique du mont Gourougou.</label></figcaption></figure>
<p>Le plan de la ville est disposé en un large demi-cercle autour de la plage et du port de Melilla, sur le côté oriental de la péninsule du cap des Trois Fourches, au pied du volcan Gourougou et autour de l&#8217;embouchure du cours d&#8217;eau intermittent Río de Oro (rivière de l&#8217;Or), 1 mètre au-dessus du niveau de la mer. Le noyau urbain était à l&#8217;origine une forteresse, Melilla la Vieja, construite sur un monticule péninsulaire d&#8217;environ 30 mètres de hauteur.</p>
<p>La colonie marocaine de Beni Ensar se trouve immédiatement au sud de Melilla. La ville marocaine la plus proche est Nador, et les ports de Melilla et Nador se trouvent tous les deux dans la même baie ; à proximité se trouve la lagune de Bou Areg.</p>

<p>Le plan de la ville est disposé en un large demi-cercle autour de la plage et du port de Melilla, sur le c</p>
