{"id":17529,"date":"2022-07-18T20:32:16","date_gmt":"2022-07-18T20:32:16","guid":{"rendered":"https:\/\/gifex.com\/fr\/?post_type=ficha&#038;p=17529"},"modified":"2023-09-22T15:49:41","modified_gmt":"2023-09-22T15:49:41","slug":"ou-se-trouve-la-ville-de-porto-novo","status":"publish","type":"ficha","link":"https:\/\/gifex.com\/fr\/fichier\/ou-se-trouve-la-ville-de-porto-novo\/","title":{"rendered":"O\u00f9 se trouve la ville de Porto-Novo ?"},"content":{"rendered":"<p style=\"text-align: center;\"><label style=\"font-size: 15px;\">Carte de localisation de la ville de Porto-Novo.<\/label><\/p>\n<p>La ville de Porto-Novo est situ\u00e9 au sud du B\u00e9nin, \u00e0 l&#8217;ouest de la partie centrale de l&#8217;Afrique, un peu au nord de l&#8217;\u00c9quateur, \u00e0 13 kilom\u00e8tres de l&#8217;Oc\u00e9an Atlantique, dont elle est s\u00e9par\u00e9e par une lagune, le lac Nokou\u00e9.<\/p>\n<p>Elle se trouve \u00e0 30 kilom\u00e8tres de Cotonou \u00e0 l&#8217;ouest, la capitale \u00e9conomique, et 12 kilom\u00e8tres de la fronti\u00e8re nig\u00e9riane \u00e0 l&#8217;est. Les communes limitrophes sont Akpro-Miss\u00e9r\u00e9t\u00e9, Avrankou et Adjarra au Nord, S\u00e8m\u00e8-Kpodji au Sud, Adjarra \u00e0 l&#8217;Est et Agu\u00e9gu\u00e9s \u00e0 l&#8217;Ouest. Pr\u00e9cis\u00e9ment aux coordonn\u00e9es ; 6\u00b0 29\u2032 50\u2033 nord, 2\u00b0 36\u2032 18\u2033 est.<\/p>\n","protected":false},"excerpt":{"rendered":"<p>Carte de localisation de la ville de Porto-Novo. La ville de Porto-Novo est situ\u00e9 au sud du B\u00e9nin, \u00e0 l&#8217;ouest de la partie centrale de l&#8217;Afrique, un peu au nord de l&#8217;\u00c9quateur, \u00e0 13 kilom\u00e8tres de l&#8217;Oc\u00e9an Atlantique, dont elle est s\u00e9par\u00e9e par une lagune, le lac Nokou\u00e9. Elle se trouve \u00e0 30 kilom\u00e8tres de [&hellip;]<\/p>\n","protected":false},"author":1,"featured_media":44014,"template":"","categoria_ficha":[369],"class_list":["post-17529","ficha","type-ficha","status-publish","has-post-thumbnail","hentry","categoria_ficha-cartes-de-porto-novo"],"acf":[],"_links":{"self":[{"href":"https:\/\/gifex.com\/fr\/wp-json\/wp\/v2\/ficha\/17529","targetHints":{"allow":["GET"]}}],"collection":[{"href":"https:\/\/gifex.com\/fr\/wp-json\/wp\/v2\/ficha"}],"about":[{"href":"https:\/\/gifex.com\/fr\/wp-json\/wp\/v2\/types\/ficha"}],"author":[{"embeddable":true,"href":"https:\/\/gifex.com\/fr\/wp-json\/wp\/v2\/users\/1"}],"version-history":[{"count":2,"href":"https:\/\/gifex.com\/fr\/wp-json\/wp\/v2\/ficha\/17529\/revisions"}],"predecessor-version":[{"id":22634,"href":"https:\/\/gifex.com\/fr\/wp-json\/wp\/v2\/ficha\/17529\/revisions\/22634"}],"wp:featuredmedia":[{"embeddable":true,"href":"https:\/\/gifex.com\/fr\/wp-json\/wp\/v2\/media\/44014"}],"wp:attachment":[{"href":"https:\/\/gifex.com\/fr\/wp-json\/wp\/v2\/media?parent=17529"}],"wp:term":[{"taxonomy":"categoria_ficha","embeddable":true,"href":"https:\/\/gifex.com\/fr\/wp-json\/wp\/v2\/categoria_ficha?post=17529"}],"curies":[{"name":"wp","href":"https:\/\/api.w.org\/{rel}","templated":true}]}}

Où se trouve la ville de Porto-Novo ?

<p style="text-align: center;"><label style="font-size: 15px;">Carte de localisation de la ville de Porto-Novo.</label></p>
<p>La ville de Porto-Novo est situé au sud du Bénin, à l&#8217;ouest de la partie centrale de l&#8217;Afrique, un peu au nord de l&#8217;Équateur, à 13 kilomètres de l&#8217;Océan Atlantique, dont elle est séparée par une lagune, le lac Nokoué.</p>
<p>Elle se trouve à 30 kilomètres de Cotonou à l&#8217;ouest, la capitale économique, et 12 kilomètres de la frontière nigériane à l&#8217;est. Les communes limitrophes sont Akpro-Missérété, Avrankou et Adjarra au Nord, Sèmè-Kpodji au Sud, Adjarra à l&#8217;Est et Aguégués à l&#8217;Ouest. Précisément aux coordonnées ; 6° 29′ 50″ nord, 2° 36′ 18″ est.</p>

<p>Carte de localisation de la ville de Porto-Novo. La ville de Porto-Novo est situé au sud du Bénin, à l&#8217;ouest de la partie centrale de l&#8217;Afrique, un peu au nord de l&#8217;Équateur, à 13 kilomètres de l&#8217;Océan Atlantique, dont elle est séparée par une lagune, le lac Nokoué. Elle se trouve à 30 kilomètres de [&hellip;]</p>
