{"id":17526,"date":"2022-07-18T20:00:18","date_gmt":"2022-07-18T20:00:18","guid":{"rendered":"https:\/\/gifex.com\/fr\/?post_type=ficha&#038;p=17526"},"modified":"2022-08-20T20:57:22","modified_gmt":"2022-08-20T20:57:22","slug":"carte-des-arrondissements-de-porto-novo","status":"publish","type":"ficha","link":"https:\/\/gifex.com\/fr\/fichier\/carte-des-arrondissements-de-porto-novo\/","title":{"rendered":"Carte des arrondissements de Porto-Novo"},"content":{"rendered":"<p>Carte des arrondissements de Porto-Novo, les divisions administratives intracommunales qui partagent la capitale B\u00e9ninoise en cinq arrondissements municipaux.<\/p>\n<p>Ils sont dot\u00e9s d&#8217;organes infra communaux dont les membres sont d\u00e9sign\u00e9s conform\u00e9ment aux conditions fix\u00e9es par loi.<\/p>\n<p>Les arrondissements sont compos\u00e9s de villages ou quartiers de ville. Les cinq arrondissements de Porto-Novo groupent cent villages et quartiers de ville depuis le 27 mai 2013 apr\u00e8s la d\u00e9lib\u00e9ration et adoption par l&#8217;Assembl\u00e9e nationale du B\u00e9nin en sa s\u00e9ance du 15 f\u00e9vrier 2013 de la loi n\u00b0 2013-O5 du 15\/02\/2013 portant cr\u00e9ation, organisation, attributions et fonctionnement des unit\u00e9s administratives locales en R\u00e9publique du B\u00e9nin.<\/p>\n<p>Porto-Novo est subdivis\u00e9e en cinq arrondissements qui sont :<\/p>\n<div class=\"boxscrl\">\n<table width=\"371\">\n<tbody>\n<tr>\n<td width=\"131\">Arrondissement<\/td>\n<td width=\"120\">Encore appel\u00e9e<\/td>\n<td width=\"120\">Population 2013<\/td>\n<\/tr>\n<tr>\n<td>1er\u00a0Arrondissement<\/td>\n<td width=\"120\">Porto-Novo 1<\/td>\n<td>33 161\u00a0.hab<\/td>\n<\/tr>\n<tr>\n<td>2\u00e8 Arrondissement<\/td>\n<td width=\"120\">Porto-Novo 2<\/td>\n<td width=\"120\">52 571\u00a0.hab<\/td>\n<\/tr>\n<tr>\n<td>3\u00e8 Arrondissement<\/td>\n<td width=\"120\">Porto-Novo 3<\/td>\n<td width=\"120\">33 535\u00a0.hab<\/td>\n<\/tr>\n<tr>\n<td>4\u00e8 Arrondissement<\/td>\n<td width=\"120\">Porto-Novo 4<\/td>\n<td width=\"120\">63 306\u00a0.hab<\/td>\n<\/tr>\n<tr>\n<td>5\u00e8 Arrondissement<\/td>\n<td width=\"120\">Porto-Novo 5<\/td>\n<td width=\"120\">81 747\u00a0.hab<\/td>\n<\/tr>\n<\/tbody>\n<\/table>\n<\/div>\n","protected":false},"excerpt":{"rendered":"<p>Les arrondissements de Porto-Novo sont des divisions administratives intracommunales qui partagent la capitale B\u00e9ninoise en cinq arrondissements municipaux.<\/p>\n","protected":false},"author":1,"featured_media":17527,"template":"","categoria_ficha":[369],"class_list":["post-17526","ficha","type-ficha","status-publish","has-post-thumbnail","hentry","categoria_ficha-cartes-de-porto-novo"],"acf":[],"_links":{"self":[{"href":"https:\/\/gifex.com\/fr\/wp-json\/wp\/v2\/ficha\/17526","targetHints":{"allow":["GET"]}}],"collection":[{"href":"https:\/\/gifex.com\/fr\/wp-json\/wp\/v2\/ficha"}],"about":[{"href":"https:\/\/gifex.com\/fr\/wp-json\/wp\/v2\/types\/ficha"}],"author":[{"embeddable":true,"href":"https:\/\/gifex.com\/fr\/wp-json\/wp\/v2\/users\/1"}],"version-history":[{"count":2,"href":"https:\/\/gifex.com\/fr\/wp-json\/wp\/v2\/ficha\/17526\/revisions"}],"predecessor-version":[{"id":22635,"href":"https:\/\/gifex.com\/fr\/wp-json\/wp\/v2\/ficha\/17526\/revisions\/22635"}],"wp:featuredmedia":[{"embeddable":true,"href":"https:\/\/gifex.com\/fr\/wp-json\/wp\/v2\/media\/17527"}],"wp:attachment":[{"href":"https:\/\/gifex.com\/fr\/wp-json\/wp\/v2\/media?parent=17526"}],"wp:term":[{"taxonomy":"categoria_ficha","embeddable":true,"href":"https:\/\/gifex.com\/fr\/wp-json\/wp\/v2\/categoria_ficha?post=17526"}],"curies":[{"name":"wp","href":"https:\/\/api.w.org\/{rel}","templated":true}]}}

<p>Carte des arrondissements de Porto-Novo, les divisions administratives intracommunales qui partagent la capitale Béninoise en cinq arrondissements municipaux.</p>
<p>Ils sont dotés d&#8217;organes infra communaux dont les membres sont désignés conformément aux conditions fixées par loi.</p>
<p>Les arrondissements sont composés de villages ou quartiers de ville. Les cinq arrondissements de Porto-Novo groupent cent villages et quartiers de ville depuis le 27 mai 2013 après la délibération et adoption par l&#8217;Assemblée nationale du Bénin en sa séance du 15 février 2013 de la loi n° 2013-O5 du 15/02/2013 portant création, organisation, attributions et fonctionnement des unités administratives locales en République du Bénin.</p>
<p>Porto-Novo est subdivisée en cinq arrondissements qui sont :</p>
<div class="boxscrl">
<table width="371">
<tbody>
<tr>
<td width="131">Arrondissement</td>
<td width="120">Encore appelée</td>
<td width="120">Population 2013</td>
</tr>
<tr>
<td>1er Arrondissement</td>
<td width="120">Porto-Novo 1</td>
<td>33 161 .hab</td>
</tr>
<tr>
<td>2è Arrondissement</td>
<td width="120">Porto-Novo 2</td>
<td width="120">52 571 .hab</td>
</tr>
<tr>
<td>3è Arrondissement</td>
<td width="120">Porto-Novo 3</td>
<td width="120">33 535 .hab</td>
</tr>
<tr>
<td>4è Arrondissement</td>
<td width="120">Porto-Novo 4</td>
<td width="120">63 306 .hab</td>
</tr>
<tr>
<td>5è Arrondissement</td>
<td width="120">Porto-Novo 5</td>
<td width="120">81 747 .hab</td>
</tr>
</tbody>
</table>
</div>

<p>Les arrondissements de Porto-Novo sont des divisions administratives intracommunales qui partagent la capitale Béninoise en cinq arrondissements municipaux.</p>
