{"id":1744,"date":"2022-02-04T00:23:41","date_gmt":"2022-02-04T00:23:41","guid":{"rendered":"https:\/\/gifex.com\/fr\/?post_type=ficha&#038;p=1744"},"modified":"2023-09-04T19:14:38","modified_gmt":"2023-09-04T19:14:38","slug":"carte-de-la-mauritanie","status":"publish","type":"ficha","link":"https:\/\/gifex.com\/fr\/fichier\/carte-de-la-mauritanie\/","title":{"rendered":"Carte de la Mauritanie"},"content":{"rendered":"<p><strong>Carte de la Mauritanie<\/strong>, officiellement la R\u00e9publique islamique de Mauritanie, un \u00c9tat souverain d&#8217;Afrique du Nord-Ouest. Elle est bord\u00e9 par l&#8217;oc\u00e9an Atlantique \u00e0 l&#8217;ouest, le Sahara occidental au nord et au nord-ouest, l&#8217;Alg\u00e9rie au nord-est, le Mali \u00e0 l&#8217;est et au sud-est et le S\u00e9n\u00e9gal au sud-ouest.<figure id=\"attachment_43411\" aria-describedby=\"caption-attachment-43411\" style=\"width: 360px\" class=\"wp-caption alignright\"><a href=\"https:\/\/gifex.com\/fr\/wp-content\/uploads\/43410\/Carte-de-Nouakchott.jpg\" target=\"_blank\" rel=\"noopener\"><img fetchpriority=\"high\" decoding=\"async\" class=\"wp-image-43411\" title=\"Carte de Nouakchott.\" src=\"https:\/\/gifex.com\/fr\/wp-content\/uploads\/43410\/Carte-de-Nouakchott-212x300.jpg\" alt=\"Carte de Nouakchott.\" width=\"360\" height=\"509\" srcset=\"https:\/\/gifex.com\/fr\/wp-content\/uploads\/43410\/Carte-de-Nouakchott-212x300.jpg 212w, https:\/\/gifex.com\/fr\/wp-content\/uploads\/43410\/Carte-de-Nouakchott-724x1024.jpg 724w, https:\/\/gifex.com\/fr\/wp-content\/uploads\/43410\/Carte-de-Nouakchott-768x1086.jpg 768w, https:\/\/gifex.com\/fr\/wp-content\/uploads\/43410\/Carte-de-Nouakchott-1087x1536.jpg 1087w, https:\/\/gifex.com\/fr\/wp-content\/uploads\/43410\/Carte-de-Nouakchott-1449x2048.jpg 1449w, https:\/\/gifex.com\/fr\/wp-content\/uploads\/43410\/Carte-de-Nouakchott-300x424.jpg 300w, https:\/\/gifex.com\/fr\/wp-content\/uploads\/43410\/Carte-de-Nouakchott-1132x1600.jpg 1132w\" sizes=\"(max-width: 360px) 100vw, 360px\" \/><\/a><figcaption id=\"caption-attachment-43411\" class=\"wp-caption-text\"><label style=\"font-size: 15px;\">Carte de Nouakchott, capitale et plus grande ville de Mauritanie.<\/label><\/figcaption><\/figure>La Mauritanie est le onzi\u00e8me plus grand pays d&#8217;Afrique et 90 pour cent de son territoire est situ\u00e9 dans le Sahara. La majeure partie de sa population de 4,403,313 d&#8217;habitants (2018) vit dans le sud temp\u00e9r\u00e9 du pays, avec environ un tiers concentr\u00e9 dans la capitale et plus grande ville, Nouakchott, situ\u00e9e sur la c\u00f4te atlantique.<\/p>\n<ul>\n<li>En 2018, la Mauritanie avait une population de 4,403,313<\/li>\n<li>et une superficie de 1,030,000 km\u00b2<\/li>\n<li>La capitale et plus grande ville du pays est Nouakchott<\/li>\n<\/ul>\n<p>Le nom du pays d\u00e9rive de l&#8217;ancien royaume berb\u00e8re de Maur\u00e9tanie, situ\u00e9 dans l&#8217;actuel Maroc et Alg\u00e9rie. Les Berb\u00e8res ont occup\u00e9 ce qui est aujourd&#8217;hui la Mauritanie \u00e0 partir du III<sup>e<\/sup> si\u00e8cle de notre \u00e8re. Les Arabes ont conquis la r\u00e9gion au VIII<sup>e<\/sup> si\u00e8cle, apportant l&#8217;islam, la culture arabe et la langue arabe.<\/p>\n<p>\u00c0 la fin du XIX<sup>e<\/sup> si\u00e8cle, la Mauritanie a \u00e9t\u00e9 colonis\u00e9e par la France dans le cadre de l&#8217;Afrique-Occidentale fran\u00e7aise. Elle a obtenu son ind\u00e9pendance en 1960, mais a depuis connu des coups d&#8217;\u00c9tat r\u00e9currents et des p\u00e9riodes de dictature militaire. Le coup d&#8217;\u00c9tat le plus r\u00e9cent, en 2008, a \u00e9t\u00e9 dirig\u00e9 par le g\u00e9n\u00e9ral Mohamed Ould Abdel Aziz, qui a remport\u00e9 les \u00e9lections pr\u00e9sidentielles suivantes en 2009 et 2014. Il a \u00e9t\u00e9 remplac\u00e9 par Mohamed Ould Ghazouani \u00e0 l&#8217;issue des \u00e9lections de 2019, consid\u00e9r\u00e9es comme la premi\u00e8re transition pacifique du pouvoir en Mauritanie depuis l&#8217;ind\u00e9pendance. .<\/p>\n<figure id=\"attachment_43425\" aria-describedby=\"caption-attachment-43425\" style=\"width: 360px\" class=\"wp-caption alignright\"><a href=\"https:\/\/gifex.com\/fr\/wp-content\/uploads\/1744\/Image-satellite-de-la-Mauritanie-2004.png\" target=\"_blank\" rel=\"noopener\"><img decoding=\"async\" class=\"wp-image-43425\" title=\"Image satellite de la Mauritanie.\" src=\"https:\/\/gifex.com\/fr\/wp-content\/uploads\/1744\/Image-satellite-de-la-Mauritanie-2004-273x300.png\" alt=\"Image satellite de la Mauritanie.\" width=\"360\" height=\"396\" srcset=\"https:\/\/gifex.com\/fr\/wp-content\/uploads\/1744\/Image-satellite-de-la-Mauritanie-2004-273x300.png 273w, https:\/\/gifex.com\/fr\/wp-content\/uploads\/1744\/Image-satellite-de-la-Mauritanie-2004-931x1024.png 931w, https:\/\/gifex.com\/fr\/wp-content\/uploads\/1744\/Image-satellite-de-la-Mauritanie-2004-768x845.png 768w, https:\/\/gifex.com\/fr\/wp-content\/uploads\/1744\/Image-satellite-de-la-Mauritanie-2004-1397x1536.png 1397w, https:\/\/gifex.com\/fr\/wp-content\/uploads\/1744\/Image-satellite-de-la-Mauritanie-2004-300x330.png 300w, https:\/\/gifex.com\/fr\/wp-content\/uploads\/1744\/Image-satellite-de-la-Mauritanie-2004-1455x1600.png 1455w, https:\/\/gifex.com\/fr\/wp-content\/uploads\/1744\/Image-satellite-de-la-Mauritanie-2004.png 1756w\" sizes=\"(max-width: 360px) 100vw, 360px\" \/><\/a><figcaption id=\"caption-attachment-43425\" class=\"wp-caption-text\"><label style=\"font-size: 15px;\">Image satellite de la Mauritanie.<\/label><\/figcaption><\/figure>\n<p>La Mauritanie fait culturellement et politiquement partie du monde arabe: elle est membre de la Ligue arabe et l&#8217;arabe est la seule langue officielle. Reflet de son h\u00e9ritage colonial, le fran\u00e7ais est largement parl\u00e9 et sert de lingua franca. La religion officielle est l&#8217;islam et presque tous les habitants sont des musulmans sunnites. Malgr\u00e9 son identit\u00e9 arabe dominante, la soci\u00e9t\u00e9 mauritanienne est multiethnique : les Beidanes (litt\u00e9ralement \u00ab les Blancs \u00bb, en arabe), repr\u00e9sentent 30 % de la population, tandis que les Haratins, ou \u00ab Maures noires \u00bb, en repr\u00e9sentent 40 %. Les deux groupes refl\u00e8tent une fusion de l&#8217;ethnicit\u00e9, de la langue et de la culture arabo-berb\u00e8res. Les 30 % restants de la population sont compos\u00e9s de divers groupes ethniques subsahariens.<\/p>\n<p>Malgr\u00e9 une abondance de ressources naturelles, notamment de minerai de fer et de p\u00e9trole, la Mauritanie reste pauvre; son \u00e9conomie repose principalement sur l&#8217;agriculture, l&#8217;\u00e9levage et la p\u00eache. La Mauritanie est connue pour son pi\u00e8tre bilan en mati\u00e8re de droits humains, notamment la pratique continue de l&#8217;esclavage, r\u00e9sultat d&#8217;un syst\u00e8me de castes historique entre les Beidanes et les Haratins; ce fut le dernier pays \u00e0 abolir l&#8217;esclavage, en 1981, et ne l&#8217;a criminalis\u00e9 qu&#8217;en 2007.<\/p>\n","protected":false},"excerpt":{"rendered":"<p>Carte de la Mauritanie, officiellement la R\u00e9publique islamique de Mauritanie, un \u00c9tat souverain d&#8217;Afrique<\/p>\n","protected":false},"author":1,"featured_media":43270,"template":"","categoria_ficha":[220],"class_list":["post-1744","ficha","type-ficha","status-publish","has-post-thumbnail","hentry","categoria_ficha-cartes-de-la-mauritanie"],"acf":[],"_links":{"self":[{"href":"https:\/\/gifex.com\/fr\/wp-json\/wp\/v2\/ficha\/1744","targetHints":{"allow":["GET"]}}],"collection":[{"href":"https:\/\/gifex.com\/fr\/wp-json\/wp\/v2\/ficha"}],"about":[{"href":"https:\/\/gifex.com\/fr\/wp-json\/wp\/v2\/types\/ficha"}],"author":[{"embeddable":true,"href":"https:\/\/gifex.com\/fr\/wp-json\/wp\/v2\/users\/1"}],"version-history":[{"count":9,"href":"https:\/\/gifex.com\/fr\/wp-json\/wp\/v2\/ficha\/1744\/revisions"}],"predecessor-version":[{"id":43426,"href":"https:\/\/gifex.com\/fr\/wp-json\/wp\/v2\/ficha\/1744\/revisions\/43426"}],"wp:featuredmedia":[{"embeddable":true,"href":"https:\/\/gifex.com\/fr\/wp-json\/wp\/v2\/media\/43270"}],"wp:attachment":[{"href":"https:\/\/gifex.com\/fr\/wp-json\/wp\/v2\/media?parent=1744"}],"wp:term":[{"taxonomy":"categoria_ficha","embeddable":true,"href":"https:\/\/gifex.com\/fr\/wp-json\/wp\/v2\/categoria_ficha?post=1744"}],"curies":[{"name":"wp","href":"https:\/\/api.w.org\/{rel}","templated":true}]}}

<p><strong>Carte de la Mauritanie</strong>, officiellement la République islamique de Mauritanie, un État souverain d&#8217;Afrique du Nord-Ouest. Elle est bordé par l&#8217;océan Atlantique à l&#8217;ouest, le Sahara occidental au nord et au nord-ouest, l&#8217;Algérie au nord-est, le Mali à l&#8217;est et au sud-est et le Sénégal au sud-ouest.<figure id="attachment_43411" aria-describedby="caption-attachment-43411" style="width: 360px" class="wp-caption alignright"><a href="https://gifex.com/fr/wp-content/uploads/43410/Carte-de-Nouakchott.jpg" target="_blank" rel="noopener"><img fetchpriority="high" decoding="async" class="wp-image-43411" title="Carte de Nouakchott." src="https://gifex.com/fr/wp-content/uploads/43410/Carte-de-Nouakchott-212x300.jpg" alt="Carte de Nouakchott." width="360" height="509" srcset="https://gifex.com/fr/wp-content/uploads/43410/Carte-de-Nouakchott-212x300.jpg 212w, https://gifex.com/fr/wp-content/uploads/43410/Carte-de-Nouakchott-724x1024.jpg 724w, https://gifex.com/fr/wp-content/uploads/43410/Carte-de-Nouakchott-768x1086.jpg 768w, https://gifex.com/fr/wp-content/uploads/43410/Carte-de-Nouakchott-1087x1536.jpg 1087w, https://gifex.com/fr/wp-content/uploads/43410/Carte-de-Nouakchott-1449x2048.jpg 1449w, https://gifex.com/fr/wp-content/uploads/43410/Carte-de-Nouakchott-300x424.jpg 300w, https://gifex.com/fr/wp-content/uploads/43410/Carte-de-Nouakchott-1132x1600.jpg 1132w" sizes="(max-width: 360px) 100vw, 360px" /></a><figcaption id="caption-attachment-43411" class="wp-caption-text"><label style="font-size: 15px;">Carte de Nouakchott, capitale et plus grande ville de Mauritanie.</label></figcaption></figure>La Mauritanie est le onzième plus grand pays d&#8217;Afrique et 90 pour cent de son territoire est situé dans le Sahara. La majeure partie de sa population de 4,403,313 d&#8217;habitants (2018) vit dans le sud tempéré du pays, avec environ un tiers concentré dans la capitale et plus grande ville, Nouakchott, située sur la côte atlantique.</p>
<ul>
<li>En 2018, la Mauritanie avait une population de 4,403,313</li>
<li>et une superficie de 1,030,000 km²</li>
<li>La capitale et plus grande ville du pays est Nouakchott</li>
</ul>
<p>Le nom du pays dérive de l&#8217;ancien royaume berbère de Maurétanie, situé dans l&#8217;actuel Maroc et Algérie. Les Berbères ont occupé ce qui est aujourd&#8217;hui la Mauritanie à partir du III<sup>e</sup> siècle de notre ère. Les Arabes ont conquis la région au VIII<sup>e</sup> siècle, apportant l&#8217;islam, la culture arabe et la langue arabe.</p>
<p>À la fin du XIX<sup>e</sup> siècle, la Mauritanie a été colonisée par la France dans le cadre de l&#8217;Afrique-Occidentale française. Elle a obtenu son indépendance en 1960, mais a depuis connu des coups d&#8217;État récurrents et des périodes de dictature militaire. Le coup d&#8217;État le plus récent, en 2008, a été dirigé par le général Mohamed Ould Abdel Aziz, qui a remporté les élections présidentielles suivantes en 2009 et 2014. Il a été remplacé par Mohamed Ould Ghazouani à l&#8217;issue des élections de 2019, considérées comme la première transition pacifique du pouvoir en Mauritanie depuis l&#8217;indépendance. .</p>
<figure id="attachment_43425" aria-describedby="caption-attachment-43425" style="width: 360px" class="wp-caption alignright"><a href="https://gifex.com/fr/wp-content/uploads/1744/Image-satellite-de-la-Mauritanie-2004.png" target="_blank" rel="noopener"><img decoding="async" class="wp-image-43425" title="Image satellite de la Mauritanie." src="https://gifex.com/fr/wp-content/uploads/1744/Image-satellite-de-la-Mauritanie-2004-273x300.png" alt="Image satellite de la Mauritanie." width="360" height="396" srcset="https://gifex.com/fr/wp-content/uploads/1744/Image-satellite-de-la-Mauritanie-2004-273x300.png 273w, https://gifex.com/fr/wp-content/uploads/1744/Image-satellite-de-la-Mauritanie-2004-931x1024.png 931w, https://gifex.com/fr/wp-content/uploads/1744/Image-satellite-de-la-Mauritanie-2004-768x845.png 768w, https://gifex.com/fr/wp-content/uploads/1744/Image-satellite-de-la-Mauritanie-2004-1397x1536.png 1397w, https://gifex.com/fr/wp-content/uploads/1744/Image-satellite-de-la-Mauritanie-2004-300x330.png 300w, https://gifex.com/fr/wp-content/uploads/1744/Image-satellite-de-la-Mauritanie-2004-1455x1600.png 1455w, https://gifex.com/fr/wp-content/uploads/1744/Image-satellite-de-la-Mauritanie-2004.png 1756w" sizes="(max-width: 360px) 100vw, 360px" /></a><figcaption id="caption-attachment-43425" class="wp-caption-text"><label style="font-size: 15px;">Image satellite de la Mauritanie.</label></figcaption></figure>
<p>La Mauritanie fait culturellement et politiquement partie du monde arabe: elle est membre de la Ligue arabe et l&#8217;arabe est la seule langue officielle. Reflet de son héritage colonial, le français est largement parlé et sert de lingua franca. La religion officielle est l&#8217;islam et presque tous les habitants sont des musulmans sunnites. Malgré son identité arabe dominante, la société mauritanienne est multiethnique : les Beidanes (littéralement « les Blancs », en arabe), représentent 30 % de la population, tandis que les Haratins, ou « Maures noires », en représentent 40 %. Les deux groupes reflètent une fusion de l&#8217;ethnicité, de la langue et de la culture arabo-berbères. Les 30 % restants de la population sont composés de divers groupes ethniques subsahariens.</p>
<p>Malgré une abondance de ressources naturelles, notamment de minerai de fer et de pétrole, la Mauritanie reste pauvre; son économie repose principalement sur l&#8217;agriculture, l&#8217;élevage et la pêche. La Mauritanie est connue pour son piètre bilan en matière de droits humains, notamment la pratique continue de l&#8217;esclavage, résultat d&#8217;un système de castes historique entre les Beidanes et les Haratins; ce fut le dernier pays à abolir l&#8217;esclavage, en 1981, et ne l&#8217;a criminalisé qu&#8217;en 2007.</p>

<p>Carte de la Mauritanie, officiellement la République islamique de Mauritanie, un État souverain d&#8217;Afrique</p>
