{"id":17357,"date":"2022-07-13T00:37:09","date_gmt":"2022-07-13T00:37:09","guid":{"rendered":"https:\/\/gifex.com\/fr\/?post_type=ficha&#038;p=17357"},"modified":"2022-08-20T20:02:12","modified_gmt":"2022-08-20T20:02:12","slug":"carte-des-quartiers-de-reims","status":"publish","type":"ficha","link":"https:\/\/gifex.com\/fr\/fichier\/carte-des-quartiers-de-reims\/","title":{"rendered":"Carte des quartiers de Reims"},"content":{"rendered":"<p style=\"text-align: center;\"><label style=\"font-size: 15px;\">Carte des quartiers de Reims.<\/label><\/p>\n<p><img fetchpriority=\"high\" decoding=\"async\" class=\"alignleft wp-image-17359 size-full\" src=\"https:\/\/gifex.com\/fr\/wp-content\/uploads\/17357\/Carte-des-quartiers-de-Reims-1.png\" alt=\"\" width=\"360\" height=\"448\" srcset=\"https:\/\/gifex.com\/fr\/wp-content\/uploads\/17357\/Carte-des-quartiers-de-Reims-1.png 360w, https:\/\/gifex.com\/fr\/wp-content\/uploads\/17357\/Carte-des-quartiers-de-Reims-1-241x300.png 241w, https:\/\/gifex.com\/fr\/wp-content\/uploads\/17357\/Carte-des-quartiers-de-Reims-1-300x373.png 300w\" sizes=\"(max-width: 360px) 100vw, 360px\" \/>La ville, en raison de son histoire et son environnement physique, est une commune avec des quartiers ayant une forte identit\u00e9.<\/p>\n<p>Le centre-ville avec une dominante d&#8217;immeubles bourgeois reconstruits apr\u00e8s la premi\u00e8re Guerre mondiale ; un quartier nouveau comme Ch\u00e2tillons, cr\u00e9\u00e9 dans les ann\u00e9es 1970 sur les champs, avec des tours et des immeubles sur un plan radial avec la Tour des Argonautes comme centre ; la succession autoroute-Vesle-canal qui am\u00e8ne une s\u00e9paration entre les deux c\u00f4t\u00e9s de cet axe (Sainte-Anne\/Saint-Remi par exemple).<\/p>\n<p>En partie pour compenser cette situation, en novembre 2008, les huit anciens conseils de quartiers sont pass\u00e9s \u00e0 douze, avec un r\u00f4le d&#8217;\u00e9coute, de liaison et de proposition, et d\u00e9sormais sans r\u00e9union \u00e0 huis clos.<\/p>\n","protected":false},"excerpt":{"rendered":"<p>La ville, en raison de son histoire et son environnement physique, est une commune avec des quartiers ayant une forte identit\u00e9. <\/p>\n<p>Le centre-ville avec une dominante d&#8217;<\/p>\n","protected":false},"author":1,"featured_media":17358,"template":"","categoria_ficha":[1895],"class_list":["post-17357","ficha","type-ficha","status-publish","has-post-thumbnail","hentry","categoria_ficha-cartes-de-reims"],"acf":[],"_links":{"self":[{"href":"https:\/\/gifex.com\/fr\/wp-json\/wp\/v2\/ficha\/17357","targetHints":{"allow":["GET"]}}],"collection":[{"href":"https:\/\/gifex.com\/fr\/wp-json\/wp\/v2\/ficha"}],"about":[{"href":"https:\/\/gifex.com\/fr\/wp-json\/wp\/v2\/types\/ficha"}],"author":[{"embeddable":true,"href":"https:\/\/gifex.com\/fr\/wp-json\/wp\/v2\/users\/1"}],"version-history":[{"count":3,"href":"https:\/\/gifex.com\/fr\/wp-json\/wp\/v2\/ficha\/17357\/revisions"}],"predecessor-version":[{"id":22595,"href":"https:\/\/gifex.com\/fr\/wp-json\/wp\/v2\/ficha\/17357\/revisions\/22595"}],"wp:featuredmedia":[{"embeddable":true,"href":"https:\/\/gifex.com\/fr\/wp-json\/wp\/v2\/media\/17358"}],"wp:attachment":[{"href":"https:\/\/gifex.com\/fr\/wp-json\/wp\/v2\/media?parent=17357"}],"wp:term":[{"taxonomy":"categoria_ficha","embeddable":true,"href":"https:\/\/gifex.com\/fr\/wp-json\/wp\/v2\/categoria_ficha?post=17357"}],"curies":[{"name":"wp","href":"https:\/\/api.w.org\/{rel}","templated":true}]}}

<p style="text-align: center;"><label style="font-size: 15px;">Carte des quartiers de Reims.</label></p>
<p><img fetchpriority="high" decoding="async" class="alignleft wp-image-17359 size-full" src="https://gifex.com/fr/wp-content/uploads/17357/Carte-des-quartiers-de-Reims-1.png" alt="" width="360" height="448" srcset="https://gifex.com/fr/wp-content/uploads/17357/Carte-des-quartiers-de-Reims-1.png 360w, https://gifex.com/fr/wp-content/uploads/17357/Carte-des-quartiers-de-Reims-1-241x300.png 241w, https://gifex.com/fr/wp-content/uploads/17357/Carte-des-quartiers-de-Reims-1-300x373.png 300w" sizes="(max-width: 360px) 100vw, 360px" />La ville, en raison de son histoire et son environnement physique, est une commune avec des quartiers ayant une forte identité.</p>
<p>Le centre-ville avec une dominante d&#8217;immeubles bourgeois reconstruits après la première Guerre mondiale ; un quartier nouveau comme Châtillons, créé dans les années 1970 sur les champs, avec des tours et des immeubles sur un plan radial avec la Tour des Argonautes comme centre ; la succession autoroute-Vesle-canal qui amène une séparation entre les deux côtés de cet axe (Sainte-Anne/Saint-Remi par exemple).</p>
<p>En partie pour compenser cette situation, en novembre 2008, les huit anciens conseils de quartiers sont passés à douze, avec un rôle d&#8217;écoute, de liaison et de proposition, et désormais sans réunion à huis clos.</p>

<p>La ville, en raison de son histoire et son environnement physique, est une commune avec des quartiers ayant une forte identité. </p>
<p>Le centre-ville avec une dominante d&#8217;</p>
