{"id":17347,"date":"2022-07-12T21:20:56","date_gmt":"2022-07-12T21:20:56","guid":{"rendered":"https:\/\/gifex.com\/fr\/?post_type=ficha&#038;p=17347"},"modified":"2023-03-24T19:09:45","modified_gmt":"2023-03-24T19:09:45","slug":"carte-routiere-de-reims","status":"publish","type":"ficha","link":"https:\/\/gifex.com\/fr\/fichier\/carte-routiere-de-reims\/","title":{"rendered":"Carte routi\u00e8re de Reims"},"content":{"rendered":"<p style=\"text-align: center;\"><label style=\"font-size: 15px;\">Carte routi\u00e8re de Reims.<\/label><\/p>\n<p>Reims est au carrefour de quatre autoroutes :<\/p>\n<ul>\n<li>l&#8217;A26, aussi appel\u00e9e l&#8217;autoroute des Anglais, qui fait partie du grand contournement de Paris et va de Calais \u00e0 Troyes ;<\/li>\n<li>l&#8217;A4, l&#8217;autoroute de l&#8217;Est, reliant Paris \u00e0 Strasbourg en passant par Metz et dont le contournement Sud de Reims par cette autoroute fut mis en service le 23 novembre 201030 ;<\/li>\n<li>l&#8217;A34, l&#8217;Ardennaise, qui se dirige \u00e0 Charleville-M\u00e9zi\u00e8res puis vers la Belgique, sur le trac\u00e9 de l&#8217;ancienne RN 51.<\/li>\n<li>l&#8217;A344 (\u00e9galement appel\u00e9e Travers\u00e9e Urbaine de Reims, ou voie Jean-Taittinger) qui remplace l&#8217;ancienne autoroute A4 et fait office de p\u00e9n\u00e9trante entre les autoroutes A4, A26 et A34 en passant par le centre de la ville.<\/li>\n<\/ul>\n<p>Avant son d\u00e9classement, la RN 51 (aujourd&#8217;hui RD 951) reliait Orl\u00e9ans aux Ardennes, en passant par \u00c9pernay et Reims. Elle faisait partie, avec la RN 31 au d\u00e9part de Rouen et avec l&#8217;ancienne RN 44 (actuelle RD 944) de Cambrai \u00e0 Vitry-le-Fran\u00e7ois, des routes nationales passant par Reims. Elle se trouve \u00e9galement sur la route touristique du champagne du Massif de Saint-Thierry et de la Montagne de Reims.<\/p>\n","protected":false},"excerpt":{"rendered":"<p>Reims est au carrefour de quatre autoroutes :<\/p>\n<p>l&#8217;A26, aussi appel\u00e9e l&#8217;autoroute des Anglais, qui fait partie du grand contournement de Paris et va de Calais \u00e0 Troyes ;<\/p>\n","protected":false},"author":1,"featured_media":17348,"template":"","categoria_ficha":[1895],"class_list":["post-17347","ficha","type-ficha","status-publish","has-post-thumbnail","hentry","categoria_ficha-cartes-de-reims"],"acf":[],"_links":{"self":[{"href":"https:\/\/gifex.com\/fr\/wp-json\/wp\/v2\/ficha\/17347","targetHints":{"allow":["GET"]}}],"collection":[{"href":"https:\/\/gifex.com\/fr\/wp-json\/wp\/v2\/ficha"}],"about":[{"href":"https:\/\/gifex.com\/fr\/wp-json\/wp\/v2\/types\/ficha"}],"author":[{"embeddable":true,"href":"https:\/\/gifex.com\/fr\/wp-json\/wp\/v2\/users\/1"}],"version-history":[{"count":7,"href":"https:\/\/gifex.com\/fr\/wp-json\/wp\/v2\/ficha\/17347\/revisions"}],"predecessor-version":[{"id":36451,"href":"https:\/\/gifex.com\/fr\/wp-json\/wp\/v2\/ficha\/17347\/revisions\/36451"}],"wp:featuredmedia":[{"embeddable":true,"href":"https:\/\/gifex.com\/fr\/wp-json\/wp\/v2\/media\/17348"}],"wp:attachment":[{"href":"https:\/\/gifex.com\/fr\/wp-json\/wp\/v2\/media?parent=17347"}],"wp:term":[{"taxonomy":"categoria_ficha","embeddable":true,"href":"https:\/\/gifex.com\/fr\/wp-json\/wp\/v2\/categoria_ficha?post=17347"}],"curies":[{"name":"wp","href":"https:\/\/api.w.org\/{rel}","templated":true}]}}

Carte routière de Reims

<p style="text-align: center;"><label style="font-size: 15px;">Carte routière de Reims.</label></p>
<p>Reims est au carrefour de quatre autoroutes :</p>
<ul>
<li>l&#8217;A26, aussi appelée l&#8217;autoroute des Anglais, qui fait partie du grand contournement de Paris et va de Calais à Troyes ;</li>
<li>l&#8217;A4, l&#8217;autoroute de l&#8217;Est, reliant Paris à Strasbourg en passant par Metz et dont le contournement Sud de Reims par cette autoroute fut mis en service le 23 novembre 201030 ;</li>
<li>l&#8217;A34, l&#8217;Ardennaise, qui se dirige à Charleville-Mézières puis vers la Belgique, sur le tracé de l&#8217;ancienne RN 51.</li>
<li>l&#8217;A344 (également appelée Traversée Urbaine de Reims, ou voie Jean-Taittinger) qui remplace l&#8217;ancienne autoroute A4 et fait office de pénétrante entre les autoroutes A4, A26 et A34 en passant par le centre de la ville.</li>
</ul>
<p>Avant son déclassement, la RN 51 (aujourd&#8217;hui RD 951) reliait Orléans aux Ardennes, en passant par Épernay et Reims. Elle faisait partie, avec la RN 31 au départ de Rouen et avec l&#8217;ancienne RN 44 (actuelle RD 944) de Cambrai à Vitry-le-François, des routes nationales passant par Reims. Elle se trouve également sur la route touristique du champagne du Massif de Saint-Thierry et de la Montagne de Reims.</p>

<p>Reims est au carrefour de quatre autoroutes :</p>
<p>l&#8217;A26, aussi appelée l&#8217;autoroute des Anglais, qui fait partie du grand contournement de Paris et va de Calais à Troyes ;</p>
