{"id":17255,"date":"2022-07-09T16:56:58","date_gmt":"2022-07-09T16:56:58","guid":{"rendered":"https:\/\/gifex.com\/fr\/?post_type=ficha&#038;p=17255"},"modified":"2025-08-23T20:45:06","modified_gmt":"2025-08-23T20:45:06","slug":"cartes-anciennes-et-historiques-de-lille","status":"publish","type":"ficha","link":"https:\/\/gifex.com\/fr\/fichier\/cartes-anciennes-et-historiques-de-lille\/","title":{"rendered":"Cartes anciennes et historiques de Lille"},"content":{"rendered":"<p style=\"text-align: center;\"><label style=\"font-size: 15px;\">Plan de la ville de Lille publi\u00e9 par les annuaires Ravet-Anceau 1930.<\/label><\/p>\n<div style=\"clear: both; display: inline-block; width: 100%;\">\n<div class=\"row\">\n<div class=\"col-sm\">\n<figure id=\"attachment_17256\" aria-describedby=\"caption-attachment-17256\" style=\"width: 400px\" class=\"wp-caption alignleft\"><a href=\"https:\/\/gifex.com\/fr\/wp-content\/uploads\/17255\/Plan-de-Lille-avant-1590.jpg\" target=\"_blank\" rel=\"noopener\"><img fetchpriority=\"high\" decoding=\"async\" class=\"wp-image-17256\" src=\"https:\/\/gifex.com\/fr\/wp-content\/uploads\/17255\/Plan-de-Lille-avant-1590-300x229.jpg\" alt=\"Plan de Lille avant 1590.\" width=\"400\" height=\"306\" srcset=\"https:\/\/gifex.com\/fr\/wp-content\/uploads\/17255\/Plan-de-Lille-avant-1590-300x229.jpg 300w, https:\/\/gifex.com\/fr\/wp-content\/uploads\/17255\/Plan-de-Lille-avant-1590-1024x782.jpg 1024w, https:\/\/gifex.com\/fr\/wp-content\/uploads\/17255\/Plan-de-Lille-avant-1590-768x587.jpg 768w, https:\/\/gifex.com\/fr\/wp-content\/uploads\/17255\/Plan-de-Lille-avant-1590-1536x1173.jpg 1536w, https:\/\/gifex.com\/fr\/wp-content\/uploads\/17255\/Plan-de-Lille-avant-1590-2048x1565.jpg 2048w, https:\/\/gifex.com\/fr\/wp-content\/uploads\/17255\/Plan-de-Lille-avant-1590-1600x1222.jpg 1600w\" sizes=\"(max-width: 400px) 100vw, 400px\" \/><\/a><figcaption id=\"caption-attachment-17256\" class=\"wp-caption-text\"><label style=\"font-size: 15px;\">Au XIIIe si\u00e8cle, Lille est une \u00eele (insula) d\u00e9fendue par des fortifications et le ch\u00e2teau dit de Courtrai (situ\u00e9 pr\u00e8s de la porte de Courtrai), qui avait la m\u00eame vocation d\u00e9fensive que la future citadelle de Lille construite par Vauban et des foss\u00e9s remplis de l&#8217;eau de la De\u00fble, date de publication ; avant 1590.<\/label><\/figcaption><\/figure>\n<\/div>\n<div class=\"col-sm\">\n<figure id=\"attachment_17259\" aria-describedby=\"caption-attachment-17259\" style=\"width: 400px\" class=\"wp-caption alignright\"><a href=\"https:\/\/gifex.com\/fr\/wp-content\/uploads\/17255\/Plan-de-Lille-1708.png\" target=\"_blank\" rel=\"noopener\"><img decoding=\"async\" class=\"wp-image-17259\" title=\"Plan de Lille 1708.\" src=\"https:\/\/gifex.com\/fr\/wp-content\/uploads\/17255\/Plan-de-Lille-1708-300x240.png\" alt=\"Plan de Lille 1708.\" width=\"400\" height=\"320\" srcset=\"https:\/\/gifex.com\/fr\/wp-content\/uploads\/17255\/Plan-de-Lille-1708-300x240.png 300w, https:\/\/gifex.com\/fr\/wp-content\/uploads\/17255\/Plan-de-Lille-1708-1024x819.png 1024w, https:\/\/gifex.com\/fr\/wp-content\/uploads\/17255\/Plan-de-Lille-1708-768x614.png 768w, https:\/\/gifex.com\/fr\/wp-content\/uploads\/17255\/Plan-de-Lille-1708-1536x1229.png 1536w, https:\/\/gifex.com\/fr\/wp-content\/uploads\/17255\/Plan-de-Lille-1708-2048x1638.png 2048w, https:\/\/gifex.com\/fr\/wp-content\/uploads\/17255\/Plan-de-Lille-1708-1600x1280.png 1600w\" sizes=\"(max-width: 400px) 100vw, 400px\" \/><\/a><figcaption id=\"caption-attachment-17259\" class=\"wp-caption-text\"><label style=\"font-size: 15px;\">Plan de la ville de Lille, France investie par les Haut-Allies sous le commandement de S.A. le Prince Eugene de Savoye le 13 aoust et prise le 8 octobre 1708. A noter l&#8217;orientation inhabituelle, le nord \u00e9tant dirig\u00e9 vers le bas de la carte. Image fixe num\u00e9ris\u00e9e : dessinn\u00e9 sur les lieux avec la derni\u00e8re exactitude \/ par Monsieur Br\u00fcchman Publication : Grav\u00e9 et imprim\u00e9 a Bruxelles : chez Eug\u00e8ne Henry Fricx, 1709 Description mat\u00e9rielle : 1 carte ; 45 x 56,5 cm Collection : Collection d&#8217;Anville ; 00954 Note(s) : Cote : Ge DD 2987 (954) BNF Richelieu Cartes et Plans Reprod. Sc 87\/1200 . &#8211; Cartouche ornemental avec armoiries . &#8211; Liste des bataillons et escadrons au si\u00e8ge de Lille.<\/label><\/figcaption><\/figure>\n<\/div>\n<div class=\"col-sm\">\n<figure id=\"attachment_17261\" aria-describedby=\"caption-attachment-17261\" style=\"width: 400px\" class=\"wp-caption alignleft\"><a href=\"https:\/\/gifex.com\/fr\/wp-content\/uploads\/17255\/Plan-de-Lille-1693.png\" target=\"_blank\" rel=\"noopener\"><img decoding=\"async\" class=\"wp-image-17261\" title=\"Plan de Lille 1693.\" src=\"https:\/\/gifex.com\/fr\/wp-content\/uploads\/17255\/Plan-de-Lille-1693-300x243.png\" alt=\"Plan de Lille 1693.\" width=\"400\" height=\"324\" srcset=\"https:\/\/gifex.com\/fr\/wp-content\/uploads\/17255\/Plan-de-Lille-1693-300x243.png 300w, https:\/\/gifex.com\/fr\/wp-content\/uploads\/17255\/Plan-de-Lille-1693-1024x830.png 1024w, https:\/\/gifex.com\/fr\/wp-content\/uploads\/17255\/Plan-de-Lille-1693-768x622.png 768w, https:\/\/gifex.com\/fr\/wp-content\/uploads\/17255\/Plan-de-Lille-1693-1536x1244.png 1536w, https:\/\/gifex.com\/fr\/wp-content\/uploads\/17255\/Plan-de-Lille-1693-2048x1659.png 2048w, https:\/\/gifex.com\/fr\/wp-content\/uploads\/17255\/Plan-de-Lille-1693-1600x1296.png 1600w\" sizes=\"(max-width: 400px) 100vw, 400px\" \/><\/a><figcaption id=\"caption-attachment-17261\" class=\"wp-caption-text\"><label style=\"font-size: 15px;\">Ce plan de Lille provient de l&#8217;ouvrage Recueil des plans des places du Royaume, divis\u00e9es en provinces, faits en l&#8217;an 1693, Volume 1 : plan n\u00b022.<\/label><\/figcaption><\/figure>\n<\/div>\n<div class=\"col-sm\">\n<figure id=\"attachment_17260\" aria-describedby=\"caption-attachment-17260\" style=\"width: 400px\" class=\"wp-caption alignright\"><a href=\"https:\/\/gifex.com\/fr\/wp-content\/uploads\/17255\/Plan-de-Lille-en-Flandria-Illustrata-par-Anton-Sander-1641.jpg\" target=\"_blank\" rel=\"noopener\"><img loading=\"lazy\" decoding=\"async\" class=\"wp-image-17260\" title=\"Plan de Lille en Flandria Illustrata par Anton Sander 1641.\" src=\"https:\/\/gifex.com\/fr\/wp-content\/uploads\/17255\/Plan-de-Lille-en-Flandria-Illustrata-par-Anton-Sander-1641-300x188.jpg\" alt=\"Plan de Lille en Flandria Illustrata par Anton Sander 1641.\" width=\"400\" height=\"250\" srcset=\"https:\/\/gifex.com\/fr\/wp-content\/uploads\/17255\/Plan-de-Lille-en-Flandria-Illustrata-par-Anton-Sander-1641-300x188.jpg 300w, https:\/\/gifex.com\/fr\/wp-content\/uploads\/17255\/Plan-de-Lille-en-Flandria-Illustrata-par-Anton-Sander-1641-1024x641.jpg 1024w, https:\/\/gifex.com\/fr\/wp-content\/uploads\/17255\/Plan-de-Lille-en-Flandria-Illustrata-par-Anton-Sander-1641-768x480.jpg 768w, https:\/\/gifex.com\/fr\/wp-content\/uploads\/17255\/Plan-de-Lille-en-Flandria-Illustrata-par-Anton-Sander-1641-1536x961.jpg 1536w, https:\/\/gifex.com\/fr\/wp-content\/uploads\/17255\/Plan-de-Lille-en-Flandria-Illustrata-par-Anton-Sander-1641-1600x1001.jpg 1600w, https:\/\/gifex.com\/fr\/wp-content\/uploads\/17255\/Plan-de-Lille-en-Flandria-Illustrata-par-Anton-Sander-1641.jpg 1685w\" sizes=\"(max-width: 400px) 100vw, 400px\" \/><\/a><figcaption id=\"caption-attachment-17260\" class=\"wp-caption-text\"><label style=\"font-size: 15px;\">Plan de Lille en Flandria Illustrata par Anton Sander 1641.<\/label><\/figcaption><\/figure>\n<\/div>\n<\/div>\n<\/div>\n<p>Ressources et donn\u00e9es cartographiques historiques de Lille.<\/p>\n","protected":false},"excerpt":{"rendered":"<p>Plan de la ville de Lille publi\u00e9 par les annuaires Ravet-Anceau 1930. Ressources et donn\u00e9es cartographiques historiques de Lille.<\/p>\n","protected":false},"author":1,"featured_media":17258,"template":"","categoria_ficha":[1893],"class_list":["post-17255","ficha","type-ficha","status-publish","has-post-thumbnail","hentry","categoria_ficha-cartes-de-lille"],"acf":[],"_links":{"self":[{"href":"https:\/\/gifex.com\/fr\/wp-json\/wp\/v2\/ficha\/17255","targetHints":{"allow":["GET"]}}],"collection":[{"href":"https:\/\/gifex.com\/fr\/wp-json\/wp\/v2\/ficha"}],"about":[{"href":"https:\/\/gifex.com\/fr\/wp-json\/wp\/v2\/types\/ficha"}],"author":[{"embeddable":true,"href":"https:\/\/gifex.com\/fr\/wp-json\/wp\/v2\/users\/1"}],"version-history":[{"count":11,"href":"https:\/\/gifex.com\/fr\/wp-json\/wp\/v2\/ficha\/17255\/revisions"}],"predecessor-version":[{"id":56604,"href":"https:\/\/gifex.com\/fr\/wp-json\/wp\/v2\/ficha\/17255\/revisions\/56604"}],"wp:featuredmedia":[{"embeddable":true,"href":"https:\/\/gifex.com\/fr\/wp-json\/wp\/v2\/media\/17258"}],"wp:attachment":[{"href":"https:\/\/gifex.com\/fr\/wp-json\/wp\/v2\/media?parent=17255"}],"wp:term":[{"taxonomy":"categoria_ficha","embeddable":true,"href":"https:\/\/gifex.com\/fr\/wp-json\/wp\/v2\/categoria_ficha?post=17255"}],"curies":[{"name":"wp","href":"https:\/\/api.w.org\/{rel}","templated":true}]}}

<p style="text-align: center;"><label style="font-size: 15px;">Plan de la ville de Lille publié par les annuaires Ravet-Anceau 1930.</label></p>
<div style="clear: both; display: inline-block; width: 100%;">
<div class="row">
<div class="col-sm">
<figure id="attachment_17256" aria-describedby="caption-attachment-17256" style="width: 400px" class="wp-caption alignleft"><a href="https://gifex.com/fr/wp-content/uploads/17255/Plan-de-Lille-avant-1590.jpg" target="_blank" rel="noopener"><img fetchpriority="high" decoding="async" class="wp-image-17256" src="https://gifex.com/fr/wp-content/uploads/17255/Plan-de-Lille-avant-1590-300x229.jpg" alt="Plan de Lille avant 1590." width="400" height="306" srcset="https://gifex.com/fr/wp-content/uploads/17255/Plan-de-Lille-avant-1590-300x229.jpg 300w, https://gifex.com/fr/wp-content/uploads/17255/Plan-de-Lille-avant-1590-1024x782.jpg 1024w, https://gifex.com/fr/wp-content/uploads/17255/Plan-de-Lille-avant-1590-768x587.jpg 768w, https://gifex.com/fr/wp-content/uploads/17255/Plan-de-Lille-avant-1590-1536x1173.jpg 1536w, https://gifex.com/fr/wp-content/uploads/17255/Plan-de-Lille-avant-1590-2048x1565.jpg 2048w, https://gifex.com/fr/wp-content/uploads/17255/Plan-de-Lille-avant-1590-1600x1222.jpg 1600w" sizes="(max-width: 400px) 100vw, 400px" /></a><figcaption id="caption-attachment-17256" class="wp-caption-text"><label style="font-size: 15px;">Au XIIIe siècle, Lille est une île (insula) défendue par des fortifications et le château dit de Courtrai (situé près de la porte de Courtrai), qui avait la même vocation défensive que la future citadelle de Lille construite par Vauban et des fossés remplis de l&#8217;eau de la Deûle, date de publication ; avant 1590.</label></figcaption></figure>
</div>
<div class="col-sm">
<figure id="attachment_17259" aria-describedby="caption-attachment-17259" style="width: 400px" class="wp-caption alignright"><a href="https://gifex.com/fr/wp-content/uploads/17255/Plan-de-Lille-1708.png" target="_blank" rel="noopener"><img decoding="async" class="wp-image-17259" title="Plan de Lille 1708." src="https://gifex.com/fr/wp-content/uploads/17255/Plan-de-Lille-1708-300x240.png" alt="Plan de Lille 1708." width="400" height="320" srcset="https://gifex.com/fr/wp-content/uploads/17255/Plan-de-Lille-1708-300x240.png 300w, https://gifex.com/fr/wp-content/uploads/17255/Plan-de-Lille-1708-1024x819.png 1024w, https://gifex.com/fr/wp-content/uploads/17255/Plan-de-Lille-1708-768x614.png 768w, https://gifex.com/fr/wp-content/uploads/17255/Plan-de-Lille-1708-1536x1229.png 1536w, https://gifex.com/fr/wp-content/uploads/17255/Plan-de-Lille-1708-2048x1638.png 2048w, https://gifex.com/fr/wp-content/uploads/17255/Plan-de-Lille-1708-1600x1280.png 1600w" sizes="(max-width: 400px) 100vw, 400px" /></a><figcaption id="caption-attachment-17259" class="wp-caption-text"><label style="font-size: 15px;">Plan de la ville de Lille, France investie par les Haut-Allies sous le commandement de S.A. le Prince Eugene de Savoye le 13 aoust et prise le 8 octobre 1708. A noter l&#8217;orientation inhabituelle, le nord étant dirigé vers le bas de la carte. Image fixe numérisée : dessinné sur les lieux avec la dernière exactitude / par Monsieur Brüchman Publication : Gravé et imprimé a Bruxelles : chez Eugène Henry Fricx, 1709 Description matérielle : 1 carte ; 45 x 56,5 cm Collection : Collection d&#8217;Anville ; 00954 Note(s) : Cote : Ge DD 2987 (954) BNF Richelieu Cartes et Plans Reprod. Sc 87/1200 . &#8211; Cartouche ornemental avec armoiries . &#8211; Liste des bataillons et escadrons au siège de Lille.</label></figcaption></figure>
</div>
<div class="col-sm">
<figure id="attachment_17261" aria-describedby="caption-attachment-17261" style="width: 400px" class="wp-caption alignleft"><a href="https://gifex.com/fr/wp-content/uploads/17255/Plan-de-Lille-1693.png" target="_blank" rel="noopener"><img decoding="async" class="wp-image-17261" title="Plan de Lille 1693." src="https://gifex.com/fr/wp-content/uploads/17255/Plan-de-Lille-1693-300x243.png" alt="Plan de Lille 1693." width="400" height="324" srcset="https://gifex.com/fr/wp-content/uploads/17255/Plan-de-Lille-1693-300x243.png 300w, https://gifex.com/fr/wp-content/uploads/17255/Plan-de-Lille-1693-1024x830.png 1024w, https://gifex.com/fr/wp-content/uploads/17255/Plan-de-Lille-1693-768x622.png 768w, https://gifex.com/fr/wp-content/uploads/17255/Plan-de-Lille-1693-1536x1244.png 1536w, https://gifex.com/fr/wp-content/uploads/17255/Plan-de-Lille-1693-2048x1659.png 2048w, https://gifex.com/fr/wp-content/uploads/17255/Plan-de-Lille-1693-1600x1296.png 1600w" sizes="(max-width: 400px) 100vw, 400px" /></a><figcaption id="caption-attachment-17261" class="wp-caption-text"><label style="font-size: 15px;">Ce plan de Lille provient de l&#8217;ouvrage Recueil des plans des places du Royaume, divisées en provinces, faits en l&#8217;an 1693, Volume 1 : plan n°22.</label></figcaption></figure>
</div>
<div class="col-sm">
<figure id="attachment_17260" aria-describedby="caption-attachment-17260" style="width: 400px" class="wp-caption alignright"><a href="https://gifex.com/fr/wp-content/uploads/17255/Plan-de-Lille-en-Flandria-Illustrata-par-Anton-Sander-1641.jpg" target="_blank" rel="noopener"><img loading="lazy" decoding="async" class="wp-image-17260" title="Plan de Lille en Flandria Illustrata par Anton Sander 1641." src="https://gifex.com/fr/wp-content/uploads/17255/Plan-de-Lille-en-Flandria-Illustrata-par-Anton-Sander-1641-300x188.jpg" alt="Plan de Lille en Flandria Illustrata par Anton Sander 1641." width="400" height="250" srcset="https://gifex.com/fr/wp-content/uploads/17255/Plan-de-Lille-en-Flandria-Illustrata-par-Anton-Sander-1641-300x188.jpg 300w, https://gifex.com/fr/wp-content/uploads/17255/Plan-de-Lille-en-Flandria-Illustrata-par-Anton-Sander-1641-1024x641.jpg 1024w, https://gifex.com/fr/wp-content/uploads/17255/Plan-de-Lille-en-Flandria-Illustrata-par-Anton-Sander-1641-768x480.jpg 768w, https://gifex.com/fr/wp-content/uploads/17255/Plan-de-Lille-en-Flandria-Illustrata-par-Anton-Sander-1641-1536x961.jpg 1536w, https://gifex.com/fr/wp-content/uploads/17255/Plan-de-Lille-en-Flandria-Illustrata-par-Anton-Sander-1641-1600x1001.jpg 1600w, https://gifex.com/fr/wp-content/uploads/17255/Plan-de-Lille-en-Flandria-Illustrata-par-Anton-Sander-1641.jpg 1685w" sizes="(max-width: 400px) 100vw, 400px" /></a><figcaption id="caption-attachment-17260" class="wp-caption-text"><label style="font-size: 15px;">Plan de Lille en Flandria Illustrata par Anton Sander 1641.</label></figcaption></figure>
</div>
</div>
</div>
<p>Ressources et données cartographiques historiques de Lille.</p>

<p>Plan de la ville de Lille publié par les annuaires Ravet-Anceau 1930. Ressources et données cartographiques historiques de Lille.</p>
