{"id":17251,"date":"2022-07-09T01:35:53","date_gmt":"2022-07-09T01:35:53","guid":{"rendered":"https:\/\/gifex.com\/fr\/?post_type=ficha&#038;p=17251"},"modified":"2022-08-20T19:38:20","modified_gmt":"2022-08-20T19:38:20","slug":"carte-de-hellemmes-lille","status":"publish","type":"ficha","link":"https:\/\/gifex.com\/fr\/fichier\/carte-de-hellemmes-lille\/","title":{"rendered":"Carte de Hellemmes-Lille"},"content":{"rendered":"<p>Carte de Hellemmes-Lille, g\u00e9n\u00e9ralement appel\u00e9e Hellemmes, situ\u00e9e \u00e0 l&#8217;est de Lille avec une superficie de 334 hectares. Elle est comprise entre les communes de Lille, Ronchin, Lezennes, Villeneuve-d&#8217;Ascq (Annapes et Flers-lez-Lille) et Mons-en-Bar\u0153ul.<\/p>\n<p>Sa population s&#8217;\u00e9levait, en 2019, \u00e0 18 577 habitants.<\/p>\n<p>Elle est desservie par les stations du m\u00e9tro de Lille M\u00e9tropole : Mairie d&#8217;Hellemmes et Square Flandres.<\/p>\n","protected":false},"excerpt":{"rendered":"<p>Hellemmes-Lille, g\u00e9n\u00e9ralement appel\u00e9e Hellemmes est situ\u00e9e \u00e0 l&#8217;est de Lille et a une superficie de 334 hectares. Elle est comprise entre les communes de Lille<\/p>\n","protected":false},"author":1,"featured_media":17252,"template":"","categoria_ficha":[1893],"class_list":["post-17251","ficha","type-ficha","status-publish","has-post-thumbnail","hentry","categoria_ficha-cartes-de-lille"],"acf":[],"_links":{"self":[{"href":"https:\/\/gifex.com\/fr\/wp-json\/wp\/v2\/ficha\/17251","targetHints":{"allow":["GET"]}}],"collection":[{"href":"https:\/\/gifex.com\/fr\/wp-json\/wp\/v2\/ficha"}],"about":[{"href":"https:\/\/gifex.com\/fr\/wp-json\/wp\/v2\/types\/ficha"}],"author":[{"embeddable":true,"href":"https:\/\/gifex.com\/fr\/wp-json\/wp\/v2\/users\/1"}],"version-history":[{"count":3,"href":"https:\/\/gifex.com\/fr\/wp-json\/wp\/v2\/ficha\/17251\/revisions"}],"predecessor-version":[{"id":22576,"href":"https:\/\/gifex.com\/fr\/wp-json\/wp\/v2\/ficha\/17251\/revisions\/22576"}],"wp:featuredmedia":[{"embeddable":true,"href":"https:\/\/gifex.com\/fr\/wp-json\/wp\/v2\/media\/17252"}],"wp:attachment":[{"href":"https:\/\/gifex.com\/fr\/wp-json\/wp\/v2\/media?parent=17251"}],"wp:term":[{"taxonomy":"categoria_ficha","embeddable":true,"href":"https:\/\/gifex.com\/fr\/wp-json\/wp\/v2\/categoria_ficha?post=17251"}],"curies":[{"name":"wp","href":"https:\/\/api.w.org\/{rel}","templated":true}]}}

<p>Carte de Hellemmes-Lille, généralement appelée Hellemmes, située à l&#8217;est de Lille avec une superficie de 334 hectares. Elle est comprise entre les communes de Lille, Ronchin, Lezennes, Villeneuve-d&#8217;Ascq (Annapes et Flers-lez-Lille) et Mons-en-Barœul.</p>
<p>Sa population s&#8217;élevait, en 2019, à 18 577 habitants.</p>
<p>Elle est desservie par les stations du métro de Lille Métropole : Mairie d&#8217;Hellemmes et Square Flandres.</p>

<p>Hellemmes-Lille, généralement appelée Hellemmes est située à l&#8217;est de Lille et a une superficie de 334 hectares. Elle est comprise entre les communes de Lille</p>
