{"id":16800,"date":"2022-06-29T13:38:31","date_gmt":"2022-06-29T13:38:31","guid":{"rendered":"https:\/\/gifex.com\/fr\/?post_type=ficha&#038;p=16800"},"modified":"2022-08-19T21:41:45","modified_gmt":"2022-08-19T21:41:45","slug":"carte-des-quartiers-de-nice","status":"publish","type":"ficha","link":"https:\/\/gifex.com\/fr\/fichier\/carte-des-quartiers-de-nice\/","title":{"rendered":"Carte des quartiers de Nice"},"content":{"rendered":"<p style=\"text-align: center;\"><label style=\"font-size: 15px;\">Carte des quartiers de Nice.<\/label><\/p>\n<p>Les quartiers de Nice sont assez fortement diff\u00e9renci\u00e9s. Globalement, la ville est assez clairement divis\u00e9e en deux : la rive gauche du Paillon, plus ancienne, est caract\u00e9ris\u00e9e par un urbanisme proche de celui de Turin. La rive droite, plus r\u00e9cente et plus \u00ab fran\u00e7aise \u00bb, pr\u00e9sente un style beaucoup plus haussmannien.<\/p>\n<figure id=\"attachment_16802\" aria-describedby=\"caption-attachment-16802\" style=\"width: 360px\" class=\"wp-caption alignright\"><a href=\"https:\/\/gifex.com\/fr\/wp-content\/uploads\/16800\/Le-Cap-de-Nice-et-a-droite-la-Rade-de-Villefranche-2008.jpg\" target=\"_blank\" rel=\"noopener\"><img fetchpriority=\"high\" decoding=\"async\" class=\"wp-image-16802\" title=\"Le Cap de Nice et, \u00e0 droite, la Rade de Villefranche.\" src=\"https:\/\/gifex.com\/fr\/wp-content\/uploads\/16800\/Le-Cap-de-Nice-et-a-droite-la-Rade-de-Villefranche-2008-300x200.jpg\" alt=\"Le Cap de Nice et, \u00e0 droite, la Rade de Villefranche.\" width=\"360\" height=\"240\" srcset=\"https:\/\/gifex.com\/fr\/wp-content\/uploads\/16800\/Le-Cap-de-Nice-et-a-droite-la-Rade-de-Villefranche-2008-300x200.jpg 300w, https:\/\/gifex.com\/fr\/wp-content\/uploads\/16800\/Le-Cap-de-Nice-et-a-droite-la-Rade-de-Villefranche-2008-1024x683.jpg 1024w, https:\/\/gifex.com\/fr\/wp-content\/uploads\/16800\/Le-Cap-de-Nice-et-a-droite-la-Rade-de-Villefranche-2008-768x512.jpg 768w, https:\/\/gifex.com\/fr\/wp-content\/uploads\/16800\/Le-Cap-de-Nice-et-a-droite-la-Rade-de-Villefranche-2008-1536x1024.jpg 1536w, https:\/\/gifex.com\/fr\/wp-content\/uploads\/16800\/Le-Cap-de-Nice-et-a-droite-la-Rade-de-Villefranche-2008-2048x1366.jpg 2048w, https:\/\/gifex.com\/fr\/wp-content\/uploads\/16800\/Le-Cap-de-Nice-et-a-droite-la-Rade-de-Villefranche-2008-1600x1067.jpg 1600w\" sizes=\"(max-width: 360px) 100vw, 360px\" \/><\/a><figcaption id=\"caption-attachment-16802\" class=\"wp-caption-text\"><label style=\"font-size: 15px;\">Le Cap de Nice et, \u00e0 droite, la Rade de Villefranche.<\/label><\/figcaption><\/figure>\n<p>La colline du ch\u00e2teau correspond \u00e0 l&#8217;ancien centre de la commune. D\u00e9truit au xviiie si\u00e8cle par Louis XIV et d\u00e9militaris\u00e9 dans la seconde moiti\u00e9 du xixe si\u00e8cle, il est essentiellement un lieu de promenade. Le Vieux-Nice s&#8217;est d\u00e9velopp\u00e9 \u00e0 partir du xive si\u00e8cle. Jusqu&#8217;au xixe si\u00e8cle, la majorit\u00e9 des habitants, des lieux de pouvoir et des activit\u00e9s \u00e9conomiques y sont situ\u00e9s, notamment la cath\u00e9drale Sainte-R\u00e9parate, le Palais communal (aujourd&#8217;hui Bourse du travail, place Saint-Fran\u00e7ois), le palais du gouverneur (aujourd&#8217;hui palais de la Pr\u00e9fecture), le S\u00e9nat (ancienne cour d&#8217;appel) et le cours Saleya, principale place de la ville pendant longtemps. Il poss\u00e8de \u00e9galement de nombreux \u00e9difices religieux. Le Vieux-Nice est aujourd&#8217;hui le c\u0153ur touristique de la ville et h\u00e9berge de nombreux caf\u00e9s et restaurants. Le port a \u00e9t\u00e9 longtemps un quartier populaire et ouvrier. Le port proprement dit accueille aujourd&#8217;hui surtout des bateaux de plaisance et de croisi\u00e8re.<\/p>\n<figure id=\"attachment_16803\" aria-describedby=\"caption-attachment-16803\" style=\"width: 360px\" class=\"wp-caption alignright\"><a href=\"https:\/\/gifex.com\/fr\/wp-content\/uploads\/16800\/Sommet-de-la-colline-de-Cimiez-Nice-2017.jpg\" target=\"_blank\" rel=\"noopener\"><img decoding=\"async\" class=\"wp-image-16803\" title=\"Sommet de la colline de Cimiez, Nice.\" src=\"https:\/\/gifex.com\/fr\/wp-content\/uploads\/16800\/Sommet-de-la-colline-de-Cimiez-Nice-2017-300x243.jpg\" alt=\"Sommet de la colline de Cimiez, Nice.\" width=\"360\" height=\"292\" srcset=\"https:\/\/gifex.com\/fr\/wp-content\/uploads\/16800\/Sommet-de-la-colline-de-Cimiez-Nice-2017-300x243.jpg 300w, https:\/\/gifex.com\/fr\/wp-content\/uploads\/16800\/Sommet-de-la-colline-de-Cimiez-Nice-2017-1024x829.jpg 1024w, https:\/\/gifex.com\/fr\/wp-content\/uploads\/16800\/Sommet-de-la-colline-de-Cimiez-Nice-2017-768x622.jpg 768w, https:\/\/gifex.com\/fr\/wp-content\/uploads\/16800\/Sommet-de-la-colline-de-Cimiez-Nice-2017.jpg 1305w\" sizes=\"(max-width: 360px) 100vw, 360px\" \/><\/a><figcaption id=\"caption-attachment-16803\" class=\"wp-caption-text\"><label style=\"font-size: 15px;\">Sommet de la colline de Cimiez, Nice.<\/label><\/figcaption><\/figure>\n<p>La colline de Cimiez est un quartier bourgeois de la ville. Il abrite de nombreux h\u00f4tels construits \u00e0 la Belle \u00c9poque et qui ont \u00e9t\u00e9 depuis transform\u00e9s en luxueux appartements priv\u00e9s. L\u2019avenue Jean-M\u00e9decin est la principale art\u00e8re commerciale de la ville. La plupart des grandes enseignes y sont situ\u00e9es. La rue Massena, (plus connue localement sous l&#8217;appellation zone pi\u00e9tonne) a \u00e9t\u00e9 cr\u00e9\u00e9e dans les ann\u00e9es 1970. Tr\u00e8s touristique, elle accueille de nombreux restaurants et des caf\u00e9s. Les quartiers R\u00e9publique, Saint-Roch et Magnan sont des quartiers populaires anciens, construits essentiellement dans la seconde moiti\u00e9 du xixe si\u00e8cle ou la premi\u00e8re moiti\u00e9 du xxe si\u00e8cle. Les quartiers de Pasteur, L&#8217;Ariane et Les Moulins sont des quartiers populaires r\u00e9cents, construits dans les ann\u00e9es 1960-1970, en p\u00e9riph\u00e9rie de la ville. La plaine du Var, \u00e0 l&#8217;ouest de la ville, a longtemps accueilli des mara\u00eechers. Elle abrite aujourd&#8217;hui des grandes surfaces, des administrations et constitue la r\u00e9serve fonci\u00e8re principale de Nice avec la construction r\u00e9cente ou programm\u00e9e de nombreux logements et bureaux.<\/p>\n","protected":false},"excerpt":{"rendered":"<p>Les quartiers de Nice sont assez fortement diff\u00e9renci\u00e9s. Globalement, la ville est assez clairement divis\u00e9e en deux : la rive gauche du<\/p>\n","protected":false},"author":1,"featured_media":16801,"template":"","categoria_ficha":[1888],"class_list":["post-16800","ficha","type-ficha","status-publish","has-post-thumbnail","hentry","categoria_ficha-cartes-de-nice"],"acf":[],"_links":{"self":[{"href":"https:\/\/gifex.com\/fr\/wp-json\/wp\/v2\/ficha\/16800","targetHints":{"allow":["GET"]}}],"collection":[{"href":"https:\/\/gifex.com\/fr\/wp-json\/wp\/v2\/ficha"}],"about":[{"href":"https:\/\/gifex.com\/fr\/wp-json\/wp\/v2\/types\/ficha"}],"author":[{"embeddable":true,"href":"https:\/\/gifex.com\/fr\/wp-json\/wp\/v2\/users\/1"}],"version-history":[{"count":3,"href":"https:\/\/gifex.com\/fr\/wp-json\/wp\/v2\/ficha\/16800\/revisions"}],"predecessor-version":[{"id":22508,"href":"https:\/\/gifex.com\/fr\/wp-json\/wp\/v2\/ficha\/16800\/revisions\/22508"}],"wp:featuredmedia":[{"embeddable":true,"href":"https:\/\/gifex.com\/fr\/wp-json\/wp\/v2\/media\/16801"}],"wp:attachment":[{"href":"https:\/\/gifex.com\/fr\/wp-json\/wp\/v2\/media?parent=16800"}],"wp:term":[{"taxonomy":"categoria_ficha","embeddable":true,"href":"https:\/\/gifex.com\/fr\/wp-json\/wp\/v2\/categoria_ficha?post=16800"}],"curies":[{"name":"wp","href":"https:\/\/api.w.org\/{rel}","templated":true}]}}

<p style="text-align: center;"><label style="font-size: 15px;">Carte des quartiers de Nice.</label></p>
<p>Les quartiers de Nice sont assez fortement différenciés. Globalement, la ville est assez clairement divisée en deux : la rive gauche du Paillon, plus ancienne, est caractérisée par un urbanisme proche de celui de Turin. La rive droite, plus récente et plus « française », présente un style beaucoup plus haussmannien.</p>
<figure id="attachment_16802" aria-describedby="caption-attachment-16802" style="width: 360px" class="wp-caption alignright"><a href="https://gifex.com/fr/wp-content/uploads/16800/Le-Cap-de-Nice-et-a-droite-la-Rade-de-Villefranche-2008.jpg" target="_blank" rel="noopener"><img fetchpriority="high" decoding="async" class="wp-image-16802" title="Le Cap de Nice et, à droite, la Rade de Villefranche." src="https://gifex.com/fr/wp-content/uploads/16800/Le-Cap-de-Nice-et-a-droite-la-Rade-de-Villefranche-2008-300x200.jpg" alt="Le Cap de Nice et, à droite, la Rade de Villefranche." width="360" height="240" srcset="https://gifex.com/fr/wp-content/uploads/16800/Le-Cap-de-Nice-et-a-droite-la-Rade-de-Villefranche-2008-300x200.jpg 300w, https://gifex.com/fr/wp-content/uploads/16800/Le-Cap-de-Nice-et-a-droite-la-Rade-de-Villefranche-2008-1024x683.jpg 1024w, https://gifex.com/fr/wp-content/uploads/16800/Le-Cap-de-Nice-et-a-droite-la-Rade-de-Villefranche-2008-768x512.jpg 768w, https://gifex.com/fr/wp-content/uploads/16800/Le-Cap-de-Nice-et-a-droite-la-Rade-de-Villefranche-2008-1536x1024.jpg 1536w, https://gifex.com/fr/wp-content/uploads/16800/Le-Cap-de-Nice-et-a-droite-la-Rade-de-Villefranche-2008-2048x1366.jpg 2048w, https://gifex.com/fr/wp-content/uploads/16800/Le-Cap-de-Nice-et-a-droite-la-Rade-de-Villefranche-2008-1600x1067.jpg 1600w" sizes="(max-width: 360px) 100vw, 360px" /></a><figcaption id="caption-attachment-16802" class="wp-caption-text"><label style="font-size: 15px;">Le Cap de Nice et, à droite, la Rade de Villefranche.</label></figcaption></figure>
<p>La colline du château correspond à l&#8217;ancien centre de la commune. Détruit au xviiie siècle par Louis XIV et démilitarisé dans la seconde moitié du xixe siècle, il est essentiellement un lieu de promenade. Le Vieux-Nice s&#8217;est développé à partir du xive siècle. Jusqu&#8217;au xixe siècle, la majorité des habitants, des lieux de pouvoir et des activités économiques y sont situés, notamment la cathédrale Sainte-Réparate, le Palais communal (aujourd&#8217;hui Bourse du travail, place Saint-François), le palais du gouverneur (aujourd&#8217;hui palais de la Préfecture), le Sénat (ancienne cour d&#8217;appel) et le cours Saleya, principale place de la ville pendant longtemps. Il possède également de nombreux édifices religieux. Le Vieux-Nice est aujourd&#8217;hui le cœur touristique de la ville et héberge de nombreux cafés et restaurants. Le port a été longtemps un quartier populaire et ouvrier. Le port proprement dit accueille aujourd&#8217;hui surtout des bateaux de plaisance et de croisière.</p>
<figure id="attachment_16803" aria-describedby="caption-attachment-16803" style="width: 360px" class="wp-caption alignright"><a href="https://gifex.com/fr/wp-content/uploads/16800/Sommet-de-la-colline-de-Cimiez-Nice-2017.jpg" target="_blank" rel="noopener"><img decoding="async" class="wp-image-16803" title="Sommet de la colline de Cimiez, Nice." src="https://gifex.com/fr/wp-content/uploads/16800/Sommet-de-la-colline-de-Cimiez-Nice-2017-300x243.jpg" alt="Sommet de la colline de Cimiez, Nice." width="360" height="292" srcset="https://gifex.com/fr/wp-content/uploads/16800/Sommet-de-la-colline-de-Cimiez-Nice-2017-300x243.jpg 300w, https://gifex.com/fr/wp-content/uploads/16800/Sommet-de-la-colline-de-Cimiez-Nice-2017-1024x829.jpg 1024w, https://gifex.com/fr/wp-content/uploads/16800/Sommet-de-la-colline-de-Cimiez-Nice-2017-768x622.jpg 768w, https://gifex.com/fr/wp-content/uploads/16800/Sommet-de-la-colline-de-Cimiez-Nice-2017.jpg 1305w" sizes="(max-width: 360px) 100vw, 360px" /></a><figcaption id="caption-attachment-16803" class="wp-caption-text"><label style="font-size: 15px;">Sommet de la colline de Cimiez, Nice.</label></figcaption></figure>
<p>La colline de Cimiez est un quartier bourgeois de la ville. Il abrite de nombreux hôtels construits à la Belle Époque et qui ont été depuis transformés en luxueux appartements privés. L’avenue Jean-Médecin est la principale artère commerciale de la ville. La plupart des grandes enseignes y sont situées. La rue Massena, (plus connue localement sous l&#8217;appellation zone piétonne) a été créée dans les années 1970. Très touristique, elle accueille de nombreux restaurants et des cafés. Les quartiers République, Saint-Roch et Magnan sont des quartiers populaires anciens, construits essentiellement dans la seconde moitié du xixe siècle ou la première moitié du xxe siècle. Les quartiers de Pasteur, L&#8217;Ariane et Les Moulins sont des quartiers populaires récents, construits dans les années 1960-1970, en périphérie de la ville. La plaine du Var, à l&#8217;ouest de la ville, a longtemps accueilli des maraîchers. Elle abrite aujourd&#8217;hui des grandes surfaces, des administrations et constitue la réserve foncière principale de Nice avec la construction récente ou programmée de nombreux logements et bureaux.</p>

<p>Les quartiers de Nice sont assez fortement différenciés. Globalement, la ville est assez clairement divisée en deux : la rive gauche du</p>
