{"id":16773,"date":"2022-06-28T21:39:47","date_gmt":"2022-06-28T21:39:47","guid":{"rendered":"https:\/\/gifex.com\/fr\/?post_type=ficha&#038;p=16773"},"modified":"2023-03-25T13:56:24","modified_gmt":"2023-03-25T13:56:24","slug":"carte-de-nice","status":"publish","type":"ficha","link":"https:\/\/gifex.com\/fr\/fichier\/carte-de-nice\/","title":{"rendered":"Carte de Nice"},"content":{"rendered":"<p>Carte de Nice, la pr\u00e9fecture du d\u00e9partement des Alpes-Maritimes en France. L&#8217;agglom\u00e9ration ni\u00e7oise s&#8217;\u00e9tend bien au-del\u00e0 des limites administratives de la ville, avec une population de pr\u00e8s d&#8217;un million d&#8217;habitants sur une superficie de 744 km\u00b2. Situ\u00e9e sur la C\u00f4te d&#8217;Azur, la c\u00f4te sud-est de la France sur la mer M\u00e9diterran\u00e9e, au pied des Alpes fran\u00e7aises, Nice est la deuxi\u00e8me plus grande ville fran\u00e7aise sur la c\u00f4te m\u00e9diterran\u00e9enne et la deuxi\u00e8me plus grande ville de la r\u00e9gion Provence-Alpes-C\u00f4te d\u2019Azur. Nice est \u00e0 environ 13 kilom\u00e8tres de la principaut\u00e9 de Monaco et \u00e0 30 kilom\u00e8tres de la fronti\u00e8re franco-italienne. L&#8217;a\u00e9roport de Nice est la porte d&#8217;entr\u00e9e de la r\u00e9gion.<\/p>\n<figure id=\"attachment_16775\" aria-describedby=\"caption-attachment-16775\" style=\"width: 360px\" class=\"wp-caption alignright\"><a href=\"https:\/\/gifex.com\/fr\/wp-content\/uploads\/16773\/Plan-du-centre-ville-de-Nice.jpg\" target=\"_blank\" rel=\"noopener\"><img fetchpriority=\"high\" decoding=\"async\" class=\"wp-image-16775\" title=\"Plan du centre-ville de Nice.\" src=\"https:\/\/gifex.com\/fr\/wp-content\/uploads\/16773\/Plan-du-centre-ville-de-Nice-285x300.jpg\" alt=\"Plan du centre-ville de Nice.\" width=\"360\" height=\"379\" srcset=\"https:\/\/gifex.com\/fr\/wp-content\/uploads\/16773\/Plan-du-centre-ville-de-Nice-285x300.jpg 285w, https:\/\/gifex.com\/fr\/wp-content\/uploads\/16773\/Plan-du-centre-ville-de-Nice-972x1024.jpg 972w, https:\/\/gifex.com\/fr\/wp-content\/uploads\/16773\/Plan-du-centre-ville-de-Nice-768x809.jpg 768w, https:\/\/gifex.com\/fr\/wp-content\/uploads\/16773\/Plan-du-centre-ville-de-Nice-1457x1536.jpg 1457w, https:\/\/gifex.com\/fr\/wp-content\/uploads\/16773\/Plan-du-centre-ville-de-Nice-1943x2048.jpg 1943w, https:\/\/gifex.com\/fr\/wp-content\/uploads\/16773\/Plan-du-centre-ville-de-Nice-300x316.jpg 300w, https:\/\/gifex.com\/fr\/wp-content\/uploads\/16773\/Plan-du-centre-ville-de-Nice-1518x1600.jpg 1518w\" sizes=\"(max-width: 360px) 100vw, 360px\" \/><\/a><figcaption id=\"caption-attachment-16775\" class=\"wp-caption-text\"><label style=\"font-size: 15px;\">Plan du centre-ville de Nice.<\/label><\/figcaption><\/figure>\n<p>La ville est surnomm\u00e9e Nice la Belle, qui est aussi le titre de l&#8217;hymne officieux de Nice, \u00e9crit par Menica Rondelly en 1912. La r\u00e9gion de Nice d&#8217;aujourd&#8217;hui contient Terra Amata, un site arch\u00e9ologique qui pr\u00e9sente des preuves d&#8217;une utilisation tr\u00e8s ancienne du feu il y a 380 000 ans. Vers 350 av. J.-C., les Grecs de Marseille fond\u00e8rent une colonie permanente et l&#8217;appel\u00e8rent, Nikaia, d&#8217;apr\u00e8s Nike, la d\u00e9esse de la victoire. Au fil des \u00e9poques, la ville a chang\u00e9 de mains plusieurs fois. Son emplacement strat\u00e9gique et son port ont largement contribu\u00e9 \u00e0 sa puissance maritime. \u00c0 partir de 1388, c&#8217;\u00e9tait un dominion duch\u00e9 de Savoie, puis est devenu une partie de la Premi\u00e8re R\u00e9publique fran\u00e7aise entre 1792 et 1815, date \u00e0 laquelle il a \u00e9t\u00e9 rendu au royaume de Pi\u00e9mont-Sardaigne, le pr\u00e9d\u00e9cesseur l\u00e9gal du Royaume d&#8217;Italie, jusqu&#8217;\u00e0 sa r\u00e9-annexion par la France en 1860.<\/p>\n<p>L&#8217;environnement naturel du pays ni\u00e7ois et la douceur de son climat m\u00e9diterran\u00e9en attirent l&#8217;attention des classes sup\u00e9rieures anglaises dans la seconde moiti\u00e9 du XVIIIe si\u00e8cle, lorsqu&#8217;un nombre croissant de familles aristocratiques viennent y passer l&#8217;hiver. En 1931, suite \u00e0 sa r\u00e9novation, la principale promenade en bord de mer de la ville, la Promenade des Anglais, est inaugur\u00e9e par le prince Arthur, duc de Connaught ; il doit son nom aux visiteurs de la station. Parmi ceux-ci figuraient la reine Victoria et son fils Edouard VII qui y passaient les hivers, ainsi que Henry Cavendish, n\u00e9 \u00e0 Nice, qui d\u00e9couvrit l&#8217;hydrog\u00e8ne.<\/p>\n<figure id=\"attachment_16776\" aria-describedby=\"caption-attachment-16776\" style=\"width: 360px\" class=\"wp-caption alignright\"><a href=\"https:\/\/gifex.com\/fr\/wp-content\/uploads\/16773\/Nice-vue-par-le-satellite-Spot.jpg\" target=\"_blank\" rel=\"noopener\"><img decoding=\"async\" class=\"wp-image-16776\" title=\"Nice vue par le satellite Spot.\" src=\"https:\/\/gifex.com\/fr\/wp-content\/uploads\/16773\/Nice-vue-par-le-satellite-Spot-300x300.jpg\" alt=\"Nice vue par le satellite Spot.\" width=\"360\" height=\"360\" srcset=\"https:\/\/gifex.com\/fr\/wp-content\/uploads\/16773\/Nice-vue-par-le-satellite-Spot-300x300.jpg 300w, https:\/\/gifex.com\/fr\/wp-content\/uploads\/16773\/Nice-vue-par-le-satellite-Spot-150x150.jpg 150w, https:\/\/gifex.com\/fr\/wp-content\/uploads\/16773\/Nice-vue-par-le-satellite-Spot.jpg 500w\" sizes=\"(max-width: 360px) 100vw, 360px\" \/><\/a><figcaption id=\"caption-attachment-16776\" class=\"wp-caption-text\"><label style=\"font-size: 15px;\">Nice vue par le satellite Spot.<\/label><\/figcaption><\/figure>\n<p>L&#8217;air clair et la lumi\u00e8re douce ont particuli\u00e8rement s\u00e9duit des peintres de renom, tels que Marc Chagall, Henri Matisse, Niki de Saint Phalle et Arman. Leur travail est comm\u00e9mor\u00e9 dans de nombreux mus\u00e9es de la ville, dont le mus\u00e9e Marc Chagall, le mus\u00e9e Matisse et le mus\u00e9e des Beaux-Arts. Des \u00e9crivains internationaux ont \u00e9galement \u00e9t\u00e9 attir\u00e9s et inspir\u00e9s par la ville. Frank Harris a \u00e9crit plusieurs livres dont son autobiographie <em>My Life and Loves<\/em> \u00e0 Nice. Friedrich Nietzsche a pass\u00e9 six hivers cons\u00e9cutifs \u00e0 Nice et y a \u00e9crit <em>Ainsi parlait Zarathoustra<\/em>. De plus, l&#8217;\u00e9crivain russe Anton Tchekhov a termin\u00e9 sa pi\u00e8ce <em>Les Trois S\u0153urs<\/em> alors qu&#8217;il vivait \u00e0 Nice.<\/p>\n<p>L&#8217;appel de Nice s&#8217;est \u00e9tendu aux classes sup\u00e9rieures russes, le prince Nicolas Alexandrovitch, h\u00e9ritier pr\u00e9somptif de la Russie imp\u00e9riale est d\u00e9c\u00e9d\u00e9 \u00e0 Nice et \u00e9tait le patron du cimeti\u00e8re orthodoxe russe de Nice o\u00f9 la princesse Catherine Dolgorouki, \u00e9pouse morganatique du tsar Alexandre II de Russie, est enterr\u00e9e. Tout comme le g\u00e9n\u00e9ral Dmitri Chtcherbatchiov et le g\u00e9n\u00e9ral Nikola\u00ef Ioudenitch, dirigeants du Mouvement blanc anticommuniste.<\/p>\n<figure id=\"attachment_16778\" aria-describedby=\"caption-attachment-16778\" style=\"width: 360px\" class=\"wp-caption alignright\"><a href=\"https:\/\/gifex.com\/fr\/wp-content\/uploads\/16773\/Vue-aerienne-de-Nice-France.png\" target=\"_blank\" rel=\"noopener\"><img decoding=\"async\" class=\"wp-image-16778\" title=\"Vue a\u00e9rienne de Nice, France.\" src=\"https:\/\/gifex.com\/fr\/wp-content\/uploads\/16773\/Vue-aerienne-de-Nice-France-300x225.png\" alt=\"Vue a\u00e9rienne de Nice, France.\" width=\"360\" height=\"270\" srcset=\"https:\/\/gifex.com\/fr\/wp-content\/uploads\/16773\/Vue-aerienne-de-Nice-France-300x225.png 300w, https:\/\/gifex.com\/fr\/wp-content\/uploads\/16773\/Vue-aerienne-de-Nice-France-1024x768.png 1024w, https:\/\/gifex.com\/fr\/wp-content\/uploads\/16773\/Vue-aerienne-de-Nice-France-768x576.png 768w, https:\/\/gifex.com\/fr\/wp-content\/uploads\/16773\/Vue-aerienne-de-Nice-France-1536x1152.png 1536w, https:\/\/gifex.com\/fr\/wp-content\/uploads\/16773\/Vue-aerienne-de-Nice-France-2048x1536.png 2048w, https:\/\/gifex.com\/fr\/wp-content\/uploads\/16773\/Vue-aerienne-de-Nice-France-800x600.png 800w, https:\/\/gifex.com\/fr\/wp-content\/uploads\/16773\/Vue-aerienne-de-Nice-France-1600x1200.png 1600w\" sizes=\"(max-width: 360px) 100vw, 360px\" \/><\/a><figcaption id=\"caption-attachment-16778\" class=\"wp-caption-text\"><label style=\"font-size: 15px;\">Vue a\u00e9rienne de Nice, France.<\/label><\/figcaption><\/figure>\n<p>Parmi les personnes inhum\u00e9es \u00e0 Nice au Cimeti\u00e8re du Ch\u00e2teau, citons le c\u00e9l\u00e8bre joaillier Alfred Van Cleef, Emil Jellinek-Mercedes, fondateur de la soci\u00e9t\u00e9 automobile Mercedes, le r\u00e9alisateur Louis Feuillade, la po\u00e9tesse Agathe-Sophie Sasserno, la danseuse Carolina Otero, le cr\u00e9ateur de bandes dessin\u00e9es Ast\u00e9rix Ren\u00e9 Goscinny, l&#8217;auteur du Fant\u00f4me de l&#8217;Op\u00e9ra Gaston Leroux, le premier ministre fran\u00e7ais L\u00e9on Gambetta et le premier pr\u00e9sident de la Cour internationale de justice Jos\u00e9 Gustavo Guerrero.<\/p>\n<p>En raison de son importance historique en tant que station baln\u00e9aire d&#8217;hiver pour l&#8217;aristocratie europ\u00e9enne et du m\u00e9lange de cultures qui en r\u00e9sulte dans la ville, l&#8217;UNESCO a proclam\u00e9 Nice site du patrimoine mondial en 2021. La ville poss\u00e8de la deuxi\u00e8me plus grande capacit\u00e9 h\u00f4teli\u00e8re du pays, et c&#8217;est l&#8217;une de ses villes les plus visit\u00e9es, recevant 4 millions de touristes chaque ann\u00e9e. Elle poss\u00e8de \u00e9galement le troisi\u00e8me a\u00e9roport le plus fr\u00e9quent\u00e9 de France, apr\u00e8s les deux principaux parisiens. C&#8217;est la capitale historique du Comt\u00e9 de Nice.<\/p>\n","protected":false},"excerpt":{"rendered":"<p>Nice la pr\u00e9fecture du d\u00e9partement des Alpes-Maritimes en France. L&#8217;agglom\u00e9ration ni\u00e7oise s&#8217;\u00e9tend bien au-del\u00e0 des limites administratives de la ville, avec une population<\/p>\n","protected":false},"author":1,"featured_media":33638,"template":"","categoria_ficha":[1888],"class_list":["post-16773","ficha","type-ficha","status-publish","has-post-thumbnail","hentry","categoria_ficha-cartes-de-nice"],"acf":[],"_links":{"self":[{"href":"https:\/\/gifex.com\/fr\/wp-json\/wp\/v2\/ficha\/16773","targetHints":{"allow":["GET"]}}],"collection":[{"href":"https:\/\/gifex.com\/fr\/wp-json\/wp\/v2\/ficha"}],"about":[{"href":"https:\/\/gifex.com\/fr\/wp-json\/wp\/v2\/types\/ficha"}],"author":[{"embeddable":true,"href":"https:\/\/gifex.com\/fr\/wp-json\/wp\/v2\/users\/1"}],"version-history":[{"count":6,"href":"https:\/\/gifex.com\/fr\/wp-json\/wp\/v2\/ficha\/16773\/revisions"}],"predecessor-version":[{"id":36634,"href":"https:\/\/gifex.com\/fr\/wp-json\/wp\/v2\/ficha\/16773\/revisions\/36634"}],"wp:featuredmedia":[{"embeddable":true,"href":"https:\/\/gifex.com\/fr\/wp-json\/wp\/v2\/media\/33638"}],"wp:attachment":[{"href":"https:\/\/gifex.com\/fr\/wp-json\/wp\/v2\/media?parent=16773"}],"wp:term":[{"taxonomy":"categoria_ficha","embeddable":true,"href":"https:\/\/gifex.com\/fr\/wp-json\/wp\/v2\/categoria_ficha?post=16773"}],"curies":[{"name":"wp","href":"https:\/\/api.w.org\/{rel}","templated":true}]}}

<p>Carte de Nice, la préfecture du département des Alpes-Maritimes en France. L&#8217;agglomération niçoise s&#8217;étend bien au-delà des limites administratives de la ville, avec une population de près d&#8217;un million d&#8217;habitants sur une superficie de 744 km². Située sur la Côte d&#8217;Azur, la côte sud-est de la France sur la mer Méditerranée, au pied des Alpes françaises, Nice est la deuxième plus grande ville française sur la côte méditerranéenne et la deuxième plus grande ville de la région Provence-Alpes-Côte d’Azur. Nice est à environ 13 kilomètres de la principauté de Monaco et à 30 kilomètres de la frontière franco-italienne. L&#8217;aéroport de Nice est la porte d&#8217;entrée de la région.</p>
<figure id="attachment_16775" aria-describedby="caption-attachment-16775" style="width: 360px" class="wp-caption alignright"><a href="https://gifex.com/fr/wp-content/uploads/16773/Plan-du-centre-ville-de-Nice.jpg" target="_blank" rel="noopener"><img fetchpriority="high" decoding="async" class="wp-image-16775" title="Plan du centre-ville de Nice." src="https://gifex.com/fr/wp-content/uploads/16773/Plan-du-centre-ville-de-Nice-285x300.jpg" alt="Plan du centre-ville de Nice." width="360" height="379" srcset="https://gifex.com/fr/wp-content/uploads/16773/Plan-du-centre-ville-de-Nice-285x300.jpg 285w, https://gifex.com/fr/wp-content/uploads/16773/Plan-du-centre-ville-de-Nice-972x1024.jpg 972w, https://gifex.com/fr/wp-content/uploads/16773/Plan-du-centre-ville-de-Nice-768x809.jpg 768w, https://gifex.com/fr/wp-content/uploads/16773/Plan-du-centre-ville-de-Nice-1457x1536.jpg 1457w, https://gifex.com/fr/wp-content/uploads/16773/Plan-du-centre-ville-de-Nice-1943x2048.jpg 1943w, https://gifex.com/fr/wp-content/uploads/16773/Plan-du-centre-ville-de-Nice-300x316.jpg 300w, https://gifex.com/fr/wp-content/uploads/16773/Plan-du-centre-ville-de-Nice-1518x1600.jpg 1518w" sizes="(max-width: 360px) 100vw, 360px" /></a><figcaption id="caption-attachment-16775" class="wp-caption-text"><label style="font-size: 15px;">Plan du centre-ville de Nice.</label></figcaption></figure>
<p>La ville est surnommée Nice la Belle, qui est aussi le titre de l&#8217;hymne officieux de Nice, écrit par Menica Rondelly en 1912. La région de Nice d&#8217;aujourd&#8217;hui contient Terra Amata, un site archéologique qui présente des preuves d&#8217;une utilisation très ancienne du feu il y a 380 000 ans. Vers 350 av. J.-C., les Grecs de Marseille fondèrent une colonie permanente et l&#8217;appelèrent, Nikaia, d&#8217;après Nike, la déesse de la victoire. Au fil des époques, la ville a changé de mains plusieurs fois. Son emplacement stratégique et son port ont largement contribué à sa puissance maritime. À partir de 1388, c&#8217;était un dominion duché de Savoie, puis est devenu une partie de la Première République française entre 1792 et 1815, date à laquelle il a été rendu au royaume de Piémont-Sardaigne, le prédécesseur légal du Royaume d&#8217;Italie, jusqu&#8217;à sa ré-annexion par la France en 1860.</p>
<p>L&#8217;environnement naturel du pays niçois et la douceur de son climat méditerranéen attirent l&#8217;attention des classes supérieures anglaises dans la seconde moitié du XVIIIe siècle, lorsqu&#8217;un nombre croissant de familles aristocratiques viennent y passer l&#8217;hiver. En 1931, suite à sa rénovation, la principale promenade en bord de mer de la ville, la Promenade des Anglais, est inaugurée par le prince Arthur, duc de Connaught ; il doit son nom aux visiteurs de la station. Parmi ceux-ci figuraient la reine Victoria et son fils Edouard VII qui y passaient les hivers, ainsi que Henry Cavendish, né à Nice, qui découvrit l&#8217;hydrogène.</p>
<figure id="attachment_16776" aria-describedby="caption-attachment-16776" style="width: 360px" class="wp-caption alignright"><a href="https://gifex.com/fr/wp-content/uploads/16773/Nice-vue-par-le-satellite-Spot.jpg" target="_blank" rel="noopener"><img decoding="async" class="wp-image-16776" title="Nice vue par le satellite Spot." src="https://gifex.com/fr/wp-content/uploads/16773/Nice-vue-par-le-satellite-Spot-300x300.jpg" alt="Nice vue par le satellite Spot." width="360" height="360" srcset="https://gifex.com/fr/wp-content/uploads/16773/Nice-vue-par-le-satellite-Spot-300x300.jpg 300w, https://gifex.com/fr/wp-content/uploads/16773/Nice-vue-par-le-satellite-Spot-150x150.jpg 150w, https://gifex.com/fr/wp-content/uploads/16773/Nice-vue-par-le-satellite-Spot.jpg 500w" sizes="(max-width: 360px) 100vw, 360px" /></a><figcaption id="caption-attachment-16776" class="wp-caption-text"><label style="font-size: 15px;">Nice vue par le satellite Spot.</label></figcaption></figure>
<p>L&#8217;air clair et la lumière douce ont particulièrement séduit des peintres de renom, tels que Marc Chagall, Henri Matisse, Niki de Saint Phalle et Arman. Leur travail est commémoré dans de nombreux musées de la ville, dont le musée Marc Chagall, le musée Matisse et le musée des Beaux-Arts. Des écrivains internationaux ont également été attirés et inspirés par la ville. Frank Harris a écrit plusieurs livres dont son autobiographie <em>My Life and Loves</em> à Nice. Friedrich Nietzsche a passé six hivers consécutifs à Nice et y a écrit <em>Ainsi parlait Zarathoustra</em>. De plus, l&#8217;écrivain russe Anton Tchekhov a terminé sa pièce <em>Les Trois Sœurs</em> alors qu&#8217;il vivait à Nice.</p>
<p>L&#8217;appel de Nice s&#8217;est étendu aux classes supérieures russes, le prince Nicolas Alexandrovitch, héritier présomptif de la Russie impériale est décédé à Nice et était le patron du cimetière orthodoxe russe de Nice où la princesse Catherine Dolgorouki, épouse morganatique du tsar Alexandre II de Russie, est enterrée. Tout comme le général Dmitri Chtcherbatchiov et le général Nikolaï Ioudenitch, dirigeants du Mouvement blanc anticommuniste.</p>
<figure id="attachment_16778" aria-describedby="caption-attachment-16778" style="width: 360px" class="wp-caption alignright"><a href="https://gifex.com/fr/wp-content/uploads/16773/Vue-aerienne-de-Nice-France.png" target="_blank" rel="noopener"><img decoding="async" class="wp-image-16778" title="Vue aérienne de Nice, France." src="https://gifex.com/fr/wp-content/uploads/16773/Vue-aerienne-de-Nice-France-300x225.png" alt="Vue aérienne de Nice, France." width="360" height="270" srcset="https://gifex.com/fr/wp-content/uploads/16773/Vue-aerienne-de-Nice-France-300x225.png 300w, https://gifex.com/fr/wp-content/uploads/16773/Vue-aerienne-de-Nice-France-1024x768.png 1024w, https://gifex.com/fr/wp-content/uploads/16773/Vue-aerienne-de-Nice-France-768x576.png 768w, https://gifex.com/fr/wp-content/uploads/16773/Vue-aerienne-de-Nice-France-1536x1152.png 1536w, https://gifex.com/fr/wp-content/uploads/16773/Vue-aerienne-de-Nice-France-2048x1536.png 2048w, https://gifex.com/fr/wp-content/uploads/16773/Vue-aerienne-de-Nice-France-800x600.png 800w, https://gifex.com/fr/wp-content/uploads/16773/Vue-aerienne-de-Nice-France-1600x1200.png 1600w" sizes="(max-width: 360px) 100vw, 360px" /></a><figcaption id="caption-attachment-16778" class="wp-caption-text"><label style="font-size: 15px;">Vue aérienne de Nice, France.</label></figcaption></figure>
<p>Parmi les personnes inhumées à Nice au Cimetière du Château, citons le célèbre joaillier Alfred Van Cleef, Emil Jellinek-Mercedes, fondateur de la société automobile Mercedes, le réalisateur Louis Feuillade, la poétesse Agathe-Sophie Sasserno, la danseuse Carolina Otero, le créateur de bandes dessinées Astérix René Goscinny, l&#8217;auteur du Fantôme de l&#8217;Opéra Gaston Leroux, le premier ministre français Léon Gambetta et le premier président de la Cour internationale de justice José Gustavo Guerrero.</p>
<p>En raison de son importance historique en tant que station balnéaire d&#8217;hiver pour l&#8217;aristocratie européenne et du mélange de cultures qui en résulte dans la ville, l&#8217;UNESCO a proclamé Nice site du patrimoine mondial en 2021. La ville possède la deuxième plus grande capacité hôtelière du pays, et c&#8217;est l&#8217;une de ses villes les plus visitées, recevant 4 millions de touristes chaque année. Elle possède également le troisième aéroport le plus fréquenté de France, après les deux principaux parisiens. C&#8217;est la capitale historique du Comté de Nice.</p>

<p>Nice la préfecture du département des Alpes-Maritimes en France. L&#8217;agglomération niçoise s&#8217;étend bien au-delà des limites administratives de la ville, avec une population</p>
