{"id":16597,"date":"2022-06-24T12:30:39","date_gmt":"2022-06-24T12:30:39","guid":{"rendered":"https:\/\/gifex.com\/fr\/?post_type=ficha&#038;p=16597"},"modified":"2022-08-19T20:55:58","modified_gmt":"2022-08-19T20:55:58","slug":"carte-du-parc-national-des-calanques","status":"publish","type":"ficha","link":"https:\/\/gifex.com\/fr\/fichier\/carte-du-parc-national-des-calanques\/","title":{"rendered":"Carte du parc national des Calanques"},"content":{"rendered":"<p>Carte du parc national des Calanques, un parc national fran\u00e7ais, couvrant, notamment, les calanques de Marseille, dans le d\u00e9partement des Bouches-du-Rh\u00f4ne, au c\u0153ur de la m\u00e9tropole d&#8217;Aix-Marseille-Provence. Cr\u00e9\u00e9 en 2012, il est le premier parc national p\u00e9riurbain d&#8217;Europe \u00e0 la fois terrestre et marin.<\/p>\n<figure id=\"attachment_16600\" aria-describedby=\"caption-attachment-16600\" style=\"width: 360px\" class=\"wp-caption alignright\"><a href=\"https:\/\/gifex.com\/fr\/wp-content\/uploads\/16597\/Carte-des-sentiers-de-randonnee-dans-le-Parc-National-des-Calanques.png\" target=\"_blank\" rel=\"noopener\"><img fetchpriority=\"high\" decoding=\"async\" class=\"wp-image-16600\" title=\"Carte des sentiers de randonn\u00e9e dans le Parc National des Calanques.\" src=\"https:\/\/gifex.com\/fr\/wp-content\/uploads\/16597\/Carte-des-sentiers-de-randonnee-dans-le-Parc-National-des-Calanques-300x179.png\" alt=\"Carte des sentiers de randonn\u00e9e dans le Parc National des Calanques.\" width=\"360\" height=\"215\" srcset=\"https:\/\/gifex.com\/fr\/wp-content\/uploads\/16597\/Carte-des-sentiers-de-randonnee-dans-le-Parc-National-des-Calanques-300x179.png 300w, https:\/\/gifex.com\/fr\/wp-content\/uploads\/16597\/Carte-des-sentiers-de-randonnee-dans-le-Parc-National-des-Calanques.png 768w\" sizes=\"(max-width: 360px) 100vw, 360px\" \/><\/a><figcaption id=\"caption-attachment-16600\" class=\"wp-caption-text\"><label style=\"font-size: 15px;\">Carte des sentiers de randonn\u00e9e dans le Parc National des Calanques.<\/label><\/figcaption><\/figure>\n<p>Il s&#8217;\u00e9tend sur un massif littoral constitu\u00e9 de falaises calcaires et de poudingue, de criques et d&#8217;\u00eelots qui constituent des \u00e9cosyst\u00e8mes relativement pr\u00e9serv\u00e9s pour de nombreuses esp\u00e8ces vivantes. Le plus haut sommet du parc national des Calanques est le mont Carpiagne (645 m) au c\u0153ur du massif de Saint-Cyr. Depuis plus d&#8217;un si\u00e8cle, le site est fr\u00e9quent\u00e9 par de nombreux usagers dans un cadre professionnel ou touristique et sportif : p\u00eacheurs, chasseurs, promeneurs, randonneurs, grimpeurs, plongeurs et, plus r\u00e9cemment, traileurs.<\/p>\n<p>La zone c\u0153ur du parc national s&#8217;\u00e9tend sur les communes de Marseille, Cassis et La Ciotat et l&#8217;aire d&#8217;adh\u00e9sion comprend les communes de Marseille, Cassis et La Penne-sur-Huveaune. Le parc englobe notamment les calanques de Marseille, les \u00eeles de l&#8217;archipel du Frioul et de l&#8217;archipel de Riou, l&#8217;\u00eele Verte, le massif du cap Canaille et le massif de Saint-Cyr.<\/p>\n<p>Au total, les espaces en c\u0153ur s&#8217;\u00e9tendent sur environ 8 500 hectares pour la partie terrestre et 43 500 hectares pour la partie marine. L&#8217;aire d&#8217;adh\u00e9sion s&#8217;\u00e9tend sur 2 630 hectares et l&#8217;aire maritime adjacente (orientations de d\u00e9veloppement durable en mer \u00e0 l&#8217;instar de l&#8217;aire d&#8217;adh\u00e9sion \u00e0 terre) s&#8217;\u00e9tend sur 97 700 hectares.<\/p>\n","protected":false},"excerpt":{"rendered":"<p>Le parc national des Calanques, un parc national fran\u00e7ais, couvrant, notamment, les calanques de Marseille, dans l<\/p>\n","protected":false},"author":1,"featured_media":16599,"template":"","categoria_ficha":[1885,1786,1799],"class_list":["post-16597","ficha","type-ficha","status-publish","has-post-thumbnail","hentry","categoria_ficha-cartes-de-marseille","categoria_ficha-cartes-de-provence-alpes-cote-d-azur","categoria_ficha-cartes-du-departement-des-bouches-du-rhone"],"acf":[],"_links":{"self":[{"href":"https:\/\/gifex.com\/fr\/wp-json\/wp\/v2\/ficha\/16597","targetHints":{"allow":["GET"]}}],"collection":[{"href":"https:\/\/gifex.com\/fr\/wp-json\/wp\/v2\/ficha"}],"about":[{"href":"https:\/\/gifex.com\/fr\/wp-json\/wp\/v2\/types\/ficha"}],"author":[{"embeddable":true,"href":"https:\/\/gifex.com\/fr\/wp-json\/wp\/v2\/users\/1"}],"version-history":[{"count":3,"href":"https:\/\/gifex.com\/fr\/wp-json\/wp\/v2\/ficha\/16597\/revisions"}],"predecessor-version":[{"id":22479,"href":"https:\/\/gifex.com\/fr\/wp-json\/wp\/v2\/ficha\/16597\/revisions\/22479"}],"wp:featuredmedia":[{"embeddable":true,"href":"https:\/\/gifex.com\/fr\/wp-json\/wp\/v2\/media\/16599"}],"wp:attachment":[{"href":"https:\/\/gifex.com\/fr\/wp-json\/wp\/v2\/media?parent=16597"}],"wp:term":[{"taxonomy":"categoria_ficha","embeddable":true,"href":"https:\/\/gifex.com\/fr\/wp-json\/wp\/v2\/categoria_ficha?post=16597"}],"curies":[{"name":"wp","href":"https:\/\/api.w.org\/{rel}","templated":true}]}}

<p>Carte du parc national des Calanques, un parc national français, couvrant, notamment, les calanques de Marseille, dans le département des Bouches-du-Rhône, au cœur de la métropole d&#8217;Aix-Marseille-Provence. Créé en 2012, il est le premier parc national périurbain d&#8217;Europe à la fois terrestre et marin.</p>
<figure id="attachment_16600" aria-describedby="caption-attachment-16600" style="width: 360px" class="wp-caption alignright"><a href="https://gifex.com/fr/wp-content/uploads/16597/Carte-des-sentiers-de-randonnee-dans-le-Parc-National-des-Calanques.png" target="_blank" rel="noopener"><img fetchpriority="high" decoding="async" class="wp-image-16600" title="Carte des sentiers de randonnée dans le Parc National des Calanques." src="https://gifex.com/fr/wp-content/uploads/16597/Carte-des-sentiers-de-randonnee-dans-le-Parc-National-des-Calanques-300x179.png" alt="Carte des sentiers de randonnée dans le Parc National des Calanques." width="360" height="215" srcset="https://gifex.com/fr/wp-content/uploads/16597/Carte-des-sentiers-de-randonnee-dans-le-Parc-National-des-Calanques-300x179.png 300w, https://gifex.com/fr/wp-content/uploads/16597/Carte-des-sentiers-de-randonnee-dans-le-Parc-National-des-Calanques.png 768w" sizes="(max-width: 360px) 100vw, 360px" /></a><figcaption id="caption-attachment-16600" class="wp-caption-text"><label style="font-size: 15px;">Carte des sentiers de randonnée dans le Parc National des Calanques.</label></figcaption></figure>
<p>Il s&#8217;étend sur un massif littoral constitué de falaises calcaires et de poudingue, de criques et d&#8217;îlots qui constituent des écosystèmes relativement préservés pour de nombreuses espèces vivantes. Le plus haut sommet du parc national des Calanques est le mont Carpiagne (645 m) au cœur du massif de Saint-Cyr. Depuis plus d&#8217;un siècle, le site est fréquenté par de nombreux usagers dans un cadre professionnel ou touristique et sportif : pêcheurs, chasseurs, promeneurs, randonneurs, grimpeurs, plongeurs et, plus récemment, traileurs.</p>
<p>La zone cœur du parc national s&#8217;étend sur les communes de Marseille, Cassis et La Ciotat et l&#8217;aire d&#8217;adhésion comprend les communes de Marseille, Cassis et La Penne-sur-Huveaune. Le parc englobe notamment les calanques de Marseille, les îles de l&#8217;archipel du Frioul et de l&#8217;archipel de Riou, l&#8217;île Verte, le massif du cap Canaille et le massif de Saint-Cyr.</p>
<p>Au total, les espaces en cœur s&#8217;étendent sur environ 8 500 hectares pour la partie terrestre et 43 500 hectares pour la partie marine. L&#8217;aire d&#8217;adhésion s&#8217;étend sur 2 630 hectares et l&#8217;aire maritime adjacente (orientations de développement durable en mer à l&#8217;instar de l&#8217;aire d&#8217;adhésion à terre) s&#8217;étend sur 97 700 hectares.</p>

<p>Le parc national des Calanques, un parc national français, couvrant, notamment, les calanques de Marseille, dans l</p>
