{"id":16191,"date":"2022-06-16T20:13:54","date_gmt":"2022-06-16T20:13:54","guid":{"rendered":"https:\/\/gifex.com\/fr\/?post_type=ficha&#038;p=16191"},"modified":"2022-08-19T20:06:01","modified_gmt":"2022-08-19T20:06:01","slug":"plan-des-limites-de-paris-du-ive-siecle-a-2015","status":"publish","type":"ficha","link":"https:\/\/gifex.com\/fr\/fichier\/plan-des-limites-de-paris-du-ive-siecle-a-2015\/","title":{"rendered":"Plan des limites de Paris du IVe si\u00e8cle \u00e0 2015"},"content":{"rendered":"<p style=\"text-align: center;\"><label style=\"font-size: 15px;\">Plan des limites de Paris du IVe si\u00e8cle \u00e0 2015.<\/label><\/p>\n<p><img fetchpriority=\"high\" decoding=\"async\" class=\"alignleft wp-image-16194 size-full\" src=\"https:\/\/gifex.com\/fr\/wp-content\/uploads\/16191\/Plan-des-limites-de-Paris-du-IVe-siecle-a-2015-1.png\" alt=\"\" width=\"360\" height=\"308\" srcset=\"https:\/\/gifex.com\/fr\/wp-content\/uploads\/16191\/Plan-des-limites-de-Paris-du-IVe-siecle-a-2015-1.png 360w, https:\/\/gifex.com\/fr\/wp-content\/uploads\/16191\/Plan-des-limites-de-Paris-du-IVe-siecle-a-2015-1-300x257.png 300w\" sizes=\"(max-width: 360px) 100vw, 360px\" \/>Les plus anciennes traces d&#8217;occupation humaine \u00e0 Paris, d\u00e9couvertes en 2008 pr\u00e8s de la rue Henri-Farman dans le 15e arrondissement, sont des ossements humains et des preuves d&#8217;un campement de chasseurs-cueilleurs datant d&#8217;environ 8000 avant JC, durant la p\u00e9riode m\u00e9solithique. Entre 250 et 225 av. J.-C., les Parisii, une sous-tribu des Senones celtiques, s&#8217;install\u00e8rent sur les rives de la Seine, construisirent des ponts et un fort, frapp\u00e8rent des pi\u00e8ces de monnaie et commenc\u00e8rent \u00e0 commercer avec d&#8217;autres \u00e9tablissements fluviaux d&#8217;Europe.<\/p>\n<p>En 52 av. J.-C., une arm\u00e9e romaine dirig\u00e9e par Titus Labienus vainquit les Parisii et \u00e9tablit une ville de garnison gallo-romaine appel\u00e9e Lutetia. La ville fut christianis\u00e9e au IIIe si\u00e8cle apr\u00e8s J.-C., et apr\u00e8s l&#8217;effondrement de l&#8217;Empire romain, elle fut occup\u00e9e par Clovis Ier, le roi des Francs, qui en fit sa capitale en 508.<\/p>\n<figure id=\"attachment_16196\" aria-describedby=\"caption-attachment-16196\" style=\"width: 360px\" class=\"wp-caption alignright\"><a href=\"https:\/\/gifex.com\/fr\/wp-content\/uploads\/16191\/Carte-de-Lutece.png\" target=\"_blank\" rel=\"noopener\"><img decoding=\"async\" class=\"wp-image-16196\" title=\"Carte de Lut\u00e8ce.\" src=\"https:\/\/gifex.com\/fr\/wp-content\/uploads\/16191\/Carte-de-Lutece-300x246.png\" alt=\"Carte de Lut\u00e8ce.\" width=\"360\" height=\"295\" srcset=\"https:\/\/gifex.com\/fr\/wp-content\/uploads\/16191\/Carte-de-Lutece-300x246.png 300w, https:\/\/gifex.com\/fr\/wp-content\/uploads\/16191\/Carte-de-Lutece-1024x839.png 1024w, https:\/\/gifex.com\/fr\/wp-content\/uploads\/16191\/Carte-de-Lutece-768x630.png 768w, https:\/\/gifex.com\/fr\/wp-content\/uploads\/16191\/Carte-de-Lutece-1536x1259.png 1536w, https:\/\/gifex.com\/fr\/wp-content\/uploads\/16191\/Carte-de-Lutece-1600x1312.png 1600w, https:\/\/gifex.com\/fr\/wp-content\/uploads\/16191\/Carte-de-Lutece.png 2020w\" sizes=\"(max-width: 360px) 100vw, 360px\" \/><\/a><figcaption id=\"caption-attachment-16196\" class=\"wp-caption-text\"><label style=\"font-size: 15px;\">Carte de Lut\u00e8ce. Rome a perdu le contr\u00f4le de la ville au profit des peuples germaniques et le roi franc Clovis Ier s&#8217;y est install\u00e9 en 508.<\/label><\/figcaption><\/figure>\n<p>Au Moyen \u00c2ge, Paris \u00e9tait la plus grande ville d&#8217;Europe, un important centre religieux et commercial et le berceau de l&#8217;architecture gothique. L&#8217;Universit\u00e9 de Paris sur la rive gauche, organis\u00e9e au milieu du XIIIe si\u00e8cle, fut l&#8217;une des premi\u00e8res en Europe. Elle souffrit de la peste bubonique au XIVe si\u00e8cle et de la guerre de Cent Ans au XVe si\u00e8cle, avec r\u00e9cidive de la peste. Entre 1418 et 1436, la ville est occup\u00e9e par les Bourguignons et les Anglais. Entre 1418 et 1436, la ville est occup\u00e9e par les Bourguignons et les Anglais. Au XVIe si\u00e8cle, Paris devient la capitale europ\u00e9enne de l&#8217;\u00e9dition du livre, bien qu&#8217;elle soit secou\u00e9e par les guerres de religion fran\u00e7aises entre catholiques et protestants. Au XVIIIe si\u00e8cle, Paris est le centre de l&#8217;effervescence intellectuelle des Lumi\u00e8res et la sc\u00e8ne principale de la R\u00e9volution fran\u00e7aise \u00e0 partir de 1789, dont on se souvient chaque ann\u00e9e le 14 juillet avec un d\u00e9fil\u00e9 militaire.<\/p>\n<p>Au XIXe si\u00e8cle, Napol\u00e9on embellit la ville de monuments \u00e0 la gloire militaire. Elle devint la capitale europ\u00e9enne de la mode et le th\u00e9\u00e2tre de deux autres r\u00e9volutions (en 1830 et 1848). Sous Napol\u00e9on III et son pr\u00e9fet de la Seine, Georges-Eug\u00e8ne Haussmann, le centre de Paris a \u00e9t\u00e9 reconstruit entre 1852 et 1870 avec de nouvelles larges avenues, des places et de nouveaux parcs, et la ville a \u00e9t\u00e9 \u00e9tendue \u00e0 ses limites actuelles en 1860. Dans la derni\u00e8re partie du si\u00e8cle, des millions de touristes sont venus voir les Expositions Internationales de Paris et la nouvelle Tour Eiffel.<\/p>\n<figure id=\"attachment_16201\" aria-describedby=\"caption-attachment-16201\" style=\"width: 360px\" class=\"wp-caption alignright\"><a href=\"https:\/\/gifex.com\/fr\/wp-content\/uploads\/16191\/Plan-de-Paris-en-1380.png\" target=\"_blank\" rel=\"noopener\"><img decoding=\"async\" class=\"wp-image-16201\" title=\"Plan de Paris en 1380.\" src=\"https:\/\/gifex.com\/fr\/wp-content\/uploads\/16191\/Plan-de-Paris-en-1380-281x300.png\" alt=\"Plan de Paris en 1380.\" width=\"360\" height=\"385\" srcset=\"https:\/\/gifex.com\/fr\/wp-content\/uploads\/16191\/Plan-de-Paris-en-1380-281x300.png 281w, https:\/\/gifex.com\/fr\/wp-content\/uploads\/16191\/Plan-de-Paris-en-1380-957x1024.png 957w, https:\/\/gifex.com\/fr\/wp-content\/uploads\/16191\/Plan-de-Paris-en-1380-768x821.png 768w, https:\/\/gifex.com\/fr\/wp-content\/uploads\/16191\/Plan-de-Paris-en-1380-1436x1536.png 1436w, https:\/\/gifex.com\/fr\/wp-content\/uploads\/16191\/Plan-de-Paris-en-1380-1915x2048.png 1915w, https:\/\/gifex.com\/fr\/wp-content\/uploads\/16191\/Plan-de-Paris-en-1380-300x321.png 300w, https:\/\/gifex.com\/fr\/wp-content\/uploads\/16191\/Plan-de-Paris-en-1380-1496x1600.png 1496w\" sizes=\"(max-width: 360px) 100vw, 360px\" \/><\/a><figcaption id=\"caption-attachment-16201\" class=\"wp-caption-text\"><label style=\"font-size: 15px;\">Plan de Paris en 1380 d\u2019apr\u00e8s Leuridan J., Mallet J.-A, Plan restitu\u00e9 de Paris en 1380, Paris, CNRS Editions, 1991, 1999.<\/label><\/figcaption><\/figure>\n<p>Au XXe si\u00e8cle, Paris a subi des bombardements pendant la Premi\u00e8re Guerre mondiale et l&#8217;occupation allemande de 1940 \u00e0 1944 pendant la Seconde Guerre mondiale. Entre les deux guerres, Paris \u00e9tait la capitale de l&#8217;art moderne et un p\u00f4le d&#8217;attraction pour les intellectuels, \u00e9crivains et artistes du monde entier. La population a atteint son sommet historique de 2,1 millions en 1921, mais a diminu\u00e9 pendant le reste du si\u00e8cle. De nouveaux mus\u00e9es (Centre Pompidou, Mus\u00e9e Marmottan Monet et Mus\u00e9e d&#8217;Orsay) voient le jour, et le Louvre se dote de sa pyramide de verre.<\/p>\n<p>Au 21e si\u00e8cle, Paris a ajout\u00e9 de nouveaux mus\u00e9es et une nouvelle salle de concert, mais en 2005, elle a \u00e9galement connu des troubles violents dans les projets de logement dans les banlieues environnantes (banlieues), habit\u00e9es en grande partie par des immigrants de premi\u00e8re et deuxi\u00e8me g\u00e9n\u00e9ration des anciennes colonies fran\u00e7aises du Maghreb. et l&#8217;Afrique sub-saharienne. En 2015, la ville et la nation ont \u00e9t\u00e9 choqu\u00e9es par deux attentats terroristes meurtriers perp\u00e9tr\u00e9s par des extr\u00e9mistes islamiques. La population de la ville a diminu\u00e9 r\u00e9guli\u00e8rement de 1921 \u00e0 2004, en raison d&#8217;une diminution de la taille des familles et d&#8217;un exode de la classe moyenne vers les banlieues ; mais il augmente \u00e0 nouveau lentement, \u00e0 mesure que les jeunes et les immigrants s&#8217;installent dans la ville.<\/p>\n","protected":false},"excerpt":{"rendered":"<p>Les plus anciennes traces d&#8217;occupation humaine \u00e0 Paris, d\u00e9couvertes en 2008 pr\u00e8s de la rue Henri-Farman dans le 15e arrondissement, sont des ossements<\/p>\n","protected":false},"author":1,"featured_media":16192,"template":"","categoria_ficha":[1787],"class_list":["post-16191","ficha","type-ficha","status-publish","has-post-thumbnail","hentry","categoria_ficha-cartes-de-paris"],"acf":[],"_links":{"self":[{"href":"https:\/\/gifex.com\/fr\/wp-json\/wp\/v2\/ficha\/16191","targetHints":{"allow":["GET"]}}],"collection":[{"href":"https:\/\/gifex.com\/fr\/wp-json\/wp\/v2\/ficha"}],"about":[{"href":"https:\/\/gifex.com\/fr\/wp-json\/wp\/v2\/types\/ficha"}],"author":[{"embeddable":true,"href":"https:\/\/gifex.com\/fr\/wp-json\/wp\/v2\/users\/1"}],"version-history":[{"count":8,"href":"https:\/\/gifex.com\/fr\/wp-json\/wp\/v2\/ficha\/16191\/revisions"}],"predecessor-version":[{"id":22447,"href":"https:\/\/gifex.com\/fr\/wp-json\/wp\/v2\/ficha\/16191\/revisions\/22447"}],"wp:featuredmedia":[{"embeddable":true,"href":"https:\/\/gifex.com\/fr\/wp-json\/wp\/v2\/media\/16192"}],"wp:attachment":[{"href":"https:\/\/gifex.com\/fr\/wp-json\/wp\/v2\/media?parent=16191"}],"wp:term":[{"taxonomy":"categoria_ficha","embeddable":true,"href":"https:\/\/gifex.com\/fr\/wp-json\/wp\/v2\/categoria_ficha?post=16191"}],"curies":[{"name":"wp","href":"https:\/\/api.w.org\/{rel}","templated":true}]}}

Plan des limites de Paris du IVe siècle à 2015

<p style="text-align: center;"><label style="font-size: 15px;">Plan des limites de Paris du IVe siècle à 2015.</label></p>
<p><img fetchpriority="high" decoding="async" class="alignleft wp-image-16194 size-full" src="https://gifex.com/fr/wp-content/uploads/16191/Plan-des-limites-de-Paris-du-IVe-siecle-a-2015-1.png" alt="" width="360" height="308" srcset="https://gifex.com/fr/wp-content/uploads/16191/Plan-des-limites-de-Paris-du-IVe-siecle-a-2015-1.png 360w, https://gifex.com/fr/wp-content/uploads/16191/Plan-des-limites-de-Paris-du-IVe-siecle-a-2015-1-300x257.png 300w" sizes="(max-width: 360px) 100vw, 360px" />Les plus anciennes traces d&#8217;occupation humaine à Paris, découvertes en 2008 près de la rue Henri-Farman dans le 15e arrondissement, sont des ossements humains et des preuves d&#8217;un campement de chasseurs-cueilleurs datant d&#8217;environ 8000 avant JC, durant la période mésolithique. Entre 250 et 225 av. J.-C., les Parisii, une sous-tribu des Senones celtiques, s&#8217;installèrent sur les rives de la Seine, construisirent des ponts et un fort, frappèrent des pièces de monnaie et commencèrent à commercer avec d&#8217;autres établissements fluviaux d&#8217;Europe.</p>
<p>En 52 av. J.-C., une armée romaine dirigée par Titus Labienus vainquit les Parisii et établit une ville de garnison gallo-romaine appelée Lutetia. La ville fut christianisée au IIIe siècle après J.-C., et après l&#8217;effondrement de l&#8217;Empire romain, elle fut occupée par Clovis Ier, le roi des Francs, qui en fit sa capitale en 508.</p>
<figure id="attachment_16196" aria-describedby="caption-attachment-16196" style="width: 360px" class="wp-caption alignright"><a href="https://gifex.com/fr/wp-content/uploads/16191/Carte-de-Lutece.png" target="_blank" rel="noopener"><img decoding="async" class="wp-image-16196" title="Carte de Lutèce." src="https://gifex.com/fr/wp-content/uploads/16191/Carte-de-Lutece-300x246.png" alt="Carte de Lutèce." width="360" height="295" srcset="https://gifex.com/fr/wp-content/uploads/16191/Carte-de-Lutece-300x246.png 300w, https://gifex.com/fr/wp-content/uploads/16191/Carte-de-Lutece-1024x839.png 1024w, https://gifex.com/fr/wp-content/uploads/16191/Carte-de-Lutece-768x630.png 768w, https://gifex.com/fr/wp-content/uploads/16191/Carte-de-Lutece-1536x1259.png 1536w, https://gifex.com/fr/wp-content/uploads/16191/Carte-de-Lutece-1600x1312.png 1600w, https://gifex.com/fr/wp-content/uploads/16191/Carte-de-Lutece.png 2020w" sizes="(max-width: 360px) 100vw, 360px" /></a><figcaption id="caption-attachment-16196" class="wp-caption-text"><label style="font-size: 15px;">Carte de Lutèce. Rome a perdu le contrôle de la ville au profit des peuples germaniques et le roi franc Clovis Ier s&#8217;y est installé en 508.</label></figcaption></figure>
<p>Au Moyen Âge, Paris était la plus grande ville d&#8217;Europe, un important centre religieux et commercial et le berceau de l&#8217;architecture gothique. L&#8217;Université de Paris sur la rive gauche, organisée au milieu du XIIIe siècle, fut l&#8217;une des premières en Europe. Elle souffrit de la peste bubonique au XIVe siècle et de la guerre de Cent Ans au XVe siècle, avec récidive de la peste. Entre 1418 et 1436, la ville est occupée par les Bourguignons et les Anglais. Entre 1418 et 1436, la ville est occupée par les Bourguignons et les Anglais. Au XVIe siècle, Paris devient la capitale européenne de l&#8217;édition du livre, bien qu&#8217;elle soit secouée par les guerres de religion françaises entre catholiques et protestants. Au XVIIIe siècle, Paris est le centre de l&#8217;effervescence intellectuelle des Lumières et la scène principale de la Révolution française à partir de 1789, dont on se souvient chaque année le 14 juillet avec un défilé militaire.</p>
<p>Au XIXe siècle, Napoléon embellit la ville de monuments à la gloire militaire. Elle devint la capitale européenne de la mode et le théâtre de deux autres révolutions (en 1830 et 1848). Sous Napoléon III et son préfet de la Seine, Georges-Eugène Haussmann, le centre de Paris a été reconstruit entre 1852 et 1870 avec de nouvelles larges avenues, des places et de nouveaux parcs, et la ville a été étendue à ses limites actuelles en 1860. Dans la dernière partie du siècle, des millions de touristes sont venus voir les Expositions Internationales de Paris et la nouvelle Tour Eiffel.</p>
<figure id="attachment_16201" aria-describedby="caption-attachment-16201" style="width: 360px" class="wp-caption alignright"><a href="https://gifex.com/fr/wp-content/uploads/16191/Plan-de-Paris-en-1380.png" target="_blank" rel="noopener"><img decoding="async" class="wp-image-16201" title="Plan de Paris en 1380." src="https://gifex.com/fr/wp-content/uploads/16191/Plan-de-Paris-en-1380-281x300.png" alt="Plan de Paris en 1380." width="360" height="385" srcset="https://gifex.com/fr/wp-content/uploads/16191/Plan-de-Paris-en-1380-281x300.png 281w, https://gifex.com/fr/wp-content/uploads/16191/Plan-de-Paris-en-1380-957x1024.png 957w, https://gifex.com/fr/wp-content/uploads/16191/Plan-de-Paris-en-1380-768x821.png 768w, https://gifex.com/fr/wp-content/uploads/16191/Plan-de-Paris-en-1380-1436x1536.png 1436w, https://gifex.com/fr/wp-content/uploads/16191/Plan-de-Paris-en-1380-1915x2048.png 1915w, https://gifex.com/fr/wp-content/uploads/16191/Plan-de-Paris-en-1380-300x321.png 300w, https://gifex.com/fr/wp-content/uploads/16191/Plan-de-Paris-en-1380-1496x1600.png 1496w" sizes="(max-width: 360px) 100vw, 360px" /></a><figcaption id="caption-attachment-16201" class="wp-caption-text"><label style="font-size: 15px;">Plan de Paris en 1380 d’après Leuridan J., Mallet J.-A, Plan restitué de Paris en 1380, Paris, CNRS Editions, 1991, 1999.</label></figcaption></figure>
<p>Au XXe siècle, Paris a subi des bombardements pendant la Première Guerre mondiale et l&#8217;occupation allemande de 1940 à 1944 pendant la Seconde Guerre mondiale. Entre les deux guerres, Paris était la capitale de l&#8217;art moderne et un pôle d&#8217;attraction pour les intellectuels, écrivains et artistes du monde entier. La population a atteint son sommet historique de 2,1 millions en 1921, mais a diminué pendant le reste du siècle. De nouveaux musées (Centre Pompidou, Musée Marmottan Monet et Musée d&#8217;Orsay) voient le jour, et le Louvre se dote de sa pyramide de verre.</p>
<p>Au 21e siècle, Paris a ajouté de nouveaux musées et une nouvelle salle de concert, mais en 2005, elle a également connu des troubles violents dans les projets de logement dans les banlieues environnantes (banlieues), habitées en grande partie par des immigrants de première et deuxième génération des anciennes colonies françaises du Maghreb. et l&#8217;Afrique sub-saharienne. En 2015, la ville et la nation ont été choquées par deux attentats terroristes meurtriers perpétrés par des extrémistes islamiques. La population de la ville a diminué régulièrement de 1921 à 2004, en raison d&#8217;une diminution de la taille des familles et d&#8217;un exode de la classe moyenne vers les banlieues ; mais il augmente à nouveau lentement, à mesure que les jeunes et les immigrants s&#8217;installent dans la ville.</p>

<p>Les plus anciennes traces d&#8217;occupation humaine à Paris, découvertes en 2008 près de la rue Henri-Farman dans le 15e arrondissement, sont des ossements</p>
