{"id":16126,"date":"2022-06-14T19:43:34","date_gmt":"2022-06-14T19:43:34","guid":{"rendered":"https:\/\/gifex.com\/fr\/?post_type=ficha&#038;p=16126"},"modified":"2022-11-29T14:52:56","modified_gmt":"2022-11-29T14:52:56","slug":"images-satellites-de-paris","status":"publish","type":"ficha","link":"https:\/\/gifex.com\/fr\/fichier\/images-satellites-de-paris\/","title":{"rendered":"Images satellites de Paris"},"content":{"rendered":"<p style=\"text-align: center;\"><label style=\"font-size: 15px;\">Paris et environs, image satellite LandSat-5, bandes fausses couleurs 7, 5, 3, r\u00e9solution spatiale 30 m, date d&#8217;acquisition 2006-07-16.<\/label><\/p>\n<figure id=\"attachment_16131\" aria-describedby=\"caption-attachment-16131\" style=\"width: 390px\" class=\"wp-caption alignleft\"><a href=\"https:\/\/gifex.com\/fr\/wp-content\/uploads\/16126\/Paris-et-sa-banlieue-vus-depuis-le-Spot-Satellite.jpg\" target=\"_blank\" rel=\"noopener\"><img fetchpriority=\"high\" decoding=\"async\" class=\"wp-image-16131\" title=\"Paris et sa banlieue, vus depuis le Spot Satellite.\" src=\"https:\/\/gifex.com\/fr\/wp-content\/uploads\/16126\/Paris-et-sa-banlieue-vus-depuis-le-Spot-Satellite-300x300.jpg\" alt=\"Paris et sa banlieue, vus depuis le Spot Satellite.\" width=\"390\" height=\"390\" srcset=\"https:\/\/gifex.com\/fr\/wp-content\/uploads\/16126\/Paris-et-sa-banlieue-vus-depuis-le-Spot-Satellite-300x300.jpg 300w, https:\/\/gifex.com\/fr\/wp-content\/uploads\/16126\/Paris-et-sa-banlieue-vus-depuis-le-Spot-Satellite-1024x1024.jpg 1024w, https:\/\/gifex.com\/fr\/wp-content\/uploads\/16126\/Paris-et-sa-banlieue-vus-depuis-le-Spot-Satellite-150x150.jpg 150w, https:\/\/gifex.com\/fr\/wp-content\/uploads\/16126\/Paris-et-sa-banlieue-vus-depuis-le-Spot-Satellite-768x768.jpg 768w, https:\/\/gifex.com\/fr\/wp-content\/uploads\/16126\/Paris-et-sa-banlieue-vus-depuis-le-Spot-Satellite-1536x1536.jpg 1536w, https:\/\/gifex.com\/fr\/wp-content\/uploads\/16126\/Paris-et-sa-banlieue-vus-depuis-le-Spot-Satellite-2048x2048.jpg 2048w, https:\/\/gifex.com\/fr\/wp-content\/uploads\/16126\/Paris-et-sa-banlieue-vus-depuis-le-Spot-Satellite-1600x1600.jpg 1600w\" sizes=\"(max-width: 390px) 100vw, 390px\" \/><\/a><figcaption id=\"caption-attachment-16131\" class=\"wp-caption-text\"><label style=\"font-size: 15px;\">Paris et sa banlieue, vus depuis le Spot Satellite.<\/label><\/figcaption><\/figure>\n<figure id=\"attachment_16132\" aria-describedby=\"caption-attachment-16132\" style=\"width: 390px\" class=\"wp-caption alignright\"><a href=\"https:\/\/gifex.com\/fr\/wp-content\/uploads\/16126\/Photo-satellite-de-Paris-et-sa-banlieue.jpg\" target=\"_blank\" rel=\"noopener\"><img decoding=\"async\" class=\"wp-image-16132\" title=\"Photo satellite de Paris et sa banlieue.\" src=\"https:\/\/gifex.com\/fr\/wp-content\/uploads\/16126\/Photo-satellite-de-Paris-et-sa-banlieue-300x252.jpg\" alt=\"Photo satellite de Paris et sa banlieue.\" width=\"390\" height=\"327\" srcset=\"https:\/\/gifex.com\/fr\/wp-content\/uploads\/16126\/Photo-satellite-de-Paris-et-sa-banlieue-300x252.jpg 300w, https:\/\/gifex.com\/fr\/wp-content\/uploads\/16126\/Photo-satellite-de-Paris-et-sa-banlieue-1024x859.jpg 1024w, https:\/\/gifex.com\/fr\/wp-content\/uploads\/16126\/Photo-satellite-de-Paris-et-sa-banlieue-768x644.jpg 768w, https:\/\/gifex.com\/fr\/wp-content\/uploads\/16126\/Photo-satellite-de-Paris-et-sa-banlieue-1536x1288.jpg 1536w, https:\/\/gifex.com\/fr\/wp-content\/uploads\/16126\/Photo-satellite-de-Paris-et-sa-banlieue-2048x1718.jpg 2048w, https:\/\/gifex.com\/fr\/wp-content\/uploads\/16126\/Photo-satellite-de-Paris-et-sa-banlieue-1600x1342.jpg 1600w\" sizes=\"(max-width: 390px) 100vw, 390px\" \/><\/a><figcaption id=\"caption-attachment-16132\" class=\"wp-caption-text\"><label style=\"font-size: 15px;\">Photo satellite de Paris et sa banlieue, Capteur : MSI sur Sentinel-2B ; R\u00e9solution\u00a0: 10\u00a0m\u00a0; Composites RVB\u00a0: couleurs vraies, bande 4-3-2\u00a0; Date du 6 mai 2018.<\/label><\/figcaption><\/figure>\n<figure id=\"attachment_16133\" aria-describedby=\"caption-attachment-16133\" style=\"width: 390px\" class=\"wp-caption alignright\"><a href=\"https:\/\/gifex.com\/fr\/wp-content\/uploads\/16126\/Photo-satellite-de-Paris-par-Landsat.png\" target=\"_blank\" rel=\"noopener\"><img decoding=\"async\" class=\"wp-image-16133\" title=\"Photo satellite de Paris par Landsat.\" src=\"https:\/\/gifex.com\/fr\/wp-content\/uploads\/16126\/Photo-satellite-de-Paris-par-Landsat-300x200.png\" alt=\"Photo satellite de Paris par Landsat.\" width=\"390\" height=\"260\" srcset=\"https:\/\/gifex.com\/fr\/wp-content\/uploads\/16126\/Photo-satellite-de-Paris-par-Landsat-300x200.png 300w, https:\/\/gifex.com\/fr\/wp-content\/uploads\/16126\/Photo-satellite-de-Paris-par-Landsat-768x512.png 768w, https:\/\/gifex.com\/fr\/wp-content\/uploads\/16126\/Photo-satellite-de-Paris-par-Landsat.png 901w\" sizes=\"(max-width: 390px) 100vw, 390px\" \/><\/a><figcaption id=\"caption-attachment-16133\" class=\"wp-caption-text\"><label style=\"font-size: 15px;\">Photo satellite de Paris par Landsat. Cette image a \u00e9t\u00e9 g\u00e9n\u00e9r\u00e9e par l&#8217;application NGA Raster Roam, aux coordonn\u00e9es 48\u00b051&#8217;39&#8243;N 2\u00b020&#8217;43&#8243;E.<\/label><\/figcaption><\/figure>\n<figure id=\"attachment_16060\" aria-describedby=\"caption-attachment-16060\" style=\"width: 390px\" class=\"wp-caption alignleft\"><a href=\"https:\/\/gifex.com\/fr\/wp-content\/uploads\/16054\/L-Ouest-parisien-en-2016-photographie-par-un-satellite-SkySat.jpg\" target=\"_blank\" rel=\"noopener\"><img loading=\"lazy\" decoding=\"async\" class=\"wp-image-16060\" title=\"La banlieue chic de l\u2019Ouest parisien en 2016, photographi\u00e9 par un satellite SkySat le 24 septembre 2016.\" src=\"https:\/\/gifex.com\/fr\/wp-content\/uploads\/16054\/L-Ouest-parisien-en-2016-photographie-par-un-satellite-SkySat-300x131.jpg\" alt=\"L'Ouest parisien en 2016, photographi\u00e9 par un satellite SkySat le 24 septembre 2016.\" width=\"390\" height=\"171\" srcset=\"https:\/\/gifex.com\/fr\/wp-content\/uploads\/16054\/L-Ouest-parisien-en-2016-photographie-par-un-satellite-SkySat-300x131.jpg 300w, https:\/\/gifex.com\/fr\/wp-content\/uploads\/16054\/L-Ouest-parisien-en-2016-photographie-par-un-satellite-SkySat-1024x448.jpg 1024w, https:\/\/gifex.com\/fr\/wp-content\/uploads\/16054\/L-Ouest-parisien-en-2016-photographie-par-un-satellite-SkySat-768x336.jpg 768w, https:\/\/gifex.com\/fr\/wp-content\/uploads\/16054\/L-Ouest-parisien-en-2016-photographie-par-un-satellite-SkySat-1536x672.jpg 1536w, https:\/\/gifex.com\/fr\/wp-content\/uploads\/16054\/L-Ouest-parisien-en-2016-photographie-par-un-satellite-SkySat-2048x896.jpg 2048w, https:\/\/gifex.com\/fr\/wp-content\/uploads\/16054\/L-Ouest-parisien-en-2016-photographie-par-un-satellite-SkySat-1600x700.jpg 1600w\" sizes=\"(max-width: 390px) 100vw, 390px\" \/><\/a><figcaption id=\"caption-attachment-16060\" class=\"wp-caption-text\"><label style=\"font-size: 15px;\">Les m\u00e9nages ais\u00e9s vivent essentiellement dans l&#8217;Ouest et au Sud-Ouest de la ville, la banlieue chic de l&#8217;ouest parisien en 2016, photographi\u00e9 par un satellite SkySat le 24 septembre 2016. \u00a9Planet Labs, Inc. CC BY 4.0.<\/label><\/figcaption><\/figure>\n","protected":false},"excerpt":{"rendered":"<p>Paris et environs, image satellite LandSat-5, bandes fausses couleurs 7, 5, 3, r\u00e9solution spatiale 30 m, date d&#8217;acquisition 2006-07-16.<\/p>\n","protected":false},"author":1,"featured_media":16127,"template":"","categoria_ficha":[1787],"class_list":["post-16126","ficha","type-ficha","status-publish","has-post-thumbnail","hentry","categoria_ficha-cartes-de-paris"],"acf":[],"_links":{"self":[{"href":"https:\/\/gifex.com\/fr\/wp-json\/wp\/v2\/ficha\/16126","targetHints":{"allow":["GET"]}}],"collection":[{"href":"https:\/\/gifex.com\/fr\/wp-json\/wp\/v2\/ficha"}],"about":[{"href":"https:\/\/gifex.com\/fr\/wp-json\/wp\/v2\/types\/ficha"}],"author":[{"embeddable":true,"href":"https:\/\/gifex.com\/fr\/wp-json\/wp\/v2\/users\/1"}],"version-history":[{"count":7,"href":"https:\/\/gifex.com\/fr\/wp-json\/wp\/v2\/ficha\/16126\/revisions"}],"predecessor-version":[{"id":26500,"href":"https:\/\/gifex.com\/fr\/wp-json\/wp\/v2\/ficha\/16126\/revisions\/26500"}],"wp:featuredmedia":[{"embeddable":true,"href":"https:\/\/gifex.com\/fr\/wp-json\/wp\/v2\/media\/16127"}],"wp:attachment":[{"href":"https:\/\/gifex.com\/fr\/wp-json\/wp\/v2\/media?parent=16126"}],"wp:term":[{"taxonomy":"categoria_ficha","embeddable":true,"href":"https:\/\/gifex.com\/fr\/wp-json\/wp\/v2\/categoria_ficha?post=16126"}],"curies":[{"name":"wp","href":"https:\/\/api.w.org\/{rel}","templated":true}]}}

<p style="text-align: center;"><label style="font-size: 15px;">Paris et environs, image satellite LandSat-5, bandes fausses couleurs 7, 5, 3, résolution spatiale 30 m, date d&#8217;acquisition 2006-07-16.</label></p>
<figure id="attachment_16131" aria-describedby="caption-attachment-16131" style="width: 390px" class="wp-caption alignleft"><a href="https://gifex.com/fr/wp-content/uploads/16126/Paris-et-sa-banlieue-vus-depuis-le-Spot-Satellite.jpg" target="_blank" rel="noopener"><img fetchpriority="high" decoding="async" class="wp-image-16131" title="Paris et sa banlieue, vus depuis le Spot Satellite." src="https://gifex.com/fr/wp-content/uploads/16126/Paris-et-sa-banlieue-vus-depuis-le-Spot-Satellite-300x300.jpg" alt="Paris et sa banlieue, vus depuis le Spot Satellite." width="390" height="390" srcset="https://gifex.com/fr/wp-content/uploads/16126/Paris-et-sa-banlieue-vus-depuis-le-Spot-Satellite-300x300.jpg 300w, https://gifex.com/fr/wp-content/uploads/16126/Paris-et-sa-banlieue-vus-depuis-le-Spot-Satellite-1024x1024.jpg 1024w, https://gifex.com/fr/wp-content/uploads/16126/Paris-et-sa-banlieue-vus-depuis-le-Spot-Satellite-150x150.jpg 150w, https://gifex.com/fr/wp-content/uploads/16126/Paris-et-sa-banlieue-vus-depuis-le-Spot-Satellite-768x768.jpg 768w, https://gifex.com/fr/wp-content/uploads/16126/Paris-et-sa-banlieue-vus-depuis-le-Spot-Satellite-1536x1536.jpg 1536w, https://gifex.com/fr/wp-content/uploads/16126/Paris-et-sa-banlieue-vus-depuis-le-Spot-Satellite-2048x2048.jpg 2048w, https://gifex.com/fr/wp-content/uploads/16126/Paris-et-sa-banlieue-vus-depuis-le-Spot-Satellite-1600x1600.jpg 1600w" sizes="(max-width: 390px) 100vw, 390px" /></a><figcaption id="caption-attachment-16131" class="wp-caption-text"><label style="font-size: 15px;">Paris et sa banlieue, vus depuis le Spot Satellite.</label></figcaption></figure>
<figure id="attachment_16132" aria-describedby="caption-attachment-16132" style="width: 390px" class="wp-caption alignright"><a href="https://gifex.com/fr/wp-content/uploads/16126/Photo-satellite-de-Paris-et-sa-banlieue.jpg" target="_blank" rel="noopener"><img decoding="async" class="wp-image-16132" title="Photo satellite de Paris et sa banlieue." src="https://gifex.com/fr/wp-content/uploads/16126/Photo-satellite-de-Paris-et-sa-banlieue-300x252.jpg" alt="Photo satellite de Paris et sa banlieue." width="390" height="327" srcset="https://gifex.com/fr/wp-content/uploads/16126/Photo-satellite-de-Paris-et-sa-banlieue-300x252.jpg 300w, https://gifex.com/fr/wp-content/uploads/16126/Photo-satellite-de-Paris-et-sa-banlieue-1024x859.jpg 1024w, https://gifex.com/fr/wp-content/uploads/16126/Photo-satellite-de-Paris-et-sa-banlieue-768x644.jpg 768w, https://gifex.com/fr/wp-content/uploads/16126/Photo-satellite-de-Paris-et-sa-banlieue-1536x1288.jpg 1536w, https://gifex.com/fr/wp-content/uploads/16126/Photo-satellite-de-Paris-et-sa-banlieue-2048x1718.jpg 2048w, https://gifex.com/fr/wp-content/uploads/16126/Photo-satellite-de-Paris-et-sa-banlieue-1600x1342.jpg 1600w" sizes="(max-width: 390px) 100vw, 390px" /></a><figcaption id="caption-attachment-16132" class="wp-caption-text"><label style="font-size: 15px;">Photo satellite de Paris et sa banlieue, Capteur : MSI sur Sentinel-2B ; Résolution : 10 m ; Composites RVB : couleurs vraies, bande 4-3-2 ; Date du 6 mai 2018.</label></figcaption></figure>
<figure id="attachment_16133" aria-describedby="caption-attachment-16133" style="width: 390px" class="wp-caption alignright"><a href="https://gifex.com/fr/wp-content/uploads/16126/Photo-satellite-de-Paris-par-Landsat.png" target="_blank" rel="noopener"><img decoding="async" class="wp-image-16133" title="Photo satellite de Paris par Landsat." src="https://gifex.com/fr/wp-content/uploads/16126/Photo-satellite-de-Paris-par-Landsat-300x200.png" alt="Photo satellite de Paris par Landsat." width="390" height="260" srcset="https://gifex.com/fr/wp-content/uploads/16126/Photo-satellite-de-Paris-par-Landsat-300x200.png 300w, https://gifex.com/fr/wp-content/uploads/16126/Photo-satellite-de-Paris-par-Landsat-768x512.png 768w, https://gifex.com/fr/wp-content/uploads/16126/Photo-satellite-de-Paris-par-Landsat.png 901w" sizes="(max-width: 390px) 100vw, 390px" /></a><figcaption id="caption-attachment-16133" class="wp-caption-text"><label style="font-size: 15px;">Photo satellite de Paris par Landsat. Cette image a été générée par l&#8217;application NGA Raster Roam, aux coordonnées 48°51&#8217;39&#8243;N 2°20&#8217;43&#8243;E.</label></figcaption></figure>
<figure id="attachment_16060" aria-describedby="caption-attachment-16060" style="width: 390px" class="wp-caption alignleft"><a href="https://gifex.com/fr/wp-content/uploads/16054/L-Ouest-parisien-en-2016-photographie-par-un-satellite-SkySat.jpg" target="_blank" rel="noopener"><img loading="lazy" decoding="async" class="wp-image-16060" title="La banlieue chic de l’Ouest parisien en 2016, photographié par un satellite SkySat le 24 septembre 2016." src="https://gifex.com/fr/wp-content/uploads/16054/L-Ouest-parisien-en-2016-photographie-par-un-satellite-SkySat-300x131.jpg" alt="L'Ouest parisien en 2016, photographié par un satellite SkySat le 24 septembre 2016." width="390" height="171" srcset="https://gifex.com/fr/wp-content/uploads/16054/L-Ouest-parisien-en-2016-photographie-par-un-satellite-SkySat-300x131.jpg 300w, https://gifex.com/fr/wp-content/uploads/16054/L-Ouest-parisien-en-2016-photographie-par-un-satellite-SkySat-1024x448.jpg 1024w, https://gifex.com/fr/wp-content/uploads/16054/L-Ouest-parisien-en-2016-photographie-par-un-satellite-SkySat-768x336.jpg 768w, https://gifex.com/fr/wp-content/uploads/16054/L-Ouest-parisien-en-2016-photographie-par-un-satellite-SkySat-1536x672.jpg 1536w, https://gifex.com/fr/wp-content/uploads/16054/L-Ouest-parisien-en-2016-photographie-par-un-satellite-SkySat-2048x896.jpg 2048w, https://gifex.com/fr/wp-content/uploads/16054/L-Ouest-parisien-en-2016-photographie-par-un-satellite-SkySat-1600x700.jpg 1600w" sizes="(max-width: 390px) 100vw, 390px" /></a><figcaption id="caption-attachment-16060" class="wp-caption-text"><label style="font-size: 15px;">Les ménages aisés vivent essentiellement dans l&#8217;Ouest et au Sud-Ouest de la ville, la banlieue chic de l&#8217;ouest parisien en 2016, photographié par un satellite SkySat le 24 septembre 2016. ©Planet Labs, Inc. CC BY 4.0.</label></figcaption></figure>

<p>Paris et environs, image satellite LandSat-5, bandes fausses couleurs 7, 5, 3, résolution spatiale 30 m, date d&#8217;acquisition 2006-07-16.</p>
